{"text_format":"1","workbook":"xlsx","n_sheets":5,"sheets":["業務スケジュール管理表（ver.2.0.0）","業務遂行管理リスト","休日設定","(編集不可)教師データ","List"],"not_rendered":{"charts":0,"images":5,"macros":1,"external_links":0,"defined_names":10,"comments":2,"pivot_tables":0},"unopened":[],"bounds":{"document_bytes":16777216,"sheet_cells":100000,"rows_first":2000,"rows_last":500,"rows_between":2000,"halvings":0,"cell_chars":16384,"cell_head_chars":4096},"cells_cut":0,"cells_raw":0,"read":"whole","date_system":"1900"}

{"sheet":"業務スケジュール管理表（ver.2.0.0）","index":0,"n_rows":477,"n_cols":160,"rows_kept":477,"cut":false,"hidden":false,"merged":[[456,144,460,144],[456,125,460,125],[456,126,460,126],[456,127,460,127],[456,145,460,145],[456,146,460,146],[456,147,460,147],[456,148,460,148],[456,149,460,149],[456,150,460,150],[456,151,460,151],[456,152,460,152],[456,153,460,153],[456,154,460,154],[456,155,460,155],[456,156,460,158],[456,159,460,161],[456,128,460,128],[456,129,460,129],[456,130,460,130],[456,131,460,131],[456,132,460,132],[456,133,460,133],[456,134,460,134],[456,135,460,135],[456,136,460,136],[456,137,460,137],[456,138,460,138],[456,139,460,139],[456,140,460,140],[456,141,460,141],[456,142,460,142],[456,143,460,143],[456,108,460,108],[456,109,460,109],[456,110,460,110],[456,111,460,111],[456,112,460,112],[456,113,460,113],[456,114,460,114],[456,115,460,115],[456,116,460,116],[456,117,460,117],[456,118,460,118],[456,119,460,119],[456,120,460,120],[456,121,460,121],[456,122,460,122],[456,123,460,123],[456,124,460,124],[456,89,460,89],[456,90,460,90],[456,91,460,91],[456,92,460,92],[456,93,460,93],[456,94,460,94],[456,95,460,95],[456,96,460,96],[456,97,460,97],[456,98,460,98],[456,99,460,99],[456,100,460,100],[456,101,460,101],[456,102,460,102],[456,103,460,103],[456,104,460,104],[456,105,460,105],[456,72,460,72],[456,73,460,73],[456,74,460,74],[456,75,460,75],[456,76,460,76],[456,77,460,77],[456,78,460,78],[456,79,460,79],[456,80,460,80],[456,81,460,81],[456,82,460,82],[456,83,460,83],[456,84,460,84],[456,85,460,85],[456,86,460,86],[456,87,460,87],[456,88,460,88],[456,55,460,55],[456,56,460,56],[456,57,460,57],[456,58,460,58],[456,59,460,59],[456,60,460,60],[456,61,460,61],[456,62,460,62],[456,63,460,63],[456,64,460,64],[456,65,460,65],[456,66,460,66],[456,67,460,67],[456,68,460,68],[456,69,460,69],[456,70,460,70],[456,71,460,71],[456,38,460,38],[456,39,460,39],[456,40,460,40],[456,41,460,41],[456,42,460,42],[456,43,460,43],[456,44,460,44],[456,45,460,45],[456,46,460,46],[456,47,460,47],[456,48,460,48],[456,49,460,49],[456,50,460,50],[456,51,460,51],[456,52,460,52],[456,53,460,53],[456,54,460,54],[451,142,455,142],[451,143,455,143],[451,144,455,144],[451,148,455,148],[451,149,455,149],[451,150,455,150],[451,151,455,151],[451,152,455,152],[451,153,455,153],[451,154,455,154],[451,155,455,155],[451,156,455,158],[451,159,455,161],[456,19,460,19],[456,20,460,20],[456,21,460,21],[456,22,460,22],[456,23,460,23],[456,24,460,24],[456,25,460,25],[456,26,460,26],[456,27,460,27],[456,28,460,28],[456,29,460,29],[456,30,460,30],[456,31,460,31],[456,32,460,32],[456,33,460,33],[456,34,460,34],[456,35,460,35],[456,36,460,36],[456,37,460,37],[451,125,455,125],[451,126,455,126],[451,127,455,127],[451,128,455,128],[451,129,455,129],[451,130,455,130],[451,131,455,131],[451,132,455,132],[451,133,455,133],[451,134,455,134],[451,135,455,135],[451,136,455,136],[451,137,455,137],[451,138,455,138],[451,139,455,139],[451,140,455,140],[451,141,455,141],[451,108,455,108],[451,109,455,109],[451,110,455,110],[451,111,455,111],[451,112,455,112],[451,113,455,113],[451,114,455,114],[451,115,455,115],[451,116,455,116],[451,117,455,117],[451,118,455,118],[451,119,455,119],[451,120,455,120],[451,121,455,121],[451,122,455,122],[451,123,455,123],[451,124,455,124],[451,85,455,85],[451,86,455,86],[451,87,455,87],[451,88,455,88],[451,89,455,89],[451,90,455,90],[451,91,455,91],[451,92,455,92],[451,93,455,93],[451,94,455,94],[451,95,455,95],[451,96,455,96],[451,97,455,97],[451,98,455,98],[451,99,455,99],[451,100,455,100],[451,101,455,101],[451,68,455,68],[451,69,455,69],[451,70,455,70],[451,71,455,71],[451,72,455,72],[451,73,455,73],[451,74,455,74],[451,75,455,75],[451,76,455,76],[451,77,455,77],[451,78,455,78],[451,79,455,79],[451,80,455,80],[451,81,455,81],[451,82,455,82],[451,83,455,83],[451,84,455,84],[451,51,455,51],[451,52,455,52],[451,53,455,53],[451,54,455,54],[451,55,455,55],[451,56,455,56],[451,57,455,57],[451,58,455,58],[451,59,455,59],[451,60,455,60],[451,61,455,61],[451,62,455,62],[451,63,455,63],[451,64,455,64],[451,65,455,65],[451,66,455,66],[451,67,455,67],[451,34,455,34],[451,35,455,35],[451,36,455,36],[451,37,455,37],[451,38,455,38],[451,39,455,39],[451,40,455,40],[451,41,455,41],[451,42,455,42],[451,43,455,43],[451,44,455,44],[451,45,455,45],[451,46,455,46],[451,47,455,47],[451,48,455,48],[451,49,455,49],[451,50,455,50],[456,17,460,17],[456,18,460,18],[451,19,455,19],[451,20,455,20],[451,21,455,21],[451,22,455,22],[451,23,455,23],[451,24,455,24],[451,25,455,25],[451,26,455,26],[451,27,455,27],[451,28,455,28],[451,29,455,29],[451,30,455,30],[451,31,455,31],[451,32,455,32],[451,33,455,33],[466,153,470,153],[466,154,470,154],[466,155,470,155],[466,156,470,158],[466,159,470,161],[451,0,460,0],[451,2,460,3],[451,4,455,4],[451,5,455,5],[451,6,455,6],[451,7,455,7],[451,8,455,8],[451,9,455,9],[451,10,455,10],[451,11,455,11],[451,12,455,12],[451,13,455,13],[451,14,455,14],[451,15,455,15],[451,16,455,16],[451,17,455,17],[451,18,455,18],[456,4,460,4],[456,5,460,5],[456,6,460,6],[456,7,460,7],[456,8,460,8],[456,12,460,12],[456,13,460,13],[456,14,460,14],[456,15,460,15],[456,16,460,16],[466,136,470,136],[466,137,470,137],[466,138,470,138],[466,139,470,139],[466,140,470,140],[466,141,470,141],[466,142,470,142],[466,143,470,143],[466,144,470,144],[466,145,470,145],[466,146,470,146],[466,147,470,147],[466,148,470,148],[466,149,470,149],[466,150,470,150],[466,151,470,151],[466,152,470,152],[466,119,470,119],[466,120,470,120],[466,121,470,121],[466,122,470,122],[466,123,470,123],[466,124,470,124],[466,125,470,125],[466,126,470,126],[466,127,470,127],[466,128,470,128],[466,129,470,129],[466,130,470,130],[466,131,470,131],[466,132,470,132],[466,133,470,133],[466,134,470,134],[466,135,470,135],[466,102,470,102],[466,103,470,103],[466,104,470,104],[466,105,470,105],[466,106,470,106],[466,107,470,107],[466,108,470,108],[466,109,470,109],[466,110,470,110],[466,111,470,111],[466,112,470,112],[466,113,470,113],[466,114,470,114],[466,115,470,115],[466,116,470,116],[466,117,470,117],[466,118,470,118],[466,73,470,73],[466,74,470,74],[466,75,470,75],[466,76,470,76],[466,77,470,77],[466,78,470,78],[466,79,470,79],[466,80,470,80],[466,81,470,81],[466,82,470,82],[466,83,470,83],[466,84,470,84],[466,85,470,85],[466,86,470,86],[466,87,470,87],[466,100,470,100],[466,101,470,101],[466,56,470,56],[466,57,470,57],[466,58,470,58],[466,59,470,59],[466,60,470,60],[466,61,470,61],[466,62,470,62],[466,63,470,63],[466,64,470,64],[466,65,470,65],[466,66,470,66],[466,67,470,67],[466,68,470,68],[466,69,470,69],[466,70,470,70],[466,71,470,71],[466,72,470,72],[466,39,470,39],[466,40,470,40],[466,41,470,41],[466,42,470,42],[466,43,470,43],[466,44,470,44],[466,45,470,45],[466,46,470,46],[466,47,470,47],[466,48,470,48],[466,49,470,49],[466,50,470,50],[466,51,470,51],[466,52,470,52],[466,53,470,53],[466,54,470,54],[466,55,470,55],[466,22,470,22],[466,23,470,23],[466,24,470,24],[466,25,470,25],[466,26,470,26],[466,27,470,27],[466,28,470,28],[466,29,470,29],[466,30,470,30],[466,31,470,31],[466,32,470,32],[466,33,470,33],[466,34,470,34],[466,35,470,35],[466,36,470,36],[466,37,470,37],[466,38,470,38],[461,142,465,142],[461,143,465,143],[461,144,465,144],[461,145,465,145],[461,146,465,146],[461,147,465,147],[461,148,465,148],[461,149,465,149],[461,150,465,150],[461,153,465,153],[461,154,465,154],[461,155,465,155],[461,156,465,158],[461,159,465,161],[466,4,470,4],[466,5,470,5],[466,6,470,6],[466,7,470,7],[466,8,470,8],[466,9,470,9],[466,10,470,10],[466,11,470,11],[466,12,470,12],[466,13,470,13],[466,14,470,14],[466,15,470,15],[466,16,470,16],[466,17,470,17],[466,18,470,18],[466,19,470,19],[466,20,470,20],[466,21,470,21],[461,125,465,125],[461,126,465,126],[461,127,465,127],[461,128,465,128],[461,129,465,129],[461,130,465,130],[461,131,465,131],[461,132,465,132],[461,133,465,133],[461,134,465,134],[461,135,465,135],[461,136,465,136],[461,137,465,137],[461,138,465,138],[461,139,465,139],[461,140,465,140],[461,141,465,141],[461,108,465,108],[461,109,465,109],[461,110,465,110],[461,111,465,111],[461,112,465,112],[461,113,465,113],[461,114,465,114],[461,115,465,115],[461,116,465,116],[461,117,465,117],[461,118,465,118],[461,119,465,119],[461,120,465,120],[461,121,465,121],[461,122,465,122],[461,123,465,123],[461,124,465,124],[461,72,465,72],[461,73,465,73],[461,74,465,74],[461,75,465,75],[461,76,465,76],[461,77,465,77],[461,78,465,78],[461,79,465,79],[461,80,465,80],[461,81,465,81],[461,82,465,82],[461,83,465,83],[461,84,465,84],[461,85,465,85],[461,86,465,86],[461,87,465,87],[461,97,465,97],[461,96,465,96],[461,88,465,88],[461,89,465,89],[461,90,465,90],[461,55,465,55],[461,56,465,56],[461,57,465,57],[461,58,465,58],[461,59,465,59],[461,60,465,60],[461,61,465,61],[461,62,465,62],[461,63,465,63],[461,64,465,64],[461,65,465,65],[461,66,465,66],[461,67,465,67],[461,68,465,68],[461,69,465,69],[461,70,465,70],[461,71,465,71],[461,38,465,38],[461,39,465,39],[461,40,465,40],[461,41,465,41],[461,42,465,42],[461,43,465,43],[461,44,465,44],[461,45,465,45],[461,46,465,46],[461,47,465,47],[461,48,465,48],[461,49,465,49],[461,50,465,50],[461,51,465,51],[461,52,465,52],[461,53,465,53],[461,54,465,54],[461,21,465,21],[461,22,465,22],[461,23,465,23],[461,24,465,24],[461,25,465,25],[461,26,465,26],[461,27,465,27],[461,28,465,28],[461,29,465,29],[461,30,465,30],[461,31,465,31],[461,32,465,32],[461,33,465,33],[461,34,465,34],[461,35,465,35],[461,36,465,36],[461,37,465,37],[446,125,450,125],[446,126,450,126],[446,127,450,127],[446,128,450,128],[446,129,450,129],[446,130,450,130],[446,131,450,131],[446,132,450,132],[446,133,450,133],[446,134,450,134],[446,135,450,135],[446,156,450,158],[446,159,450,161],[461,0,470,0],[461,2,470,3],[461,4,465,4],[461,5,465,5],[461,6,465,6],[461,7,465,7],[461,8,465,8],[461,9,465,9],[461,10,465,10],[461,11,465,11],[461,12,465,12],[461,13,465,13],[461,14,465,14],[461,15,465,15],[461,16,465,16],[461,17,465,17],[461,18,465,18],[461,19,465,19],[461,20,465,20],[446,108,450,108],[446,109,450,109],[446,110,450,110],[446,111,450,111],[446,112,450,112],[446,113,450,113],[446,114,450,114],[446,115,450,115],[446,116,450,116],[446,117,450,117],[446,118,450,118],[446,119,450,119],[446,120,450,120],[446,121,450,121],[446,122,450,122],[446,123,450,123],[446,124,450,124],[446,82,450,82],[446,83,450,83],[446,84,450,84],[446,85,450,85],[446,86,450,86],[446,87,450,87],[446,88,450,88],[446,89,450,89],[446,90,450,90],[446,91,450,91],[446,92,450,92],[446,93,450,93],[446,94,450,94],[446,95,450,95],[446,96,450,96],[446,97,450,97],[446,107,450,107],[446,98,450,98],[446,99,450,99],[446,100,450,100],[446,101,450,101],[446,102,450,102],[446,103,450,103],[446,65,450,65],[446,66,450,66],[446,67,450,67],[446,68,450,68],[446,69,450,69],[446,70,450,70],[446,71,450,71],[446,72,450,72],[446,73,450,73],[446,74,450,74],[446,75,450,75],[446,76,450,76],[446,77,450,77],[446,78,450,78],[446,79,450,79],[446,80,450,80],[446,81,450,81],[446,48,450,48],[446,49,450,49],[446,50,450,50],[446,51,450,51],[446,52,450,52],[446,53,450,53],[446,54,450,54],[446,55,450,55],[446,56,450,56],[446,57,450,57],[446,58,450,58],[446,59,450,59],[446,60,450,60],[446,61,450,61],[446,62,450,62],[446,63,450,63],[446,64,450,64],[446,31,450,31],[446,32,450,32],[446,33,450,33],[446,34,450,34],[446,35,450,35],[446,36,450,36],[446,37,450,37],[446,38,450,38],[446,39,450,39],[446,40,450,40],[446,41,450,41],[446,42,450,42],[446,43,450,43],[446,44,450,44],[446,45,450,45],[446,46,450,46],[446,47,450,47],[441,142,445,142],[441,143,445,143],[441,144,445,144],[441,156,445,158],[441,159,445,161],[446,4,450,4],[446,5,450,5],[446,6,450,6],[446,7,450,7],[446,8,450,8],[446,9,450,9],[446,10,450,10],[446,11,450,11],[446,12,450,12],[446,13,450,13],[446,14,450,14],[446,15,450,15],[446,16,450,16],[446,17,450,17],[446,18,450,18],[446,19,450,19],[446,20,450,20],[446,21,450,21],[446,22,450,22],[446,23,450,23],[446,24,450,24],[446,25,450,25],[446,26,450,26],[446,27,450,27],[446,28,450,28],[446,29,450,29],[446,30,450,30],[441,125,445,125],[441,126,445,126],[441,127,445,127],[441,128,445,128],[441,129,445,129],[441,130,445,130],[441,131,445,131],[441,132,445,132],[441,133,445,133],[441,134,445,134],[441,135,445,135],[441,136,445,136],[441,137,445,137],[441,138,445,138],[441,139,445,139],[441,140,445,140],[441,141,445,141],[441,108,445,108],[441,109,445,109],[441,110,445,110],[441,111,445,111],[441,112,445,112],[441,113,445,113],[441,114,445,114],[441,115,445,115],[441,116,445,116],[441,117,445,117],[441,118,445,118],[441,119,445,119],[441,120,445,120],[441,121,445,121],[441,122,445,122],[441,123,445,123],[441,124,445,124],[441,82,445,82],[441,83,445,83],[441,84,445,84],[441,85,445,85],[441,86,445,86],[441,87,445,87],[441,88,445,88],[441,89,445,89],[441,90,445,90],[441,91,445,91],[441,92,445,92],[441,93,445,93],[441,94,445,94],[441,95,445,95],[441,96,445,96],[441,97,445,97],[441,107,445,107],[441,98,445,98],[441,99,445,99],[441,100,445,100],[441,101,445,101],[441,102,445,102],[441,103,445,103],[441,49,445,49],[441,50,445,50],[441,51,445,51],[441,52,445,52],[441,53,445,53],[441,54,445,54],[441,55,445,55],[441,56,445,56],[441,57,445,57],[441,58,445,58],[441,59,445,59],[441,60,445,60],[441,61,445,61],[441,62,445,62],[441,63,445,63],[441,64,445,64],[441,75,445,75],[441,31,445,31],[441,32,445,32],[441,33,445,33],[441,34,445,34],[441,35,445,35],[441,36,445,36],[441,37,445,37],[441,38,445,38],[441,39,445,39],[441,40,445,40],[441,41,445,41],[441,42,445,42],[441,43,445,43],[441,44,445,44],[441,45,445,45],[441,46,445,46],[441,47,445,47],[349,152,353,152],[349,153,353,153],[349,154,353,154],[349,155,353,155],[349,156,353,158],[349,159,353,161],[441,0,450,0],[441,2,450,3],[441,4,445,4],[441,5,445,5],[441,6,445,6],[441,7,445,7],[441,8,445,8],[441,9,445,9],[441,10,445,10],[441,11,445,11],[441,12,445,12],[441,13,445,13],[441,14,445,14],[441,15,445,15],[441,16,445,16],[441,17,445,17],[441,18,445,18],[441,19,445,19],[441,20,445,20],[441,21,445,21],[441,22,445,22],[441,26,445,26],[441,27,445,27],[441,28,445,28],[441,29,445,29],[441,30,445,30],[349,135,353,135],[349,136,353,136],[349,137,353,137],[349,138,353,138],[349,139,353,139],[349,140,353,140],[349,141,353,141],[349,142,353,142],[349,143,353,143],[349,144,353,144],[349,145,353,145],[349,146,353,146],[349,147,353,147],[349,148,353,148],[349,149,353,149],[349,150,353,150],[349,151,353,151],[349,118,353,118],[349,119,353,119],[349,120,353,120],[349,121,353,121],[349,122,353,122],[349,123,353,123],[349,124,353,124],[349,125,353,125],[349,126,353,126],[349,127,353,127],[349,128,353,128],[349,129,353,129],[349,130,353,130],[349,131,353,131],[349,132,353,132],[349,133,353,133],[349,134,353,134],[349,101,353,101],[349,102,353,102],[349,103,353,103],[349,104,353,104],[349,105,353,105],[349,106,353,106],[349,107,353,107],[349,108,353,108],[349,109,353,109],[349,110,353,110],[349,111,353,111],[349,112,353,112],[349,113,353,113],[349,114,353,114],[349,115,353,115],[349,116,353,116],[349,117,353,117],[349,84,353,84],[349,85,353,85],[349,86,353,86],[349,87,353,87],[349,88,353,88],[349,89,353,89],[349,90,353,90],[349,91,353,91],[349,92,353,92],[349,93,353,93],[349,94,353,94],[349,95,353,95],[349,96,353,96],[349,97,353,97],[349,98,353,98],[349,99,353,99],[349,100,353,100],[349,67,353,67],[349,68,353,68],[349,69,353,69],[349,70,353,70],[349,71,353,71],[349,72,353,72],[349,73,353,73],[349,74,353,74],[349,75,353,75],[349,76,353,76],[349,77,353,77],[349,78,353,78],[349,79,353,79],[349,80,353,80],[349,81,353,81],[349,82,353,82],[349,83,353,83],[349,44,353,44],[349,45,353,45],[349,46,353,46],[349,47,353,47],[349,48,353,48],[349,49,353,49],[349,50,353,50],[349,51,353,51],[349,52,353,52],[349,53,353,53],[349,54,353,54],[349,55,353,55],[349,56,353,56],[349,57,353,57],[349,58,353,58],[349,59,353,59],[349,66,353,66],[349,27,353,27],[349,28,353,28],[349,29,353,29],[349,30,353,30],[349,31,353,31],[349,32,353,32],[349,33,353,33],[349,34,353,34],[349,35,353,35],[349,36,353,36],[349,37,353,37],[349,38,353,38],[349,39,353,39],[349,40,353,40],[349,41,353,41],[349,42,353,42],[349,43,353,43],[344,136,348,136],[344,137,348,137],[344,138,348,138],[344,139,348,139],[344,140,348,140],[344,141,348,141],[344,142,348,142],[344,143,348,143],[344,144,348,144],[344,150,348,150],[344,151,348,151],[344,152,348,152],[344,153,348,153],[344,154,348,154],[344,155,348,155],[344,156,348,158],[344,159,348,161],[344,119,348,119],[344,120,348,120],[344,121,348,121],[344,122,348,122],[344,123,348,123],[344,124,348,124],[344,125,348,125],[344,126,348,126],[344,127,348,127],[344,128,348,128],[344,129,348,129],[344,130,348,130],[344,131,348,131],[344,132,348,132],[344,133,348,133],[344,134,348,134],[344,135,348,135],[344,102,348,102],[344,103,348,103],[344,104,348,104],[344,105,348,105],[344,106,348,106],[344,107,348,107],[344,108,348,108],[344,109,348,109],[344,110,348,110],[344,111,348,111],[344,112,348,112]],"merged_total":6421,"flags":["merged_cut"]}
[null,null,"業務スケジュール管理表　【履行期間設定支援型】",null,null,null,null,null,null,null,null,null,null,null,null,null,null,null,null,null,null,null,"更新日","2019-09-30"]
[null,"　　　業　　務　　名",null,null,null,null,"平成○年度 ▲▲詳細設計業務",null,null,null,null,null,null,null,null,null,null,null,null,null,null,null,null,null,null,null,null,null,null,null,null,null,null,null,"現 在 の 状 況",null,null,null,null,"１．設計計画：初回業務計画書(案)提出、TECRIS提出、現地踏査申請書提出\n　　　　　　　事前協議チェックシート確認、個人情報に関する管理体制報告書提出\n２．既往資料確認：既往資料借用依頼",null,null,null,null,null,null,null,null,null,null,null,null,null,null,null,null,null,null,null,null,null,null,"【スケジュール管理表への意見・改善点等】\n"]
[null,"　　　受　　注　　者",null,null,null,null,"◇◆株式会社",null,null,null,null,null,null,null,null,null,null,null,null,null,null,null,null,null,null,null,null,null,null,null,null,null,null,null,null,null,null,null,null,null,null,null,null,null,null,null,null,null,null,null,null,null,null,null,null,null,null,null,null,null,null,null,"（自由記述）"]
[null,"　　　　　　　　　　契　　約　　額　(消費税込み)",null,null,null,null,35000000]
[null,"　　　主　た　る　工　　種",null,null,null,null,"道路設計（詳細設計）",null,null,null,null,null,null,null,null,null,null,null,"履行期間設定支援",null,null,null,null,"自動（デフォルト）"]
[null,"　　　　　　　　　　　　　業　　種　　区　　分　（複数選択可）",null,null,null,null,"詳細設計業務",null,null,null,null,null,null,null,null,null,null,null,"手動設定の理由",null,null,null,null,null,null,null,null,null,null,null,{"$f":"IF(AND($X$6=\"\",$X$5=\"手動\"),\"←理由記入\",\"\")","v":""}]
[null,"　　　履　　行　　期　　間",null,null,null,null,"2019-01-17",null,null,null,"～",null,"2019-09-30",null,null,null,null,null,"設計着手日（※）",null,null,null,null,"2019-01-18"]
[null,"　　　管 理 技 術 者",null,null,null,null,"○○　○○",null,null,null,null,null,null,null,null,null,null,null,null,null,null,null,null,null,null,null,null,null,null,null,null,null,null,null,null,null,null,null,null,null,null,null,null,null,null,null,null,null,null,null,null,null,null,null,null,null,null,null,null,null,null,null,null,null,null,null,null,null,null,null,null,null,null,null,null,null,null,null,null,null,null,null,null,null,null,null,null,null,null,null,null,null,null,null,null,null,null,null,null,null,null,null,null,null,null,null,null,null,null,null,null,null,null,null,null,null,null,null,null,null,null,null,null,null,null,null,null,null,null,null,null,null,null,null,null,null,null,null,null,null,null,null,null,null,null,null,null,null,null,null,null,null,null,null,null,null,"履行期間(休日含む)",{"$f":"M7-G7","v":256},"日"]
[null,"　　　照 査 技 術 者",null,null,null,null,"□□　□□"]
[null,"　　　　　　　　　担 当 技 術 者（主）、担 当 技 術 者（副）",null,null,null,null,"△△　△△　　●●　●●",null,null,null,null,null,null,null,null,null,null,null,null,null,null,null,null,null,null,null,null,null,null,null,null,null,null,null,"次 回 打 合 せ"]
[null,null,null,null,null,null,null,null,null,null,null,null,null,null,null,null,null,null,null,null,null,null,null,null,null,null,null,null,null,"（※設計着手日：設計業務として着手を開始した日（履行期間設定支援の起算日）を記入。）"]
[]
[null,null,null,null,null,null,null,null,null,null,null,"西暦",2019,null,null,"年",null,null,{"$f":"IF(N15=12,M13+1,M13)","v":2019},null,null,"年",null,null,{"$f":"IF(T15=12,S13+1,S13)","v":2019},null,null,"年",null,null,{"$f":"IF(Z15=12,Y13+1,Y13)","v":2019},null,null,"年",null,null,{"$f":"IF(AF15=12,AE13+1,AE13)","v":2019},null,null,"年",null,null,{"$f":"IF(AL15=12,AK13+1,AK13)","v":2019},null,null,"年",null,null,{"$f":"IF(AR15=12,AQ13+1,AQ13)","v":2019},null,null,"年",null,null,{"$f":"IF(AX15=12,AW13+1,AW13)","v":2019},null,null,"年",null,null,{"$f":"IF(BD15=12,BC13+1,BC13)","v":2019},null,null,"年",null,null,{"$f":"IF(BJ15=12,BI13+1,BI13)","v":2019},null,null,"年",null,null,{"$f":"IF(BP15=12,BO13+1,BO13)","v":2019},null,null,"年",null,null,{"$f":"IF(BV15=12,BU13+1,BU13)","v":2019},null,null,"年",null,null,{"$f":"IF(CB15=12,CA13+1,CA13)","v":2020},null,null,"年",null,null,{"$f":"IF(CH15=12,CG13+1,CG13)","v":2020},null,null,"年",null,null,{"$f":"IF(CN15=12,CM13+1,CM13)","v":2020},null,null,"年",null,null,{"$f":"IF(CT15=12,CS13+1,CS13)","v":2020},null,null,"年",null,null,{"$f":"IF(CZ15=12,CY13+1,CY13)","v":2020},null,null,"年",null,null,{"$f":"IF(DF15=12,DE13+1,DE13)","v":2020},null,null,"年",null,null,{"$f":"IF(DL15=12,DK13+1,DK13)","v":2020},null,null,"年",null,null,{"$f":"IF(DR15=12,DQ13+1,DQ13)","v":2020},null,null,"年",null,null,{"$f":"IF(DX15=12,DW13+1,DW13)","v":2020},null,null,"年",null,null,{"$f":"IF(ED15=12,EC13+1,EC13)","v":2020},null,null,"年",null,null,{"$f":"IF(EJ15=12,EI13+1,EI13)","v":2020},null,null,"年",null,null,{"$f":"IF(EP15=12,EO13+1,EO13)","v":2020},null,null,"年"]
[null,null,null,null,null,null,null,null,null,null,null,null,{"$f":"M18/2","v":2.5},{"$f":"M18/2","v":2.5},{"$f":"O18/2","v":2.5},{"$f":"O18/2","v":2.5},{"$f":"Q18/2","v":4.5},{"$f":"Q18/2","v":4.5},{"$f":"S18/2","v":3},{"$f":"S18/2","v":3},{"$f":"U18/2","v":3.5},{"$f":"U18/2","v":3.5},{"$f":"W18/2","v":3},{"$f":"W18/2","v":3},{"$f":"Y18/2","v":3},{"$f":"Y18/2","v":3},{"$f":"AA18/2","v":4},{"$f":"AA18/2","v":4},{"$f":"AC18/2","v":3},{"$f":"AC18/2","v":3},{"$f":"AE18/2","v":4},{"$f":"AE18/2","v":4},{"$f":"AG18/2","v":3.5},{"$f":"AG18/2","v":3.5},{"$f":"AI18/2","v":2.5},{"$f":"AI18/2","v":2.5},{"$f":"AK18/2","v":2},{"$f":"AK18/2","v":2},{"$f":"AM18/2","v":3},{"$f":"AM18/2","v":3},{"$f":"AO18/2","v":4.5},{"$f":"AO18/2","v":4.5},3,3,4,4,3,3,4,4,3,3,4,4,3.5,3.5,1.5,1.5,4,4,3.5,3.5,3.5,3.5,2.5,2.5,4,4,2.5,2.5,4,4,2.5,2.5,4,4,3.5,3.5,3.5,3.5,4,4,2.5,2.5,{"$f":"CG18/2","v":2.5},{"$f":"CG18/2","v":2.5},{"$f":"CI18/2","v":2.5},{"$f":"CI18/2","v":2.5},{"$f":"CK18/2","v":4.5},{"$f":"CK18/2","v":4.5},{"$f":"CM18/2","v":3},{"$f":"CM18/2","v":3},{"$f":"CO18/2","v":3.5},{"$f":"CO18/2","v":3.5},{"$f":"CQ18/2","v":2.5},{"$f":"CQ18/2","v":2.5},{"$f":"CS18/2","v":3.5},{"$f":"CS18/2","v":3.5},{"$f":"CU18/2","v":3.5},{"$f":"CU18/2","v":3.5},{"$f":"CW18/2","v":3.5},{"$f":"CW18/2","v":3.5},{"$f":"CY18/2","v":4},{"$f":"CY18/2","v":4},{"$f":"DA18/2","v":3},{"$f":"DA18/2","v":3},{"$f":"DC18/2","v":3.5},{"$f":"DC18/2","v":3.5},{"$f":"DE18/2","v":1.5},{"$f":"DE18/2","v":1.5},{"$f":"DG18/2","v":4},{"$f":"DG18/2","v":4},{"$f":"DI18/2","v":3.5},{"$f":"DI18/2","v":3.5},{"$f":"DK18/2","v":4},{"$f":"DK18/2","v":4},{"$f":"DM18/2","v":3.5},{"$f":"DM18/2","v":3.5},{"$f":"DO18/2","v":3.5},{"$f":"DO18/2","v":3.5},{"$f":"DQ18/2","v":4},{"$f":"DQ18/2","v":4},{"$f":"DS18/2","v":3},{"$f":"DS18/2","v":3},{"$f":"DU18/2","v":3.5},{"$f":"DU18/2","v":3.5},{"$f":"DW18/2","v":2.5},{"$f":"DW18/2","v":2.5},{"$f":"DY18/2","v":3.5},{"$f":"DY18/2","v":3.5},{"$f":"EA18/2","v":3.5},{"$f":"EA18/2","v":3.5},{"$f":"EC18/2","v":4},{"$f":"EC18/2","v":4},{"$f":"EE18/2","v":3},{"$f":"EE18/2","v":3},{"$f":"EG18/2","v":3},{"$f":"EG18/2","v":3},{"$f":"EI18/2","v":3.5},{"$f":"EI18/2","v":3.5},{"$f":"EK18/2","v":3.5},{"$f":"EK18/2","v":3.5},{"$f":"EM18/2","v":4},{"$f":"EM18/2","v":4},{"$f":"EO18/2","v":3},{"$f":"EO18/2","v":3},{"$f":"EQ18/2","v":4},{"$f":"EQ18/2","v":4},{"$f":"ES18/2","v":2.5},{"$f":"ES18/2","v":2.5},{"$f":"EU18/2","v":4},{"$f":"EU18/2","v":4},{"$f":"EW18/2","v":3},{"$f":"EW18/2","v":3},{"$f":"EY18/2","v":3},{"$f":"EY18/2","v":3}]
[null,"作業項目",null,null,null,"着手日",null,"完了日（当初）",null,"完了日（変更）\n※変更があった場合のみ",null,"作業日数",null,1,null,"月",null,null,null,{"$f":"MOD(N15,12)+1","v":2},null,"月",null,null,null,{"$f":"MOD(T15,12)+1","v":3},null,"月",null,null,null,{"$f":"MOD(Z15,12)+1","v":4},null,"月",null,null,null,{"$f":"MOD(AF15,12)+1","v":5},null,"月",null,null,null,{"$f":"MOD(AL15,12)+1","v":6},null,"月",null,null,null,{"$f":"MOD(AR15,12)+1","v":7},null,"月",null,null,null,{"$f":"MOD(AX15,12)+1","v":8},null,"月",null,null,null,{"$f":"MOD(BD15,12)+1","v":9},null,"月",null,null,null,{"$f":"MOD(BJ15,12)+1","v":10},null,"月",null,null,null,{"$f":"MOD(BP15,12)+1","v":11},null,"月",null,null,null,{"$f":"MOD(BV15,12)+1","v":12},null,"月",null,null,null,{"$f":"MOD(CB15,12)+1","v":1},null,"月",null,null,null,{"$f":"MOD(CH15,12)+1","v":2},null,"月",null,null,null,{"$f":"MOD(CN15,12)+1","v":3},null,"月",null,null,null,{"$f":"MOD(CT15,12)+1","v":4},null,"月",null,null,null,{"$f":"MOD(CZ15,12)+1","v":5},null,"月",null,null,null,{"$f":"MOD(DF15,12)+1","v":6},null,"月",null,null,null,{"$f":"MOD(DL15,12)+1","v":7},null,"月",null,null,null,{"$f":"MOD(DR15,12)+1","v":8},null,"月",null,null,null,{"$f":"MOD(DX15,12)+1","v":9},null,"月",null,null,null,{"$f":"MOD(ED15,12)+1","v":10},null,"月",null,null,null,{"$f":"MOD(EJ15,12)+1","v":11},null,"月",null,null,null,{"$f":"MOD(EP15,12)+1","v":12},null,"月",null,null,"履行期間　集計　（休日除く）",null,null,"備　　　考"]
[null,null,null,null,null,null,null,null,null,null,null,null,1,10,11,20,21,{"$f":"DAY(EOMONTH(N15&\"/1\",0))","v":31},1,10,11,20,21,{"$f":"DAY(EOMONTH(T15&\"/1\",0))","v":28},1,10,11,20,21,{"$f":"DAY(EOMONTH(Z15&\"/1\",0))","v":31},1,10,11,20,21,{"$f":"DAY(EOMONTH(AF15&\"/1\",0))","v":30},1,10,11,20,21,{"$f":"DAY(EOMONTH(AL15&\"/1\",0))","v":31},1,10,11,20,21,{"$f":"DAY(EOMONTH(AR15&\"/1\",0))","v":30},1,10,11,20,21,{"$f":"DAY(EOMONTH(AX15&\"/1\",0))","v":31},1,10,11,20,21,{"$f":"DAY(EOMONTH(BD15&\"/1\",0))","v":31},1,10,11,20,21,{"$f":"DAY(EOMONTH(BJ15&\"/1\",0))","v":30},1,10,11,20,21,{"$f":"DAY(EOMONTH(BP15&\"/1\",0))","v":31},1,10,11,20,21,{"$f":"DAY(EOMONTH(BV15&\"/1\",0))","v":30},1,10,11,20,21,{"$f":"DAY(EOMONTH(CB15&\"/1\",0))","v":31},1,10,11,20,21,{"$f":"DAY(EOMONTH(CH15&\"/1\",0))","v":31},1,10,11,20,21,{"$f":"DAY(EOMONTH(CN15&\"/1\",0))","v":28},1,10,11,20,21,{"$f":"DAY(EOMONTH(CT15&\"/1\",0))","v":31},1,10,11,20,21,{"$f":"DAY(EOMONTH(CZ15&\"/1\",0))","v":30},1,10,11,20,21,{"$f":"DAY(EOMONTH(DF15&\"/1\",0))","v":31},1,10,11,20,21,{"$f":"DAY(EOMONTH(DL15&\"/1\",0))","v":30},1,10,11,20,21,{"$f":"DAY(EOMONTH(DR15&\"/1\",0))","v":31},1,10,11,20,21,{"$f":"DAY(EOMONTH(DX15&\"/1\",0))","v":31},1,10,11,20,21,{"$f":"DAY(EOMONTH(ED15&\"/1\",0))","v":30},1,10,11,20,21,{"$f":"DAY(EOMONTH(EJ15&\"/1\",0))","v":31},1,10,11,20,21,{"$f":"DAY(EOMONTH(EP15&\"/1\",0))","v":30},1,10,11,20,21,{"$f":"DAY(EOMONTH(EV15&\"/1\",0))","v":31}]
[null,null,null,"上旬(～10日),中旬(11～20日),下旬（21日～）",null,null,null,null,null,null,null,null,"上旬",null,"中旬",null,"下旬",null,"上旬",null,"中旬",null,"下旬",null,"上旬",null,"中旬",null,"下旬",null,"上旬",null,"中旬",null,"下旬",null,"上旬",null,"中旬",null,"下旬",null,"上旬",null,"中旬",null,"下旬",null,"上旬",null,"中旬",null,"下旬",null,"上旬",null,"中旬",null,"下旬",null,"上旬",null,"中旬",null,"下旬",null,"上旬",null,"中旬",null,"下旬",null,"上旬",null,"中旬",null,"下旬",null,"上旬",null,"中旬",null,"下旬",null,"上旬",null,"中旬",null,"下旬",null,"上旬",null,"中旬",null,"下旬",null,"上旬",null,"中旬",null,"下旬",null,"上旬",null,"中旬",null,"下旬",null,"上旬",null,"中旬",null,"下旬",null,"上旬",null,"中旬",null,"下旬",null,"上旬",null,"中旬",null,"下旬",null,"上旬",null,"中旬",null,"下旬",null,"上旬",null,"中旬",null,"下旬",null,"上旬",null,"中旬",null,"下旬",null,"上旬",null,"中旬",null,"下旬",null,"上旬",null,"中旬",null,"下旬",null,"計画日数（クリティカル）",{"$f":"SUM(FB74,FB84,FB94,FB104,FB114,FB184,FB194,FB204,FB274,FB284,FB294,FB304,FB124,FB134,FB144,FB154,FB164,FB174,FB214,FB224,FB234,FB244,FB254,FB264)","v":170.5},"日"]
[null,null,null,"作業日数（休日含まない）⇒",null,null,null,null,null,null,null,null,{"$f":"NETWORKDAYS(M13&\"/\"&N15&\"/\"&M16,M13&\"/\"&N15&\"/\"&N16,休日設定!$B$5:$B$342)","v":5},null,{"$f":"NETWORKDAYS(M13&\"/\"&N15&\"/\"&O16,M13&\"/\"&N15&\"/\"&P16,休日設定!$B$5:$B$342)","v":5},null,{"$f":"NETWORKDAYS(M13&\"/\"&N15&\"/\"&Q16,M13&\"/\"&N15&\"/\"&R16,休日設定!$B$5:$B$342)","v":9},null,{"$f":"NETWORKDAYS(S13&\"/\"&T15&\"/\"&S16,S13&\"/\"&T15&\"/\"&T16,休日設定!$B$5:$B$342)","v":6},null,{"$f":"NETWORKDAYS(S13&\"/\"&T15&\"/\"&U16,S13&\"/\"&T15&\"/\"&V16,休日設定!$B$5:$B$342)","v":7},null,{"$f":"NETWORKDAYS(S13&\"/\"&T15&\"/\"&W16,S13&\"/\"&T15&\"/\"&X16,休日設定!$B$5:$B$342)","v":6},null,{"$f":"NETWORKDAYS(Y13&\"/\"&Z15&\"/\"&Y16,Y13&\"/\"&Z15&\"/\"&Z16,休日設定!$B$5:$B$342)","v":6},null,{"$f":"NETWORKDAYS(Y13&\"/\"&Z15&\"/\"&AA16,Y13&\"/\"&Z15&\"/\"&AB16,休日設定!$B$5:$B$342)","v":8},null,{"$f":"NETWORKDAYS(Y13&\"/\"&Z15&\"/\"&AC16,Y13&\"/\"&Z15&\"/\"&AD16,休日設定!$B$5:$B$342)","v":6},null,{"$f":"NETWORKDAYS(AE13&\"/\"&AF15&\"/\"&AE16,AE13&\"/\"&AF15&\"/\"&AF16,休日設定!$B$5:$B$342)","v":8},null,{"$f":"NETWORKDAYS(AE13&\"/\"&AF15&\"/\"&AG16,AE13&\"/\"&AF15&\"/\"&AH16,休日設定!$B$5:$B$342)","v":7},null,{"$f":"NETWORKDAYS(AE13&\"/\"&AF15&\"/\"&AI16,AE13&\"/\"&AF15&\"/\"&AJ16,休日設定!$B$5:$B$342)","v":5},null,{"$f":"NETWORKDAYS(AK13&\"/\"&AL15&\"/\"&AK16,AK13&\"/\"&AL15&\"/\"&AL16,休日設定!$B$5:$B$342)","v":4},null,{"$f":"NETWORKDAYS(AK13&\"/\"&AL15&\"/\"&AM16,AK13&\"/\"&AL15&\"/\"&AN16,休日設定!$B$5:$B$342)","v":6},null,{"$f":"NETWORKDAYS(AK13&\"/\"&AL15&\"/\"&AO16,AK13&\"/\"&AL15&\"/\"&AP16,休日設定!$B$5:$B$342)","v":9},null,{"$f":"NETWORKDAYS(AQ13&\"/\"&AR15&\"/\"&AQ16,AQ13&\"/\"&AR15&\"/\"&AR16,休日設定!$B$5:$B$342)","v":6},null,{"$f":"NETWORKDAYS(AQ13&\"/\"&AR15&\"/\"&AS16,AQ13&\"/\"&AR15&\"/\"&AT16,休日設定!$B$5:$B$342)","v":8},null,{"$f":"NETWORKDAYS(AQ13&\"/\"&AR15&\"/\"&AU16,AQ13&\"/\"&AR15&\"/\"&AV16,休日設定!$B$5:$B$342)","v":6},null,{"$f":"NETWORKDAYS(AW13&\"/\"&AX15&\"/\"&AW16,AW13&\"/\"&AX15&\"/\"&AX16,休日設定!$B$5:$B$342)","v":8},null,{"$f":"NETWORKDAYS(AW13&\"/\"&AX15&\"/\"&AY16,AW13&\"/\"&AX15&\"/\"&AZ16,休日設定!$B$5:$B$342)","v":6},null,{"$f":"NETWORKDAYS(AW13&\"/\"&AX15&\"/\"&BA16,AW13&\"/\"&AX15&\"/\"&BB16,休日設定!$B$5:$B$342)","v":8},null,{"$f":"NETWORKDAYS(BC13&\"/\"&BD15&\"/\"&BC16,BC13&\"/\"&BD15&\"/\"&BD16,休日設定!$B$5:$B$342)","v":7},null,{"$f":"NETWORKDAYS(BC13&\"/\"&BD15&\"/\"&BE16,BC13&\"/\"&BD15&\"/\"&BF16,休日設定!$B$5:$B$342)","v":3},null,{"$f":"NETWORKDAYS(BC13&\"/\"&BD15&\"/\"&BG16,BC13&\"/\"&BD15&\"/\"&BH16,休日設定!$B$5:$B$342)","v":8},null,{"$f":"NETWORKDAYS(BI13&\"/\"&BJ15&\"/\"&BI16,BI13&\"/\"&BJ15&\"/\"&BJ16,休日設定!$B$5:$B$342)","v":7},null,{"$f":"NETWORKDAYS(BI13&\"/\"&BJ15&\"/\"&BK16,BI13&\"/\"&BJ15&\"/\"&BL16,休日設定!$B$5:$B$342)","v":7},null,{"$f":"NETWORKDAYS(BI13&\"/\"&BJ15&\"/\"&BM16,BI13&\"/\"&BJ15&\"/\"&BN16,休日設定!$B$5:$B$342)","v":5},null,{"$f":"NETWORKDAYS(BO13&\"/\"&BP15&\"/\"&BO16,BO13&\"/\"&BP15&\"/\"&BP16,休日設定!$B$5:$B$342)","v":8},null,{"$f":"NETWORKDAYS(BO13&\"/\"&BP15&\"/\"&BQ16,BO13&\"/\"&BP15&\"/\"&BR16,休日設定!$B$5:$B$342)","v":5},null,{"$f":"NETWORKDAYS(BO13&\"/\"&BP15&\"/\"&BS16,BO13&\"/\"&BP15&\"/\"&BT16,休日設定!$B$5:$B$342)","v":8},null,{"$f":"NETWORKDAYS(BU13&\"/\"&BV15&\"/\"&BU16,BU13&\"/\"&BV15&\"/\"&BV16,休日設定!$B$5:$B$342)","v":5},null,{"$f":"NETWORKDAYS(BU13&\"/\"&BV15&\"/\"&BW16,BU13&\"/\"&BV15&\"/\"&BX16,休日設定!$B$5:$B$342)","v":8},null,{"$f":"NETWORKDAYS(BU13&\"/\"&BV15&\"/\"&BY16,BU13&\"/\"&BV15&\"/\"&BZ16,休日設定!$B$5:$B$342)","v":7},null,{"$f":"NETWORKDAYS(CA13&\"/\"&CB15&\"/\"&CA16,CA13&\"/\"&CB15&\"/\"&CB16,休日設定!$B$5:$B$342)","v":7},null,{"$f":"NETWORKDAYS(CA13&\"/\"&CB15&\"/\"&CC16,CA13&\"/\"&CB15&\"/\"&CD16,休日設定!$B$5:$B$342)","v":8},null,{"$f":"NETWORKDAYS(CA13&\"/\"&CB15&\"/\"&CE16,CA13&\"/\"&CB15&\"/\"&CF16,休日設定!$B$5:$B$342)","v":5},null,{"$f":"NETWORKDAYS(CG13&\"/\"&CH15&\"/\"&CG16,CG13&\"/\"&CH15&\"/\"&CH16,休日設定!$B$5:$B$342)","v":5},null,{"$f":"NETWORKDAYS(CG13&\"/\"&CH15&\"/\"&CI16,CG13&\"/\"&CH15&\"/\"&CJ16,休日設定!$B$5:$B$342)","v":5},null,{"$f":"NETWORKDAYS(CG13&\"/\"&CH15&\"/\"&CK16,CG13&\"/\"&CH15&\"/\"&CL16,休日設定!$B$5:$B$342)","v":9},null,{"$f":"NETWORKDAYS(CM13&\"/\"&CN15&\"/\"&CM16,CM13&\"/\"&CN15&\"/\"&CN16,休日設定!$B$5:$B$342)","v":6},null,{"$f":"NETWORKDAYS(CM13&\"/\"&CN15&\"/\"&CO16,CM13&\"/\"&CN15&\"/\"&CP16,休日設定!$B$5:$B$342)","v":7},null,{"$f":"NETWORKDAYS(CM13&\"/\"&CN15&\"/\"&CQ16,CM13&\"/\"&CN15&\"/\"&CR16,休日設定!$B$5:$B$342)","v":5},null,{"$f":"NETWORKDAYS(CS13&\"/\"&CT15&\"/\"&CS16,CS13&\"/\"&CT15&\"/\"&CT16,休日設定!$B$5:$B$342)","v":7},null,{"$f":"NETWORKDAYS(CS13&\"/\"&CT15&\"/\"&CU16,CS13&\"/\"&CT15&\"/\"&CV16,休日設定!$B$5:$B$342)","v":7},null,{"$f":"NETWORKDAYS(CS13&\"/\"&CT15&\"/\"&CW16,CS13&\"/\"&CT15&\"/\"&CX16,休日設定!$B$5:$B$342)","v":7},null,{"$f":"NETWORKDAYS(CY13&\"/\"&CZ15&\"/\"&CY16,CY13&\"/\"&CZ15&\"/\"&CZ16,休日設定!$B$5:$B$342)","v":8},null,{"$f":"NETWORKDAYS(CY13&\"/\"&CZ15&\"/\"&DA16,CY13&\"/\"&CZ15&\"/\"&DB16,休日設定!$B$5:$B$342)","v":6},null,{"$f":"NETWORKDAYS(CY13&\"/\"&CZ15&\"/\"&DC16,CY13&\"/\"&CZ15&\"/\"&DD16,休日設定!$B$5:$B$342)","v":7},null,{"$f":"NETWORKDAYS(DE13&\"/\"&DF15&\"/\"&DE16,DE13&\"/\"&DF15&\"/\"&DF16,休日設定!$B$5:$B$342)","v":3},null,{"$f":"NETWORKDAYS(DE13&\"/\"&DF15&\"/\"&DG16,DE13&\"/\"&DF15&\"/\"&DH16,休日設定!$B$5:$B$342)","v":8},null,{"$f":"NETWORKDAYS(DE13&\"/\"&DF15&\"/\"&DI16,DE13&\"/\"&DF15&\"/\"&DJ16,休日設定!$B$5:$B$342)","v":7},null,{"$f":"NETWORKDAYS(DK13&\"/\"&DL15&\"/\"&DK16,DK13&\"/\"&DL15&\"/\"&DL16,休日設定!$B$5:$B$342)","v":8},null,{"$f":"NETWORKDAYS(DK13&\"/\"&DL15&\"/\"&DM16,DK13&\"/\"&DL15&\"/\"&DN16,休日設定!$B$5:$B$342)","v":7},null,{"$f":"NETWORKDAYS(DK13&\"/\"&DL15&\"/\"&DO16,DK13&\"/\"&DL15&\"/\"&DP16,休日設定!$B$5:$B$342)","v":7},null,{"$f":"NETWORKDAYS(DQ13&\"/\"&DR15&\"/\"&DQ16,DQ13&\"/\"&DR15&\"/\"&DR16,休日設定!$B$5:$B$342)","v":8},null,{"$f":"NETWORKDAYS(DQ13&\"/\"&DR15&\"/\"&DS16,DQ13&\"/\"&DR15&\"/\"&DT16,休日設定!$B$5:$B$342)","v":6},null,{"$f":"NETWORKDAYS(DQ13&\"/\"&DR15&\"/\"&DU16,DQ13&\"/\"&DR15&\"/\"&DV16,休日設定!$B$5:$B$342)","v":7},null,{"$f":"NETWORKDAYS(DW13&\"/\"&DX15&\"/\"&DW16,DW13&\"/\"&DX15&\"/\"&DX16,休日設定!$B$5:$B$342)","v":5},null,{"$f":"NETWORKDAYS(DW13&\"/\"&DX15&\"/\"&DY16,DW13&\"/\"&DX15&\"/\"&DZ16,休日設定!$B$5:$B$342)","v":7},null,{"$f":"NETWORKDAYS(DW13&\"/\"&DX15&\"/\"&EA16,DW13&\"/\"&DX15&\"/\"&EB16,休日設定!$B$5:$B$342)","v":7},null,{"$f":"NETWORKDAYS(EC13&\"/\"&ED15&\"/\"&EC16,EC13&\"/\"&ED15&\"/\"&ED16,休日設定!$B$5:$B$342)","v":8},null,{"$f":"NETWORKDAYS(EC13&\"/\"&ED15&\"/\"&EE16,EC13&\"/\"&ED15&\"/\"&EF16,休日設定!$B$5:$B$342)","v":6},null,{"$f":"NETWORKDAYS(EC13&\"/\"&ED15&\"/\"&EG16,EC13&\"/\"&ED15&\"/\"&EH16,休日設定!$B$5:$B$342)","v":6},null,{"$f":"NETWORKDAYS(EI13&\"/\"&EJ15&\"/\"&EI16,EI13&\"/\"&EJ15&\"/\"&EJ16,休日設定!$B$5:$B$342)","v":7},null,{"$f":"NETWORKDAYS(EI13&\"/\"&EJ15&\"/\"&EK16,EI13&\"/\"&EJ15&\"/\"&EL16,休日設定!$B$5:$B$342)","v":7},null,{"$f":"NETWORKDAYS(EI13&\"/\"&EJ15&\"/\"&EM16,EI13&\"/\"&EJ15&\"/\"&EN16,休日設定!$B$5:$B$342)","v":8},null,{"$f":"NETWORKDAYS(EO13&\"/\"&EP15&\"/\"&EO16,EO13&\"/\"&EP15&\"/\"&EP16,休日設定!$B$5:$B$342)","v":6},null,{"$f":"NETWORKDAYS(EO13&\"/\"&EP15&\"/\"&EQ16,EO13&\"/\"&EP15&\"/\"&ER16,休日設定!$B$5:$B$342)","v":8},null,{"$f":"NETWORKDAYS(EO13&\"/\"&EP15&\"/\"&ES16,EO13&\"/\"&EP15&\"/\"&ET16,休日設定!$B$5:$B$342)","v":5},null,{"$f":"NETWORKDAYS(EU13&\"/\"&EV15&\"/\"&EU16,EU13&\"/\"&EV15&\"/\"&EV16,休日設定!$B$5:$B$342)","v":8},null,{"$f":"NETWORKDAYS(EU13&\"/\"&EV15&\"/\"&EW16,EU13&\"/\"&EV15&\"/\"&EX16,休日設定!$B$5:$B$342)","v":6},null,{"$f":"NETWORKDAYS(EU13&\"/\"&EV15&\"/\"&EY16,EU13&\"/\"&EV15&\"/\"&EZ16,休日設定!$B$5:$B$342)","v":6},null,"実施日数（クリティカル）",{"$f":"SUM(FB79,FB89,FB99,FB109,FB119,FB189,FB199,FB209,FB279,FB289,FB299,FB309,FB129,FB139,FB149,FB159,FB169,FB179,FB219,FB229,FB239,FB249,FB259,FB269)","v":163.5},"日"]
[null,"関連業務","測量",null,"計画","2018-11-20","(火)","2019-01-17","(木)",null,null,{"$f":"IF(J19=\"\",NETWORKDAYS(F19,H19,休日設定!$B$5:$B$342),NETWORKDAYS(F19,J19,休日設定!$B$5:$B$342))","v":36},null,null,null,null,null,null,null,null,null,null,null,null,null,null,null,null,null,null,null,null,null,null,null,null,null,null,null,null,null,null,null,null,null,null,null,null,null,null,null,null,null,null,null,null,null,null,null,null,null,null,null,null,null,null,null,null,null,null,null,null,null,null,null,null,null,null,null,null,null,null,null,null,null,null,null,null,null,null,null,null,null,null,null,null,null,null,null,null,null,null,null,null,null,null,null,null,null,null,null,null,null,null,null,null,null,null,null,null,null,null,null,null,null,null,null,null,null,null,null,null,null,null,null,null,null,null,null,null,null,null,null,null,null,null,null,null,null,null,null,null,null,null,null,null,"作業日数（計画）",{"$f":"SUMIFS($M$14:$EZ$14,$M21:$EZ21,\"AA\")+SUMIFS($M$14:$EZ$14,$M21:$EZ21,\"AB\")","v":10},"日"]
[]
[null,null,null,null,null,null,null,null,null,null,null,null,"AA","AA","AA","AA"]
[]
[]
[null,null,null,null,"実施","2018-11-20","(火)","2019-01-17","(木)",null,null,{"$f":"IF(J24=\"\",NETWORKDAYS(F24,H24,休日設定!$B$5:$B$342),NETWORKDAYS(F24,J24,休日設定!$B$5:$B$342))","v":36},null,null,null,null,null,null,null,null,null,null,null,null,null,null,null,null,null,null,null,null,null,null,null,null,null,null,null,null,null,null,null,null,null,null,null,null,null,null,null,null,null,null,null,null,null,null,null,null,null,null,null,null,null,null,null,null,null,null,null,null,null,null,null,null,null,null,null,null,null,null,null,null,null,null,null,null,null,null,null,null,null,null,null,null,null,null,null,null,null,null,null,null,null,null,null,null,null,null,null,null,null,null,null,null,null,null,null,null,null,null,null,null,null,null,null,null,null,null,null,null,null,null,null,null,null,null,null,null,null,null,null,null,null,null,null,null,null,null,null,null,null,null,null,null,"作業日数（実施）",{"$f":"SUMIFS($M$14:$EZ$14,$M26:$EZ26,\"BA\")+SUMIFS($M$14:$EZ$14,$M26:$EZ26,\"BB\")","v":10},"日"]
[]
[null,null,null,null,null,null,null,null,null,null,null,null,"BA","BA","BA","BA"]
[]
[]
[null,null,"地質調査",null,"計画","2018-11-20","(火)","2019-03-05","(火)",null,null,{"$f":"IF(J29=\"\",NETWORKDAYS(F29,H29,休日設定!$B$5:$B$342),NETWORKDAYS(F29,J29,休日設定!$B$5:$B$342))","v":68},null,null,null,null,null,null,null,null,null,null,null,null,null,null,null,null,null,null,null,null,null,null,null,null,null,null,null,null,null,null,null,null,null,null,null,null,null,null,null,null,null,null,null,null,null,null,null,null,null,null,null,null,null,null,null,null,null,null,null,null,null,null,null,null,null,null,null,null,null,null,null,null,null,null,null,null,null,null,null,null,null,null,null,null,null,null,null,null,null,null,null,null,null,null,null,null,null,null,null,null,null,null,null,null,null,null,null,null,null,null,null,null,null,null,null,null,null,null,null,null,null,null,null,null,null,null,null,null,null,null,null,null,null,null,null,null,null,null,null,null,null,null,null,null,"作業日数（計画）",{"$f":"SUMIFS($M$14:$EZ$14,$M31:$EZ31,\"AA\")+SUMIFS($M$14:$EZ$14,$M31:$EZ31,\"AB\")","v":41},"日"]
[]
[null,null,null,null,null,null,null,null,null,null,null,null,"AA","AA","AA","AA","AA","AA","AA","AA","AA","AA","AA","AA","AA"]
[]
[]
[null,null,null,null,"実施","2018-11-20","(火)","2019-03-08","(金)",null,null,{"$f":"IF(J34=\"\",NETWORKDAYS(F34,H34,休日設定!$B$5:$B$342),NETWORKDAYS(F34,J34,休日設定!$B$5:$B$342))","v":71},null,null,null,null,null,null,null,null,null,null,null,null,null,null,null,null,null,null,null,null,null,null,null,null,null,null,null,null,null,null,null,null,null,null,null,null,null,null,null,null,null,null,null,null,null,null,null,null,null,null,null,null,null,null,null,null,null,null,null,null,null,null,null,null,null,null,null,null,null,null,null,null,null,null,null,null,null,null,null,null,null,null,null,null,null,null,null,null,null,null,null,null,null,null,null,null,null,null,null,null,null,null,null,null,null,null,null,null,null,null,null,null,null,null,null,null,null,null,null,null,null,null,null,null,null,null,null,null,null,null,null,null,null,null,null,null,null,null,null,null,null,null,null,null,"作業日数（実施）",{"$f":"SUMIFS($M$14:$EZ$14,$M36:$EZ36,\"BA\")+SUMIFS($M$14:$EZ$14,$M36:$EZ36,\"BB\")","v":44},"日"]
[]
[null,null,null,null,null,null,null,null,null,null,null,null,"BA","BA","BA","BA","BA","BA","BA","BA","BA","BA","BA","BA","BA","BA"]
[]
[]
[null,null,null,null,"計画",null,null,null,null,null,null,{"$f":"IF(J39=\"\",NETWORKDAYS(F39,H39,休日設定!$B$5:$B$342),NETWORKDAYS(F39,J39,休日設定!$B$5:$B$342))","v":0},null,null,null,null,null,null,null,null,null,null,null,null,null,null,null,null,null,null,null,null,null,null,null,null,null,null,null,null,null,null,null,null,null,null,null,null,null,null,null,null,null,null,null,null,null,null,null,null,null,null,null,null,null,null,null,null,null,null,null,null,null,null,null,null,null,null,null,null,null,null,null,null,null,null,null,null,null,null,null,null,null,null,null,null,null,null,null,null,null,null,null,null,null,null,null,null,null,null,null,null,null,null,null,null,null,null,null,null,null,null,null,null,null,null,null,null,null,null,null,null,null,null,null,null,null,null,null,null,null,null,null,null,null,null,null,null,null,null,null,null,null,null,null,null,"作業日数（計画）",{"$f":"SUMIFS($M$14:$EZ$14,$M41:$EZ41,\"AA\")+SUMIFS($M$14:$EZ$14,$M41:$EZ41,\"AB\")","v":0},"日"]
[]
[]
[]
[]
[null,null,null,null,"実施",null,null,null,null,null,null,{"$f":"IF(J44=\"\",NETWORKDAYS(F44,H44,休日設定!$B$5:$B$342),NETWORKDAYS(F44,J44,休日設定!$B$5:$B$342))","v":0},null,null,null,null,null,null,null,null,null,null,null,null,null,null,null,null,null,null,null,null,null,null,null,null,null,null,null,null,null,null,null,null,null,null,null,null,null,null,null,null,null,null,null,null,null,null,null,null,null,null,null,null,null,null,null,null,null,null,null,null,null,null,null,null,null,null,null,null,null,null,null,null,null,null,null,null,null,null,null,null,null,null,null,null,null,null,null,null,null,null,null,null,null,null,null,null,null,null,null,null,null,null,null,null,null,null,null,null,null,null,null,null,null,null,null,null,null,null,null,null,null,null,null,null,null,null,null,null,null,null,null,null,null,null,null,null,null,null,null,null,null,null,null,null,"作業日数（実施）",{"$f":"SUMIFS($M$14:$EZ$14,$M46:$EZ46,\"BA\")+SUMIFS($M$14:$EZ$14,$M46:$EZ46,\"BB\")","v":0},"日"]
[]
[]
[]
[]
[null,null,null,null,"計画",null,null,null,null,null,null,{"$f":"IF(J49=\"\",NETWORKDAYS(F49,H49,休日設定!$B$5:$B$342),NETWORKDAYS(F49,J49,休日設定!$B$5:$B$342))","v":0},null,null,null,null,null,null,null,null,null,null,null,null,null,null,null,null,null,null,null,null,null,null,null,null,null,null,null,null,null,null,null,null,null,null,null,null,null,null,null,null,null,null,null,null,null,null,null,null,null,null,null,null,null,null,null,null,null,null,null,null,null,null,null,null,null,null,null,null,null,null,null,null,null,null,null,null,null,null,null,null,null,null,null,null,null,null,null,null,null,null,null,null,null,null,null,null,null,null,null,null,null,null,null,null,null,null,null,null,null,null,null,null,null,null,null,null,null,null,null,null,null,null,null,null,null,null,null,null,null,null,null,null,null,null,null,null,null,null,null,null,null,null,null,null,"作業日数（計画）",{"$f":"SUMIFS($M$14:$EZ$14,$M51:$EZ51,\"AA\")+SUMIFS($M$14:$EZ$14,$M51:$EZ51,\"AB\")","v":0},"日"]
[]
[]
[]
[]
[null,null,null,null,"実施",null,null,null,null,null,null,{"$f":"IF(J54=\"\",NETWORKDAYS(F54,H54,休日設定!$B$5:$B$342),NETWORKDAYS(F54,J54,休日設定!$B$5:$B$342))","v":0},null,null,null,null,null,null,null,null,null,null,null,null,null,null,null,null,null,null,null,null,null,null,null,null,null,null,null,null,null,null,null,null,null,null,null,null,null,null,null,null,null,null,null,null,null,null,null,null,null,null,null,null,null,null,null,null,null,null,null,null,null,null,null,null,null,null,null,null,null,null,null,null,null,null,null,null,null,null,null,null,null,null,null,null,null,null,null,null,null,null,null,null,null,null,null,null,null,null,null,null,null,null,null,null,null,null,null,null,null,null,null,null,null,null,null,null,null,null,null,null,null,null,null,null,null,null,null,null,null,null,null,null,null,null,null,null,null,null,null,null,null,null,null,null,"作業日数（実施）",{"$f":"SUMIFS($M$14:$EZ$14,$M56:$EZ56,\"BA\")+SUMIFS($M$14:$EZ$14,$M56:$EZ56,\"BB\")","v":0},"日"]
[]
[]
[]
[]
[]
[]
[]
[]
[]
[null,"受注者","照査◇、照査報告◆　（※手動入力、日付は初回照査～成果照査完了）",null,"計画","2019-01-21","(月)","2019-10-26","(土)",null,null,{"$f":"IF(J64=\"\",NETWORKDAYS(F64,H64,休日設定!$B$5:$B$342),NETWORKDAYS(F64,J64,休日設定!$B$5:$B$342))","v":183},null,null,null,null,null,null,null,null,null,null,null,null,null,null,null,null,null,null,null,null,null,null,null,null,null,null,null,null,null,null,null,null,null,null,null,null,null,null,null,null,null,null,null,null,null,null,null,null,null,null,null,null,null,null,null,null,null,null,null,null,null,null,null,null,null,null,null,null,null,null,null,null,null,null,null,null,null,null,null,null,null,null,null,null,null,null,null,null,null,null,null,null,null,null,null,null,null,null,null,null,null,null,null,null,null,null,null,null,null,null,null,null,null,null,null,null,null,null,null,null,null,null,null,null,null,null,null,null,null,null,null,null,null,null,null,null,null,null,null,null,null,null,null,null,"照査報告（計画）",{"$f":"COUNTIF(M64:EZ68,\"◆\")","v":0},"回"]
[]
[]
[]
[]
[null,null,null,null,"実施","2019-01-26","(土)","2019-10-26","(土)",null,null,{"$f":"IF(J69=\"\",NETWORKDAYS(F69,H69,休日設定!$B$5:$B$342),NETWORKDAYS(F69,J69,休日設定!$B$5:$B$342))","v":178},null,null,null,null,null,null,null,null,null,null,null,null,null,null,null,null,null,null,null,null,null,null,null,null,null,null,null,null,null,null,null,null,null,null,null,null,null,null,null,null,null,null,null,null,null,null,null,null,null,null,null,null,null,null,null,null,null,null,null,null,null,null,null,null,null,null,null,null,null,null,null,null,null,null,null,null,null,null,null,null,null,null,null,null,null,null,null,null,null,null,null,null,null,null,null,null,null,null,null,null,null,null,null,null,null,null,null,null,null,null,null,null,null,null,null,null,null,null,null,null,null,null,null,null,null,null,null,null,null,null,null,null,null,null,null,null,null,null,null,null,null,null,null,null,"照査報告（実施）",{"$f":"COUNTIF(M69:EZ73,\"◆\")","v":0},"回"]
[]
[]
[]
[]
[null,null,"設計計画(現地踏査等含む)",null,"計画","2019-01-17","(木)","2019-01-29","(火)",null,null,{"$f":"IF(J74=\"\",NETWORKDAYS(F74,H74,休日設定!$B$5:$B$342),NETWORKDAYS(F74,J74,休日設定!$B$5:$B$342))","v":9},null,null,null,null,null,null,null,null,null,null,null,null,null,null,null,null,null,null,null,null,null,null,null,null,null,null,null,null,null,null,null,null,null,null,null,null,null,null,null,null,null,null,null,null,null,null,null,null,null,null,null,null,null,null,null,null,null,null,null,null,null,null,null,null,null,null,null,null,null,null,null,null,null,null,null,null,null,null,null,null,null,null,null,null,null,null,null,null,null,null,null,null,null,null,null,null,null,null,null,null,null,null,null,null,null,null,null,null,null,null,null,null,null,null,null,null,null,null,null,null,null,null,null,null,null,null,null,null,null,null,null,null,null,null,null,null,null,null,null,null,null,null,null,null,"クリティカル(計画)",11.5,"日"]
[]
[null,null,null,null,null,null,null,null,null,null,null,null,null,null,null,"AA","AA","AA"]
[]
[null,null,null,null,null,null,null,null,null,null,null,null,null,null,null,3,3,3]
[null,null,null,null,"実施","2019-01-17","(木)","2019-01-29","(火)",null,null,{"$f":"IF(J79=\"\",NETWORKDAYS(F79,H79,休日設定!$B$5:$B$342),NETWORKDAYS(F79,J79,休日設定!$B$5:$B$342))","v":9},null,null,null,null,null,null,null,null,null,null,null,null,null,null,null,null,null,null,null,null,null,null,null,null,null,null,null,null,null,null,null,null,null,null,null,null,null,null,null,null,null,null,null,null,null,null,null,null,null,null,null,null,null,null,null,null,null,null,null,null,null,null,null,null,null,null,null,null,null,null,null,null,null,null,null,null,null,null,null,null,null,null,null,null,null,null,null,null,null,null,null,null,null,null,null,null,null,null,null,null,null,null,null,null,null,null,null,null,null,null,null,null,null,null,null,null,null,null,null,null,null,null,null,null,null,null,null,null,null,null,null,null,null,null,null,null,null,null,null,null,null,null,null,null,"クリティカル(実施)",11.5,"日"]
[]
[null,null,null,null,null,null,null,null,null,null,null,null,null,null,null,"BA","BA","BA"]
[]
[null,null,null,null,null,null,null,null,null,null,null,null,null,null,null,4,4,4]
[null,null,"基本事項の確定",null,"計画","2019-02-01","(金)","2019-02-28","(木)",null,null,{"$f":"IF(J84=\"\",NETWORKDAYS(F84,H84,休日設定!$B$5:$B$342),NETWORKDAYS(F84,J84,休日設定!$B$5:$B$342))","v":19},null,null,null,null,null,null,null,null,null,null,null,null,null,null,null,null,null,null,null,null,null,null,null,null,null,null,null,null,null,null,null,null,null,null,null,null,null,null,null,null,null,null,null,null,null,null,null,null,null,null,null,null,null,null,null,null,null,null,null,null,null,null,null,null,null,null,null,null,null,null,null,null,null,null,null,null,null,null,null,null,null,null,null,null,null,null,null,null,null,null,null,null,null,null,null,null,null,null,null,null,null,null,null,null,null,null,null,null,null,null,null,null,null,null,null,null,null,null,null,null,null,null,null,null,null,null,null,null,null,null,null,null,null,null,null,null,null,null,null,null,null,null,null,null,"クリティカル(計画)",19,"日"]
[]
[null,null,null,null,null,null,null,null,null,null,null,null,null,null,null,null,null,null,"AA","AA","AA","AA","AA","AA"]
[]
[null,null,null,null,null,null,null,null,null,null,null,null,null,null,null,null,null,null,3,3,3,3,3,3]
[null,null,null,null,"実施","2019-02-01","(金)","2019-02-28","(木)",null,null,{"$f":"IF(J89=\"\",NETWORKDAYS(F89,H89,休日設定!$B$5:$B$342),NETWORKDAYS(F89,J89,休日設定!$B$5:$B$342))","v":19},null,null,null,null,null,null,null,null,null,null,null,null,null,null,null,null,null,null,null,null,null,null,null,null,null,null,null,null,null,null,null,null,null,null,null,null,null,null,null,null,null,null,null,null,null,null,null,null,null,null,null,null,null,null,null,null,null,null,null,null,null,null,null,null,null,null,null,null,null,null,null,null,null,null,null,null,null,null,null,null,null,null,null,null,null,null,null,null,null,null,null,null,null,null,null,null,null,null,null,null,null,null,null,null,null,null,null,null,null,null,null,null,null,null,null,null,null,null,null,null,null,null,null,null,null,null,null,null,null,null,null,null,null,null,null,null,null,null,null,null,null,null,null,null,"クリティカル(実施)",19,"日"]
[]
[null,null,null,null,null,null,null,null,null,null,null,null,null,null,null,null,null,null,"BA","BA","BA","BA","BA","BA"]
[]
[null,null,null,null,null,null,null,null,null,null,null,null,null,null,null,null,null,null,4,4,4,4,4,4]
[null,null,"設計条件の整理・確認",null,"計画","2019-01-17","(木)","2019-02-28","(木)",null,null,{"$f":"IF(J94=\"\",NETWORKDAYS(F94,H94,休日設定!$B$5:$B$342),NETWORKDAYS(F94,J94,休日設定!$B$5:$B$342))","v":30},null,null,null,null,null,null,null,null,null,null,null,null,null,null,null,null,null,null,null,null,null,null,null,null,null,null,null,null,null,null,null,null,null,null,null,null,null,null,null,null,null,null,null,null,null,null,null,null,null,null,null,null,null,null,null,null,null,null,null,null,null,null,null,null,null,null,null,null,null,null,null,null,null,null,null,null,null,null,null,null,null,null,null,null,null,null,null,null,null,null,null,null,null,null,null,null,null,null,null,null,null,null,null,null,null,null,null,null,null,null,null,null,null,null,null,null,null,null,null,null,null,null,null,null,null,null,null,null,null,null,null,null,null,null,null,null,null,null,null,null,null,null,null,null,"クリティカル(計画)",0,"日"]
[]
[null,null,null,null,null,null,null,null,null,null,null,null,null,null,null,"AA","AA","AA","AA","AA","AA","AA","AA","AA"]
[]
[]
[null,null,null,null,"実施","2019-01-17","(木)","2019-02-28","(木)",null,null,{"$f":"IF(J99=\"\",NETWORKDAYS(F99,H99,休日設定!$B$5:$B$342),NETWORKDAYS(F99,J99,休日設定!$B$5:$B$342))","v":30},null,null,null,null,null,null,null,null,null,null,null,null,null,null,null,null,null,null,null,null,null,null,null,null,null,null,null,null,null,null,null,null,null,null,null,null,null,null,null,null,null,null,null,null,null,null,null,null,null,null,null,null,null,null,null,null,null,null,null,null,null,null,null,null,null,null,null,null,null,null,null,null,null,null,null,null,null,null,null,null,null,null,null,null,null,null,null,null,null,null,null,null,null,null,null,null,null,null,null,null,null,null,null,null,null,null,null,null,null,null,null,null,null,null,null,null,null,null,null,null,null,null,null,null,null,null,null,null,null,null,null,null,null,null,null,null,null,null,null,null,null,null,null,null,"クリティカル(実施)",0,"日"]
[]
[null,null,null,null,null,null,null,null,null,null,null,null,null,null,null,"BA","BA","BA","BA","BA","BA","BA","BA","BA"]
[]
[]
[null,null,"設計条件の確定（第1回照査報告）",null,"計画","2019-02-20","(水)","2019-04-28","(日)",null,null,{"$f":"IF(J104=\"\",NETWORKDAYS(F104,H104,休日設定!$B$5:$B$342),NETWORKDAYS(F104,J104,休日設定!$B$5:$B$342))","v":47},null,null,null,null,null,null,null,null,null,null,null,null,null,null,null,null,null,null,null,null,null,null,null,null,null,null,null,null,null,null,null,null,null,null,null,null,null,null,null,null,null,null,null,null,null,null,null,null,null,null,null,null,null,null,null,null,null,null,null,null,null,null,null,null,null,null,null,null,null,null,null,null,null,null,null,null,null,null,null,null,null,null,null,null,null,null,null,null,null,null,null,null,null,null,null,null,null,null,null,null,null,null,null,null,null,null,null,null,null,null,null,null,null,null,null,null,null,null,null,null,null,null,null,null,null,null,null,null,null,null,null,null,null,null,null,null,null,null,null,null,null,null,null,null,"クリティカル(計画)",40,"日"]
[]
[null,null,null,null,null,null,null,null,null,null,null,null,null,null,null,null,null,null,null,null,null,"AA","AA","AA","AA","AA","AA","AA","AA","AA","AA","AA","AA","AA","AA","AA"]
[]
[null,null,null,null,null,null,null,null,null,null,null,null,null,null,null,null,null,null,null,null,null,null,null,null,3,3,3,3,3,3,3,3,3,3,3,3]
[null,null,null,null,"実施","2019-02-20","(水)","2019-05-16","(木)",null,null,{"$f":"IF(J109=\"\",NETWORKDAYS(F109,H109,休日設定!$B$5:$B$342),NETWORKDAYS(F109,J109,休日設定!$B$5:$B$342))","v":55},null,null,null,null,null,null,null,null,null,null,null,null,null,null,null,null,null,null,null,null,null,null,null,null,null,null,null,null,null,null,null,null,null,null,null,null,null,null,null,null,null,null,null,null,null,null,null,null,null,null,null,null,null,null,null,null,null,null,null,null,null,null,null,null,null,null,null,null,null,null,null,null,null,null,null,null,null,null,null,null,null,null,null,null,null,null,null,null,null,null,null,null,null,null,null,null,null,null,null,null,null,null,null,null,null,null,null,null,null,null,null,null,null,null,null,null,null,null,null,null,null,null,null,null,null,null,null,null,null,null,null,null,null,null,null,null,null,null,null,null,null,null,null,null,"クリティカル(実施)",50,"日"]
[]
[null,null,null,null,null,null,null,null,null,null,null,null,null,null,null,null,null,null,null,null,null,"BA","BA","BA","BA","BA","BA","BA","BA","BA","BA","BA","BA","BA","BA","BA","BA","BA","BA","BA"]
[]
[null,null,null,null,null,null,null,null,null,null,null,null,null,null,null,null,null,null,null,null,null,null,null,null,4,4,4,4,4,4,4,4,4,4,4,4,4,4,4,4]
[null,null,"道路詳細設計（Ａ）予備設計あり",null,"計画","2019-04-01","(月)","2019-07-07","(日)","2019-07-30","(火)",{"$f":"IF(J114=\"\",NETWORKDAYS(F114,H114,休日設定!$B$5:$B$342),NETWORKDAYS(F114,J114,休日設定!$B$5:$B$342))","v":80},null,null,null,null,null,null,null,null,null,null,null,null,null,null,null,null,null,null,null,null,null,null,null,null,null,null,null,null,null,null,null,null,null,null,null,null,null,null,null,null,null,null,null,null,null,null,null,null,null,null,null,null,null,null,null,null,null,null,null,null,null,null,null,null,null,null,null,null,null,null,null,null,null,null,null,null,null,null,null,null,null,null,null,null,null,null,null,null,null,null,null,null,null,null,null,null,null,null,null,null,null,null,null,null,null,null,null,null,null,null,null,null,null,null,null,null,null,null,null,null,null,null,null,null,null,null,null,null,null,null,null,null,null,null,null,null,null,null,null,null,null,null,null,null,"クリティカル(計画)",61,"日"]
[]
[null,null,null,null,null,null,null,null,null,null,null,null,null,null,null,null,null,null,null,null,null,null,null,null,null,null,null,null,null,null,"AA","AA","AA","AA","AA","AA","AA","AA","AA","AA","AA","AA","AA","AA","AA","AA","AA","AA","AA","AA","AB","AB","AB","AB"]
[]
[null,null,null,null,null,null,null,null,null,null,null,null,null,null,null,null,null,null,null,null,null,null,null,null,null,null,null,null,null,null,null,null,null,null,null,null,3,3,3,3,3,3,3,3,3,3,3,3,3,3,3,3,3,3]
[null,null,null,null,"実施","2019-04-18","(木)","2019-07-15","(月)","2019-08-05","(月)",{"$f":"IF(J119=\"\",NETWORKDAYS(F119,H119,休日設定!$B$5:$B$342),NETWORKDAYS(F119,J119,休日設定!$B$5:$B$342))","v":71},null,null,null,null,null,null,null,null,null,null,null,null,null,null,null,null,null,null,null,null,null,null,null,null,null,null,null,null,null,null,null,null,null,null,null,null,null,null,null,null,null,null,null,null,null,null,null,null,null,null,null,null,null,null,null,null,null,null,null,null,null,null,null,null,null,null,null,null,null,null,null,null,null,null,null,null,null,null,null,null,null,null,null,null,null,null,null,null,null,null,null,null,null,null,null,null,null,null,null,null,null,null,null,null,null,null,null,null,null,null,null,null,null,null,null,null,null,null,null,null,null,null,null,null,null,null,null,null,null,null,null,null,null,null,null,null,null,null,null,null,null,null,null,null,"クリティカル(実施)",54.5,"日"]
[]
[null,null,null,null,null,null,null,null,null,null,null,null,null,null,null,null,null,null,null,null,null,null,null,null,null,null,null,null,null,null,null,null,null,"BA","BA","BA","BA","BA","BA","BA","BA","BA","BA","BA","BA","BA","BA","BA","BA","BA","BA","BB","BB","BB","BB"]
[]
[null,null,null,null,null,null,null,null,null,null,null,null,null,null,null,null,null,null,null,null,null,null,null,null,null,null,null,null,null,null,null,null,null,null,null,null,null,null,null,null,4,4,4,4,4,4,4,4,4,4,4,4,4,4,4]
[null,null,null,null,"計画",null,null,null,null,null,null,{"$f":"IF(J124=\"\",NETWORKDAYS(F124,H124,休日設定!$B$5:$B$342),NETWORKDAYS(F124,J124,休日設定!$B$5:$B$342))","v":0},null,null,null,null,null,null,null,null,null,null,null,null,null,null,null,null,null,null,null,null,null,null,null,null,null,null,null,null,null,null,null,null,null,null,null,null,null,null,null,null,null,null,null,null,null,null,null,null,null,null,null,null,null,null,null,null,null,null,null,null,null,null,null,null,null,null,null,null,null,null,null,null,null,null,null,null,null,null,null,null,null,null,null,null,null,null,null,null,null,null,null,null,null,null,null,null,null,null,null,null,null,null,null,null,null,null,null,null,null,null,null,null,null,null,null,null,null,null,null,null,null,null,null,null,null,null,null,null,null,null,null,null,null,null,null,null,null,null,null,null,null,null,null,null,"クリティカル(計画)",0,"日"]
[]
[]
[]
[]
[null,null,null,null,"実施",null,null,null,null,null,null,{"$f":"IF(J129=\"\",NETWORKDAYS(F129,H129,休日設定!$B$5:$B$342),NETWORKDAYS(F129,J129,休日設定!$B$5:$B$342))","v":0},null,null,null,null,null,null,null,null,null,null,null,null,null,null,null,null,null,null,null,null,null,null,null,null,null,null,null,null,null,null,null,null,null,null,null,null,null,null,null,null,null,null,null,null,null,null,null,null,null,null,null,null,null,null,null,null,null,null,null,null,null,null,null,null,null,null,null,null,null,null,null,null,null,null,null,null,null,null,null,null,null,null,null,null,null,null,null,null,null,null,null,null,null,null,null,null,null,null,null,null,null,null,null,null,null,null,null,null,null,null,null,null,null,null,null,null,null,null,null,null,null,null,null,null,null,null,null,null,null,null,null,null,null,null,null,null,null,null,null,null,null,null,null,null,"クリティカル(実施)",0,"日"]
[]
[]
[]
[]
[null,null,null,null,"計画",null,null,null,null,null,null,{"$f":"IF(J134=\"\",NETWORKDAYS(F134,H134,休日設定!$B$5:$B$342),NETWORKDAYS(F134,J134,休日設定!$B$5:$B$342))","v":0},null,null,null,null,null,null,null,null,null,null,null,null,null,null,null,null,null,null,null,null,null,null,null,null,null,null,null,null,null,null,null,null,null,null,null,null,null,null,null,null,null,null,null,null,null,null,null,null,null,null,null,null,null,null,null,null,null,null,null,null,null,null,null,null,null,null,null,null,null,null,null,null,null,null,null,null,null,null,null,null,null,null,null,null,null,null,null,null,null,null,null,null,null,null,null,null,null,null,null,null,null,null,null,null,null,null,null,null,null,null,null,null,null,null,null,null,null,null,null,null,null,null,null,null,null,null,null,null,null,null,null,null,null,null,null,null,null,null,null,null,null,null,null,null,"クリティカル(計画)",0,"日"]
[]
[]
[]
[]
[null,null,null,null,"実施",null,null,null,null,null,null,{"$f":"IF(J139=\"\",NETWORKDAYS(F139,H139,休日設定!$B$5:$B$342),NETWORKDAYS(F139,J139,休日設定!$B$5:$B$342))","v":0},null,null,null,null,null,null,null,null,null,null,null,null,null,null,null,null,null,null,null,null,null,null,null,null,null,null,null,null,null,null,null,null,null,null,null,null,null,null,null,null,null,null,null,null,null,null,null,null,null,null,null,null,null,null,null,null,null,null,null,null,null,null,null,null,null,null,null,null,null,null,null,null,null,null,null,null,null,null,null,null,null,null,null,null,null,null,null,null,null,null,null,null,null,null,null,null,null,null,null,null,null,null,null,null,null,null,null,null,null,null,null,null,null,null,null,null,null,null,null,null,null,null,null,null,null,null,null,null,null,null,null,null,null,null,null,null,null,null,null,null,null,null,null,null,"クリティカル(実施)",0,"日"]
[]
[]
[]
[]
[null,null,null,null,"計画",null,null,null,null,null,null,{"$f":"IF(J144=\"\",NETWORKDAYS(F144,H144,休日設定!$B$5:$B$342),NETWORKDAYS(F144,J144,休日設定!$B$5:$B$342))","v":0},null,null,null,null,null,null,null,null,null,null,null,null,null,null,null,null,null,null,null,null,null,null,null,null,null,null,null,null,null,null,null,null,null,null,null,null,null,null,null,null,null,null,null,null,null,null,null,null,null,null,null,null,null,null,null,null,null,null,null,null,null,null,null,null,null,null,null,null,null,null,null,null,null,null,null,null,null,null,null,null,null,null,null,null,null,null,null,null,null,null,null,null,null,null,null,null,null,null,null,null,null,null,null,null,null,null,null,null,null,null,null,null,null,null,null,null,null,null,null,null,null,null,null,null,null,null,null,null,null,null,null,null,null,null,null,null,null,null,null,null,null,null,null,null,"クリティカル(計画)",0,"日"]
[]
[]
[]
[]
[null,null,null,null,"実施",null,null,null,null,null,null,{"$f":"IF(J149=\"\",NETWORKDAYS(F149,H149,休日設定!$B$5:$B$342),NETWORKDAYS(F149,J149,休日設定!$B$5:$B$342))","v":0},null,null,null,null,null,null,null,null,null,null,null,null,null,null,null,null,null,null,null,null,null,null,null,null,null,null,null,null,null,null,null,null,null,null,null,null,null,null,null,null,null,null,null,null,null,null,null,null,null,null,null,null,null,null,null,null,null,null,null,null,null,null,null,null,null,null,null,null,null,null,null,null,null,null,null,null,null,null,null,null,null,null,null,null,null,null,null,null,null,null,null,null,null,null,null,null,null,null,null,null,null,null,null,null,null,null,null,null,null,null,null,null,null,null,null,null,null,null,null,null,null,null,null,null,null,null,null,null,null,null,null,null,null,null,null,null,null,null,null,null,null,null,null,null,"クリティカル(実施)",0,"日"]
[]
[]
[]
[]
[null,null,null,null,"計画",null,null,null,null,null,null,{"$f":"IF(J154=\"\",NETWORKDAYS(F154,H154,休日設定!$B$5:$B$342),NETWORKDAYS(F154,J154,休日設定!$B$5:$B$342))","v":0},null,null,null,null,null,null,null,null,null,null,null,null,null,null,null,null,null,null,null,null,null,null,null,null,null,null,null,null,null,null,null,null,null,null,null,null,null,null,null,null,null,null,null,null,null,null,null,null,null,null,null,null,null,null,null,null,null,null,null,null,null,null,null,null,null,null,null,null,null,null,null,null,null,null,null,null,null,null,null,null,null,null,null,null,null,null,null,null,null,null,null,null,null,null,null,null,null,null,null,null,null,null,null,null,null,null,null,null,null,null,null,null,null,null,null,null,null,null,null,null,null,null,null,null,null,null,null,null,null,null,null,null,null,null,null,null,null,null,null,null,null,null,null,null,"クリティカル(計画)",0,"日"]
[]
[]
[]
[]
[null,null,null,null,"実施",null,null,null,null,null,null,{"$f":"IF(J159=\"\",NETWORKDAYS(F159,H159,休日設定!$B$5:$B$342),NETWORKDAYS(F159,J159,休日設定!$B$5:$B$342))","v":0},null,null,null,null,null,null,null,null,null,null,null,null,null,null,null,null,null,null,null,null,null,null,null,null,null,null,null,null,null,null,null,null,null,null,null,null,null,null,null,null,null,null,null,null,null,null,null,null,null,null,null,null,null,null,null,null,null,null,null,null,null,null,null,null,null,null,null,null,null,null,null,null,null,null,null,null,null,null,null,null,null,null,null,null,null,null,null,null,null,null,null,null,null,null,null,null,null,null,null,null,null,null,null,null,null,null,null,null,null,null,null,null,null,null,null,null,null,null,null,null,null,null,null,null,null,null,null,null,null,null,null,null,null,null,null,null,null,null,null,null,null,null,null,null,"クリティカル(実施)",0,"日"]
[]
[]
[]
[]
[null,null,null,null,"計画",null,null,null,null,null,null,{"$f":"IF(J164=\"\",NETWORKDAYS(F164,H164,休日設定!$B$5:$B$342),NETWORKDAYS(F164,J164,休日設定!$B$5:$B$342))","v":0},null,null,null,null,null,null,null,null,null,null,null,null,null,null,null,null,null,null,null,null,null,null,null,null,null,null,null,null,null,null,null,null,null,null,null,null,null,null,null,null,null,null,null,null,null,null,null,null,null,null,null,null,null,null,null,null,null,null,null,null,null,null,null,null,null,null,null,null,null,null,null,null,null,null,null,null,null,null,null,null,null,null,null,null,null,null,null,null,null,null,null,null,null,null,null,null,null,null,null,null,null,null,null,null,null,null,null,null,null,null,null,null,null,null,null,null,null,null,null,null,null,null,null,null,null,null,null,null,null,null,null,null,null,null,null,null,null,null,null,null,null,null,null,null,"クリティカル(計画)",0,"日"]
[]
[]
[]
[]
[null,null,null,null,"実施",null,null,null,null,null,null,{"$f":"IF(J169=\"\",NETWORKDAYS(F169,H169,休日設定!$B$5:$B$342),NETWORKDAYS(F169,J169,休日設定!$B$5:$B$342))","v":0},null,null,null,null,null,null,null,null,null,null,null,null,null,null,null,null,null,null,null,null,null,null,null,null,null,null,null,null,null,null,null,null,null,null,null,null,null,null,null,null,null,null,null,null,null,null,null,null,null,null,null,null,null,null,null,null,null,null,null,null,null,null,null,null,null,null,null,null,null,null,null,null,null,null,null,null,null,null,null,null,null,null,null,null,null,null,null,null,null,null,null,null,null,null,null,null,null,null,null,null,null,null,null,null,null,null,null,null,null,null,null,null,null,null,null,null,null,null,null,null,null,null,null,null,null,null,null,null,null,null,null,null,null,null,null,null,null,null,null,null,null,null,null,null,"クリティカル(実施)",0,"日"]
[]
[]
[]
[]
[null,null,null,null,"計画",null,null,null,null,null,null,{"$f":"IF(J174=\"\",NETWORKDAYS(F174,H174,休日設定!$B$5:$B$342),NETWORKDAYS(F174,J174,休日設定!$B$5:$B$342))","v":0},null,null,null,null,null,null,null,null,null,null,null,null,null,null,null,null,null,null,null,null,null,null,null,null,null,null,null,null,null,null,null,null,null,null,null,null,null,null,null,null,null,null,null,null,null,null,null,null,null,null,null,null,null,null,null,null,null,null,null,null,null,null,null,null,null,null,null,null,null,null,null,null,null,null,null,null,null,null,null,null,null,null,null,null,null,null,null,null,null,null,null,null,null,null,null,null,null,null,null,null,null,null,null,null,null,null,null,null,null,null,null,null,null,null,null,null,null,null,null,null,null,null,null,null,null,null,null,null,null,null,null,null,null,null,null,null,null,null,null,null,null,null,null,null,"クリティカル(計画)",0,"日"]
[]
[]
[]
[]
[null,null,null,null,"実施",null,null,null,null,null,null,{"$f":"IF(J179=\"\",NETWORKDAYS(F179,H179,休日設定!$B$5:$B$342),NETWORKDAYS(F179,J179,休日設定!$B$5:$B$342))","v":0},null,null,null,null,null,null,null,null,null,null,null,null,null,null,null,null,null,null,null,null,null,null,null,null,null,null,null,null,null,null,null,null,null,null,null,null,null,null,null,null,null,null,null,null,null,null,null,null,null,null,null,null,null,null,null,null,null,null,null,null,null,null,null,null,null,null,null,null,null,null,null,null,null,null,null,null,null,null,null,null,null,null,null,null,null,null,null,null,null,null,null,null,null,null,null,null,null,null,null,null,null,null,null,null,null,null,null,null,null,null,null,null,null,null,null,null,null,null,null,null,null,null,null,null,null,null,null,null,null,null,null,null,null,null,null,null,null,null,null,null,null,null,null,null,"クリティカル(実施)",0,"日"]
[]
[]
[]
[]
[null,null,null,null,"計画",null,null,null,null,null,null,{"$f":"IF(J184=\"\",NETWORKDAYS(F184,H184,休日設定!$B$5:$B$342),NETWORKDAYS(F184,J184,休日設定!$B$5:$B$342))","v":0},null,null,null,null,null,null,null,null,null,null,null,null,null,null,null,null,null,null,null,null,null,null,null,null,null,null,null,null,null,null,null,null,null,null,null,null,null,null,null,null,null,null,null,null,null,null,null,null,null,null,null,null,null,null,null,null,null,null,null,null,null,null,null,null,null,null,null,null,null,null,null,null,null,null,null,null,null,null,null,null,null,null,null,null,null,null,null,null,null,null,null,null,null,null,null,null,null,null,null,null,null,null,null,null,null,null,null,null,null,null,null,null,null,null,null,null,null,null,null,null,null,null,null,null,null,null,null,null,null,null,null,null,null,null,null,null,null,null,null,null,null,null,null,null,"クリティカル(計画)",0,"日"]
[]
[]
[]
[]
[null,null,null,null,"実施",null,null,null,null,null,null,{"$f":"IF(J189=\"\",NETWORKDAYS(F189,H189,休日設定!$B$5:$B$342),NETWORKDAYS(F189,J189,休日設定!$B$5:$B$342))","v":0},null,null,null,null,null,null,null,null,null,null,null,null,null,null,null,null,null,null,null,null,null,null,null,null,null,null,null,null,null,null,null,null,null,null,null,null,null,null,null,null,null,null,null,null,null,null,null,null,null,null,null,null,null,null,null,null,null,null,null,null,null,null,null,null,null,null,null,null,null,null,null,null,null,null,null,null,null,null,null,null,null,null,null,null,null,null,null,null,null,null,null,null,null,null,null,null,null,null,null,null,null,null,null,null,null,null,null,null,null,null,null,null,null,null,null,null,null,null,null,null,null,null,null,null,null,null,null,null,null,null,null,null,null,null,null,null,null,null,null,null,null,null,null,null,"クリティカル(実施)",0,"日"]
[]
[]
[]
[]
[null,null,null,null,"計画",null,null,null,null,null,null,{"$f":"IF(J194=\"\",NETWORKDAYS(F194,H194,休日設定!$B$5:$B$342),NETWORKDAYS(F194,J194,休日設定!$B$5:$B$342))","v":0},null,null,null,null,null,null,null,null,null,null,null,null,null,null,null,null,null,null,null,null,null,null,null,null,null,null,null,null,null,null,null,null,null,null,null,null,null,null,null,null,null,null,null,null,null,null,null,null,null,null,null,null,null,null,null,null,null,null,null,null,null,null,null,null,null,null,null,null,null,null,null,null,null,null,null,null,null,null,null,null,null,null,null,null,null,null,null,null,null,null,null,null,null,null,null,null,null,null,null,null,null,null,null,null,null,null,null,null,null,null,null,null,null,null,null,null,null,null,null,null,null,null,null,null,null,null,null,null,null,null,null,null,null,null,null,null,null,null,null,null,null,null,null,null,"クリティカル(計画)",0,"日"]
[]
[]
[]
[]
[null,null,null,null,"実施",null,null,null,null,null,null,{"$f":"IF(J199=\"\",NETWORKDAYS(F199,H199,休日設定!$B$5:$B$342),NETWORKDAYS(F199,J199,休日設定!$B$5:$B$342))","v":0},null,null,null,null,null,null,null,null,null,null,null,null,null,null,null,null,null,null,null,null,null,null,null,null,null,null,null,null,null,null,null,null,null,null,null,null,null,null,null,null,null,null,null,null,null,null,null,null,null,null,null,null,null,null,null,null,null,null,null,null,null,null,null,null,null,null,null,null,null,null,null,null,null,null,null,null,null,null,null,null,null,null,null,null,null,null,null,null,null,null,null,null,null,null,null,null,null,null,null,null,null,null,null,null,null,null,null,null,null,null,null,null,null,null,null,null,null,null,null,null,null,null,null,null,null,null,null,null,null,null,null,null,null,null,null,null,null,null,null,null,null,null,null,null,"クリティカル(実施)",0,"日"]
[]
[]
[]
[]
[null,null,null,null,"計画",null,null,null,null,null,null,{"$f":"IF(J204=\"\",NETWORKDAYS(F204,H204,休日設定!$B$5:$B$342),NETWORKDAYS(F204,J204,休日設定!$B$5:$B$342))","v":0},null,null,null,null,null,null,null,null,null,null,null,null,null,null,null,null,null,null,null,null,null,null,null,null,null,null,null,null,null,null,null,null,null,null,null,null,null,null,null,null,null,null,null,null,null,null,null,null,null,null,null,null,null,null,null,null,null,null,null,null,null,null,null,null,null,null,null,null,null,null,null,null,null,null,null,null,null,null,null,null,null,null,null,null,null,null,null,null,null,null,null,null,null,null,null,null,null,null,null,null,null,null,null,null,null,null,null,null,null,null,null,null,null,null,null,null,null,null,null,null,null,null,null,null,null,null,null,null,null,null,null,null,null,null,null,null,null,null,null,null,null,null,null,null,"クリティカル(計画)",0,"日"]
[]
[]
[]
[]
[null,null,null,null,"実施",null,null,null,null,null,null,{"$f":"IF(J209=\"\",NETWORKDAYS(F209,H209,休日設定!$B$5:$B$342),NETWORKDAYS(F209,J209,休日設定!$B$5:$B$342))","v":0},null,null,null,null,null,null,null,null,null,null,null,null,null,null,null,null,null,null,null,null,null,null,null,null,null,null,null,null,null,null,null,null,null,null,null,null,null,null,null,null,null,null,null,null,null,null,null,null,null,null,null,null,null,null,null,null,null,null,null,null,null,null,null,null,null,null,null,null,null,null,null,null,null,null,null,null,null,null,null,null,null,null,null,null,null,null,null,null,null,null,null,null,null,null,null,null,null,null,null,null,null,null,null,null,null,null,null,null,null,null,null,null,null,null,null,null,null,null,null,null,null,null,null,null,null,null,null,null,null,null,null,null,null,null,null,null,null,null,null,null,null,null,null,null,"クリティカル(実施)",0,"日"]
[]
[]
[]
[]
[null,null,null,null,"計画",null,null,null,null,null,null,{"$f":"IF(J214=\"\",NETWORKDAYS(F214,H214,休日設定!$B$5:$B$342),NETWORKDAYS(F214,J214,休日設定!$B$5:$B$342))","v":0},null,null,null,null,null,null,null,null,null,null,null,null,null,null,null,null,null,null,null,null,null,null,null,null,null,null,null,null,null,null,null,null,null,null,null,null,null,null,null,null,null,null,null,null,null,null,null,null,null,null,null,null,null,null,null,null,null,null,null,null,null,null,null,null,null,null,null,null,null,null,null,null,null,null,null,null,null,null,null,null,null,null,null,null,null,null,null,null,null,null,null,null,null,null,null,null,null,null,null,null,null,null,null,null,null,null,null,null,null,null,null,null,null,null,null,null,null,null,null,null,null,null,null,null,null,null,null,null,null,null,null,null,null,null,null,null,null,null,null,null,null,null,null,null,"クリティカル(計画)",0,"日"]
[]
[]
[]
[]
[null,null,null,null,"実施",null,null,null,null,null,null,{"$f":"IF(J219=\"\",NETWORKDAYS(F219,H219,休日設定!$B$5:$B$342),NETWORKDAYS(F219,J219,休日設定!$B$5:$B$342))","v":0},null,null,null,null,null,null,null,null,null,null,null,null,null,null,null,null,null,null,null,null,null,null,null,null,null,null,null,null,null,null,null,null,null,null,null,null,null,null,null,null,null,null,null,null,null,null,null,null,null,null,null,null,null,null,null,null,null,null,null,null,null,null,null,null,null,null,null,null,null,null,null,null,null,null,null,null,null,null,null,null,null,null,null,null,null,null,null,null,null,null,null,null,null,null,null,null,null,null,null,null,null,null,null,null,null,null,null,null,null,null,null,null,null,null,null,null,null,null,null,null,null,null,null,null,null,null,null,null,null,null,null,null,null,null,null,null,null,null,null,null,null,null,null,null,"クリティカル(実施)",0,"日"]
[]
[]
[]
[]
[null,null,null,null,"計画",null,null,null,null,null,null,{"$f":"IF(J224=\"\",NETWORKDAYS(F224,H224,休日設定!$B$5:$B$342),NETWORKDAYS(F224,J224,休日設定!$B$5:$B$342))","v":0},null,null,null,null,null,null,null,null,null,null,null,null,null,null,null,null,null,null,null,null,null,null,null,null,null,null,null,null,null,null,null,null,null,null,null,null,null,null,null,null,null,null,null,null,null,null,null,null,null,null,null,null,null,null,null,null,null,null,null,null,null,null,null,null,null,null,null,null,null,null,null,null,null,null,null,null,null,null,null,null,null,null,null,null,null,null,null,null,null,null,null,null,null,null,null,null,null,null,null,null,null,null,null,null,null,null,null,null,null,null,null,null,null,null,null,null,null,null,null,null,null,null,null,null,null,null,null,null,null,null,null,null,null,null,null,null,null,null,null,null,null,null,null,null,"クリティカル(計画)",0,"日"]
[]
[]
[]
[]
[null,null,null,null,"実施",null,null,null,null,null,null,{"$f":"IF(J229=\"\",NETWORKDAYS(F229,H229,休日設定!$B$5:$B$342),NETWORKDAYS(F229,J229,休日設定!$B$5:$B$342))","v":0},null,null,null,null,null,null,null,null,null,null,null,null,null,null,null,null,null,null,null,null,null,null,null,null,null,null,null,null,null,null,null,null,null,null,null,null,null,null,null,null,null,null,null,null,null,null,null,null,null,null,null,null,null,null,null,null,null,null,null,null,null,null,null,null,null,null,null,null,null,null,null,null,null,null,null,null,null,null,null,null,null,null,null,null,null,null,null,null,null,null,null,null,null,null,null,null,null,null,null,null,null,null,null,null,null,null,null,null,null,null,null,null,null,null,null,null,null,null,null,null,null,null,null,null,null,null,null,null,null,null,null,null,null,null,null,null,null,null,null,null,null,null,null,null,"クリティカル(実施)",0,"日"]
[]
[]
[]
[]
[null,null,null,null,"計画",null,null,null,null,null,null,{"$f":"IF(J234=\"\",NETWORKDAYS(F234,H234,休日設定!$B$5:$B$342),NETWORKDAYS(F234,J234,休日設定!$B$5:$B$342))","v":0},null,null,null,null,null,null,null,null,null,null,null,null,null,null,null,null,null,null,null,null,null,null,null,null,null,null,null,null,null,null,null,null,null,null,null,null,null,null,null,null,null,null,null,null,null,null,null,null,null,null,null,null,null,null,null,null,null,null,null,null,null,null,null,null,null,null,null,null,null,null,null,null,null,null,null,null,null,null,null,null,null,null,null,null,null,null,null,null,null,null,null,null,null,null,null,null,null,null,null,null,null,null,null,null,null,null,null,null,null,null,null,null,null,null,null,null,null,null,null,null,null,null,null,null,null,null,null,null,null,null,null,null,null,null,null,null,null,null,null,null,null,null,null,null,"クリティカル(計画)",0,"日"]
[]
[]
[]
[]
[null,null,null,null,"実施",null,null,null,null,null,null,{"$f":"IF(J239=\"\",NETWORKDAYS(F239,H239,休日設定!$B$5:$B$342),NETWORKDAYS(F239,J239,休日設定!$B$5:$B$342))","v":0},null,null,null,null,null,null,null,null,null,null,null,null,null,null,null,null,null,null,null,null,null,null,null,null,null,null,null,null,null,null,null,null,null,null,null,null,null,null,null,null,null,null,null,null,null,null,null,null,null,null,null,null,null,null,null,null,null,null,null,null,null,null,null,null,null,null,null,null,null,null,null,null,null,null,null,null,null,null,null,null,null,null,null,null,null,null,null,null,null,null,null,null,null,null,null,null,null,null,null,null,null,null,null,null,null,null,null,null,null,null,null,null,null,null,null,null,null,null,null,null,null,null,null,null,null,null,null,null,null,null,null,null,null,null,null,null,null,null,null,null,null,null,null,null,"クリティカル(実施)",0,"日"]
[]
[]
[]
[]
[null,null,null,null,"計画",null,null,null,null,null,null,{"$f":"IF(J244=\"\",NETWORKDAYS(F244,H244,休日設定!$B$5:$B$342),NETWORKDAYS(F244,J244,休日設定!$B$5:$B$342))","v":0},null,null,null,null,null,null,null,null,null,null,null,null,null,null,null,null,null,null,null,null,null,null,null,null,null,null,null,null,null,null,null,null,null,null,null,null,null,null,null,null,null,null,null,null,null,null,null,null,null,null,null,null,null,null,null,null,null,null,null,null,null,null,null,null,null,null,null,null,null,null,null,null,null,null,null,null,null,null,null,null,null,null,null,null,null,null,null,null,null,null,null,null,null,null,null,null,null,null,null,null,null,null,null,null,null,null,null,null,null,null,null,null,null,null,null,null,null,null,null,null,null,null,null,null,null,null,null,null,null,null,null,null,null,null,null,null,null,null,null,null,null,null,null,null,"クリティカル(計画)",0,"日"]
[]
[]
[]
[]
[null,null,null,null,"実施",null,null,null,null,null,null,{"$f":"IF(J249=\"\",NETWORKDAYS(F249,H249,休日設定!$B$5:$B$342),NETWORKDAYS(F249,J249,休日設定!$B$5:$B$342))","v":0},null,null,null,null,null,null,null,null,null,null,null,null,null,null,null,null,null,null,null,null,null,null,null,null,null,null,null,null,null,null,null,null,null,null,null,null,null,null,null,null,null,null,null,null,null,null,null,null,null,null,null,null,null,null,null,null,null,null,null,null,null,null,null,null,null,null,null,null,null,null,null,null,null,null,null,null,null,null,null,null,null,null,null,null,null,null,null,null,null,null,null,null,null,null,null,null,null,null,null,null,null,null,null,null,null,null,null,null,null,null,null,null,null,null,null,null,null,null,null,null,null,null,null,null,null,null,null,null,null,null,null,null,null,null,null,null,null,null,null,null,null,null,null,null,"クリティカル(実施)",0,"日"]
[]
[]
[]
[]
[null,null,null,null,"計画",null,null,null,null,null,null,{"$f":"IF(J254=\"\",NETWORKDAYS(F254,H254,休日設定!$B$5:$B$342),NETWORKDAYS(F254,J254,休日設定!$B$5:$B$342))","v":0},null,null,null,null,null,null,null,null,null,null,null,null,null,null,null,null,null,null,null,null,null,null,null,null,null,null,null,null,null,null,null,null,null,null,null,null,null,null,null,null,null,null,null,null,null,null,null,null,null,null,null,null,null,null,null,null,null,null,null,null,null,null,null,null,null,null,null,null,null,null,null,null,null,null,null,null,null,null,null,null,null,null,null,null,null,null,null,null,null,null,null,null,null,null,null,null,null,null,null,null,null,null,null,null,null,null,null,null,null,null,null,null,null,null,null,null,null,null,null,null,null,null,null,null,null,null,null,null,null,null,null,null,null,null,null,null,null,null,null,null,null,null,null,null,"クリティカル(計画)",0,"日"]
[]
[]
[]
[]
[null,null,null,null,"実施",null,null,null,null,null,null,{"$f":"IF(J259=\"\",NETWORKDAYS(F259,H259,休日設定!$B$5:$B$342),NETWORKDAYS(F259,J259,休日設定!$B$5:$B$342))","v":0},null,null,null,null,null,null,null,null,null,null,null,null,null,null,null,null,null,null,null,null,null,null,null,null,null,null,null,null,null,null,null,null,null,null,null,null,null,null,null,null,null,null,null,null,null,null,null,null,null,null,null,null,null,null,null,null,null,null,null,null,null,null,null,null,null,null,null,null,null,null,null,null,null,null,null,null,null,null,null,null,null,null,null,null,null,null,null,null,null,null,null,null,null,null,null,null,null,null,null,null,null,null,null,null,null,null,null,null,null,null,null,null,null,null,null,null,null,null,null,null,null,null,null,null,null,null,null,null,null,null,null,null,null,null,null,null,null,null,null,null,null,null,null,null,"クリティカル(実施)",0,"日"]
[]
[]
[]
[]
[null,null,null,null,"計画",null,null,null,null,null,null,{"$f":"IF(J264=\"\",NETWORKDAYS(F264,H264,休日設定!$B$5:$B$342),NETWORKDAYS(F264,J264,休日設定!$B$5:$B$342))","v":0},null,null,null,null,null,null,null,null,null,null,null,null,null,null,null,null,null,null,null,null,null,null,null,null,null,null,null,null,null,null,null,null,null,null,null,null,null,null,null,null,null,null,null,null,null,null,null,null,null,null,null,null,null,null,null,null,null,null,null,null,null,null,null,null,null,null,null,null,null,null,null,null,null,null,null,null,null,null,null,null,null,null,null,null,null,null,null,null,null,null,null,null,null,null,null,null,null,null,null,null,null,null,null,null,null,null,null,null,null,null,null,null,null,null,null,null,null,null,null,null,null,null,null,null,null,null,null,null,null,null,null,null,null,null,null,null,null,null,null,null,null,null,null,null,"クリティカル(計画)",0,"日"]
[]
[]
[]
[]
[null,null,null,null,"実施",null,null,null,null,null,null,{"$f":"IF(J269=\"\",NETWORKDAYS(F269,H269,休日設定!$B$5:$B$342),NETWORKDAYS(F269,J269,休日設定!$B$5:$B$342))","v":0},null,null,null,null,null,null,null,null,null,null,null,null,null,null,null,null,null,null,null,null,null,null,null,null,null,null,null,null,null,null,null,null,null,null,null,null,null,null,null,null,null,null,null,null,null,null,null,null,null,null,null,null,null,null,null,null,null,null,null,null,null,null,null,null,null,null,null,null,null,null,null,null,null,null,null,null,null,null,null,null,null,null,null,null,null,null,null,null,null,null,null,null,null,null,null,null,null,null,null,null,null,null,null,null,null,null,null,null,null,null,null,null,null,null,null,null,null,null,null,null,null,null,null,null,null,null,null,null,null,null,null,null,null,null,null,null,null,null,null,null,null,null,null,null,"クリティカル(実施)",0,"日"]
[]
[]
[]
[]
[null,null,"報告書作成・設計成果とりまとめ",null,"計画","2019-08-20","(火)","2019-09-25","(水)",null,null,{"$f":"IF(J274=\"\",NETWORKDAYS(F274,H274,休日設定!$B$5:$B$342),NETWORKDAYS(F274,J274,休日設定!$B$5:$B$342))","v":25},null,null,null,null,null,null,null,null,null,null,null,null,null,null,null,null,null,null,null,null,null,null,null,null,null,null,null,null,null,null,null,null,null,null,null,null,null,null,null,null,null,null,null,null,null,null,null,null,null,null,null,null,null,null,null,null,null,null,null,null,null,null,null,null,null,null,null,null,null,null,null,null,null,null,null,null,null,null,null,null,null,null,null,null,null,null,null,null,null,null,null,null,null,null,null,null,null,null,null,null,null,null,null,null,null,null,null,null,null,null,null,null,null,null,null,null,null,null,null,null,null,null,null,null,null,null,null,null,null,null,null,null,null,null,null,null,null,null,null,null,null,null,null,null,"クリティカル(計画)",26,"日"]
[]
[null,null,null,null,null,null,null,null,null,null,null,null,null,null,null,null,null,null,null,null,null,null,null,null,null,null,null,null,null,null,null,null,null,null,null,null,null,null,null,null,null,null,null,null,null,null,null,null,null,null,null,null,null,null,null,null,null,"AA","AA","AA","AA","AA","AA","AA","AA"]
[]
[null,null,null,null,null,null,null,null,null,null,null,null,null,null,null,null,null,null,null,null,null,null,null,null,null,null,null,null,null,null,null,null,null,null,null,null,null,null,null,null,null,null,null,null,null,null,null,null,null,null,null,null,null,null,null,null,null,3,3,3,3,3,3,3,3]
[null,null,null,null,"実施","2019-09-08","(日)","2019-10-01","(火)",null,null,{"$f":"IF(J279=\"\",NETWORKDAYS(F279,H279,休日設定!$B$5:$B$342),NETWORKDAYS(F279,J279,休日設定!$B$5:$B$342))","v":15},null,null,null,null,null,null,null,null,null,null,null,null,null,null,null,null,null,null,null,null,null,null,null,null,null,null,null,null,null,null,null,null,null,null,null,null,null,null,null,null,null,null,null,null,null,null,null,null,null,null,null,null,null,null,null,null,null,null,null,null,null,null,null,null,null,null,null,null,null,null,null,null,null,null,null,null,null,null,null,null,null,null,null,null,null,null,null,null,null,null,null,null,null,null,null,null,null,null,null,null,null,null,null,null,null,null,null,null,null,null,null,null,null,null,null,null,null,null,null,null,null,null,null,null,null,null,null,null,null,null,null,null,null,null,null,null,null,null,null,null,null,null,null,null,"クリティカル(実施)",19.5,"日"]
[]
[null,null,null,null,null,null,null,null,null,null,null,null,null,null,null,null,null,null,null,null,null,null,null,null,null,null,null,null,null,null,null,null,null,null,null,null,null,null,null,null,null,null,null,null,null,null,null,null,null,null,null,null,null,null,null,null,null,null,null,null,null,"BA","BA","BA","BA","BA","BA"]
[]
[null,null,null,null,null,null,null,null,null,null,null,null,null,null,null,null,null,null,null,null,null,null,null,null,null,null,null,null,null,null,null,null,null,null,null,null,null,null,null,null,null,null,null,null,null,null,null,null,null,null,null,null,null,null,null,null,null,null,null,null,null,4,4,4,4,4,4]
[null,null,"成果照査・納品",null,"計画","2019-10-06","(日)","2019-10-25","(金)",null,null,{"$f":"IF(J284=\"\",NETWORKDAYS(F284,H284,休日設定!$B$5:$B$342),NETWORKDAYS(F284,J284,休日設定!$B$5:$B$342))","v":13},null,null,null,null,null,null,null,null,null,null,null,null,null,null,null,null,null,null,null,null,null,null,null,null,null,null,null,null,null,null,null,null,null,null,null,null,null,null,null,null,null,null,null,null,null,null,null,null,null,null,null,null,null,null,null,null,null,null,null,null,null,null,null,null,null,null,null,null,null,null,null,null,null,null,null,null,null,null,null,null,null,null,null,null,null,null,null,null,null,null,null,null,null,null,null,null,null,null,null,null,null,null,null,null,null,null,null,null,null,null,null,null,null,null,null,null,null,null,null,null,null,null,null,null,null,null,null,null,null,null,null,null,null,null,null,null,null,null,null,null,null,null,null,null,"クリティカル(計画)",13,"日"]
[]
[null,null,null,null,null,null,null,null,null,null,null,null,null,null,null,null,null,null,null,null,null,null,null,null,null,null,null,null,null,null,null,null,null,null,null,null,null,null,null,null,null,null,null,null,null,null,null,null,null,null,null,null,null,null,null,null,null,null,null,null,null,null,null,null,null,null,null,"AA","AA","AA","AA"]
[]
[null,null,null,null,null,null,null,null,null,null,null,null,null,null,null,null,null,null,null,null,null,null,null,null,null,null,null,null,null,null,null,null,null,null,null,null,null,null,null,null,null,null,null,null,null,null,null,null,null,null,null,null,null,null,null,null,null,null,null,null,null,null,null,null,null,null,null,3,3,3,3]
[null,null,null,null,"実施","2019-10-03","(木)","2019-10-20","(日)",null,null,{"$f":"IF(J289=\"\",NETWORKDAYS(F289,H289,休日設定!$B$5:$B$342),NETWORKDAYS(F289,J289,休日設定!$B$5:$B$342))","v":11},null,null,null,null,null,null,null,null,null,null,null,null,null,null,null,null,null,null,null,null,null,null,null,null,null,null,null,null,null,null,null,null,null,null,null,null,null,null,null,null,null,null,null,null,null,null,null,null,null,null,null,null,null,null,null,null,null,null,null,null,null,null,null,null,null,null,null,null,null,null,null,null,null,null,null,null,null,null,null,null,null,null,null,null,null,null,null,null,null,null,null,null,null,null,null,null,null,null,null,null,null,null,null,null,null,null,null,null,null,null,null,null,null,null,null,null,null,null,null,null,null,null,null,null,null,null,null,null,null,null,null,null,null,null,null,null,null,null,null,null,null,null,null,null,"クリティカル(実施)",9,"日"]
[]
[null,null,null,null,null,null,null,null,null,null,null,null,null,null,null,null,null,null,null,null,null,null,null,null,null,null,null,null,null,null,null,null,null,null,null,null,null,null,null,null,null,null,null,null,null,null,null,null,null,null,null,null,null,null,null,null,null,null,null,null,null,null,null,null,null,null,"BA","BA","BA","BA"]
[]
[null,null,null,null,null,null,null,null,null,null,null,null,null,null,null,null,null,null,null,null,null,null,null,null,null,null,null,null,null,null,null,null,null,null,null,null,null,null,null,null,null,null,null,null,null,null,null,null,null,null,null,null,null,null,null,null,null,null,null,null,null,null,null,null,null,null,null,4,4,4]
[null,null,null,null,"計画",null,null,null,null,null,null,{"$f":"IF(J294=\"\",NETWORKDAYS(F294,H294,休日設定!$B$5:$B$342),NETWORKDAYS(F294,J294,休日設定!$B$5:$B$342))","v":0},null,null,null,null,null,null,null,null,null,null,null,null,null,null,null,null,null,null,null,null,null,null,null,null,null,null,null,null,null,null,null,null,null,null,null,null,null,null,null,null,null,null,null,null,null,null,null,null,null,null,null,null,null,null,null,null,null,null,null,null,null,null,null,null,null,null,null,null,null,null,null,null,null,null,null,null,null,null,null,null,null,null,null,null,null,null,null,null,null,null,null,null,null,null,null,null,null,null,null,null,null,null,null,null,null,null,null,null,null,null,null,null,null,null,null,null,null,null,null,null,null,null,null,null,null,null,null,null,null,null,null,null,null,null,null,null,null,null,null,null,null,null,null,null,"クリティカル(計画)",0,"日"]
[]
[]
[]
[]
[null,null,null,null,"実施",null,null,null,null,null,null,{"$f":"IF(J299=\"\",NETWORKDAYS(F299,H299,休日設定!$B$5:$B$342),NETWORKDAYS(F299,J299,休日設定!$B$5:$B$342))","v":0},null,null,null,null,null,null,null,null,null,null,null,null,null,null,null,null,null,null,null,null,null,null,null,null,null,null,null,null,null,null,null,null,null,null,null,null,null,null,null,null,null,null,null,null,null,null,null,null,null,null,null,null,null,null,null,null,null,null,null,null,null,null,null,null,null,null,null,null,null,null,null,null,null,null,null,null,null,null,null,null,null,null,null,null,null,null,null,null,null,null,null,null,null,null,null,null,null,null,null,null,null,null,null,null,null,null,null,null,null,null,null,null,null,null,null,null,null,null,null,null,null,null,null,null,null,null,null,null,null,null,null,null,null,null,null,null,null,null,null,null,null,null,null,null,"クリティカル(実施)",0,"日"]
[]
[]
[]
[]
[null,null,null,null,"計画",null,null,null,null,null,null,{"$f":"IF(J304=\"\",NETWORKDAYS(F304,H304,休日設定!$B$5:$B$342),NETWORKDAYS(F304,J304,休日設定!$B$5:$B$342))","v":0},null,null,null,null,null,null,null,null,null,null,null,null,null,null,null,null,null,null,null,null,null,null,null,null,null,null,null,null,null,null,null,null,null,null,null,null,null,null,null,null,null,null,null,null,null,null,null,null,null,null,null,null,null,null,null,null,null,null,null,null,null,null,null,null,null,null,null,null,null,null,null,null,null,null,null,null,null,null,null,null,null,null,null,null,null,null,null,null,null,null,null,null,null,null,null,null,null,null,null,null,null,null,null,null,null,null,null,null,null,null,null,null,null,null,null,null,null,null,null,null,null,null,null,null,null,null,null,null,null,null,null,null,null,null,null,null,null,null,null,null,null,null,null,null,"クリティカル(計画)",0,"日"]
[]
[]
[]
[]
[null,null,null,null,"実施",null,null,null,null,null,null,{"$f":"IF(J309=\"\",NETWORKDAYS(F309,H309,休日設定!$B$5:$B$342),NETWORKDAYS(F309,J309,休日設定!$B$5:$B$342))","v":0},null,null,null,null,null,null,null,null,null,null,null,null,null,null,null,null,null,null,null,null,null,null,null,null,null,null,null,null,null,null,null,null,null,null,null,null,null,null,null,null,null,null,null,null,null,null,null,null,null,null,null,null,null,null,null,null,null,null,null,null,null,null,null,null,null,null,null,null,null,null,null,null,null,null,null,null,null,null,null,null,null,null,null,null,null,null,null,null,null,null,null,null,null,null,null,null,null,null,null,null,null,null,null,null,null,null,null,null,null,null,null,null,null,null,null,null,null,null,null,null,null,null,null,null,null,null,null,null,null,null,null,null,null,null,null,null,null,null,null,null,null,null,null,null,"クリティカル(実施)",0,"日"]
[]
[]
[]
[]
[]
[null,"受注者・\n発注者","設計協議　（※手動入力、日付は初回打ち合せ～最終打ち合せ）",null,"計画","2019-01-18","(金)","2019-09-20","(金)",null,null,{"$f":"IF(J315=\"\",NETWORKDAYS(F315,H315,休日設定!$B$5:$B$342),NETWORKDAYS(F315,J315,休日設定!$B$5:$B$342))","v":162},null,null,null,"〇",null,null,null,null,null,null,null,null,null,null,null,null,null,"〇",null,null,null,null,null,null,null,null,null,null,null,null,null,null,"〇",null,null,null,null,null,null,null,null,"〇",null,null,null,null,null,null,null,null,null,null,"〇"]
[]
[]
[]
[]
[null,null,null,null,"実施","2019-01-18","(金)","2018-09-20","(木)",null,null,{"$f":"IF(J320=\"\",NETWORKDAYS(F320,H320,休日設定!$B$5:$B$342),NETWORKDAYS(F320,J320,休日設定!$B$5:$B$342))","v":-78},null,null,null,"〇",null,null,null,null,null,null,null,null,null,null,null,null,null,null,null,null,null,"〇",null,null,null,null,null,null,null,null,null,null,null,"〇",null,null,null,null,null,null,null,null,null,"〇",null,null,null,null,null,null,null,null,"〇"]
[]
[]
[]
[]
[null,null,"合同現地踏査　（※手動入力、日付は準備～合同現地踏査完了）",null,"計画","2019-02-10","(日)","2019-02-22","(金)",null,null,{"$f":"IF(J325=\"\",NETWORKDAYS(F325,H325,休日設定!$B$5:$B$342),NETWORKDAYS(F325,J325,休日設定!$B$5:$B$342))","v":9},null,null,null,null,null,null,null,null,"〇"]
[]
[]
[]
[]
[null,null,null,null,"実施","2019-02-13","(水)","2019-02-23","(土)",null,null,{"$f":"IF(J330=\"\",NETWORKDAYS(F330,H330,休日設定!$B$5:$B$342),NETWORKDAYS(F330,J330,休日設定!$B$5:$B$342))","v":8},null,null,null,null,null,null,null,null,"〇"]
[]
[]
[]
[]
[null,null,"関係機関協議（受発注者合同）\n　　　　　　　　　（※手動入力、日付は初回協議～協議完了）",null,"計画","2019-04-04","(木)","2019-06-18","(火)",null,null,{"$f":"IF(J335=\"\",NETWORKDAYS(F335,H335,休日設定!$B$5:$B$342),NETWORKDAYS(F335,J335,休日設定!$B$5:$B$342))","v":48},null,null,null,null,null,null,null,null,null,null,null,null,null,null,null,null,null,null,"〇",null,null,null,null,null,null,null,null,null,null,null,null,null,null,null,"〇"]
[]
[]
[]
[]
[null,null,null,null,"実施","2019-04-05","(金)","2019-06-30","(日)",null,null,{"$f":"IF(J340=\"\",NETWORKDAYS(F340,H340,休日設定!$B$5:$B$342),NETWORKDAYS(F340,J340,休日設定!$B$5:$B$342))","v":55},null,null,null,null,null,null,null,null,null,null,null,null,null,null,null,null,null,null,"〇",null,null,"〇",null,null,null,null,null,null,null,null,null,null,null,null,"〇"]
[]
[]
[]
[]
[null,null,"工事連携会議（三者会議等）\n　　　　　　　　　（※手動入力、日付は準備～会議終了）",null,"計画",null,null,null,null,null,null,{"$f":"IF(J345=\"\",NETWORKDAYS(F345,H345,休日設定!$B$5:$B$342),NETWORKDAYS(F345,J345,休日設定!$B$5:$B$342))","v":0}]
[]
[]
[]
[]
[null,null,null,null,"実施",null,null,null,null,null,null,{"$f":"IF(J350=\"\",NETWORKDAYS(F350,H350,休日設定!$B$5:$B$342),NETWORKDAYS(F350,J350,休日設定!$B$5:$B$342))","v":0}]
[]
[]
[]
[]
[null,null,null,null,"計画",null,{"$f":"IF(F355=\"\",\"\",F355)","v":""},null,{"$f":"IF(H355=\"\",\"\",H355)","v":""},null,{"$f":"IF(J355=\"\",\"\",J355)","v":""},{"$f":"IF(J355=\"\",NETWORKDAYS(F355,H355,休日設定!$B$5:$B$342),NETWORKDAYS(F355,J355,休日設定!$B$5:$B$342))","v":0}]
[]
[]
[]
[]
[null,null,null,null,"実施",null,{"$f":"IF(F360=\"\",\"\",F360)","v":""},null,{"$f":"IF(H360=\"\",\"\",H360)","v":""},null,{"$f":"IF(J360=\"\",\"\",J360)","v":""},{"$f":"IF(J360=\"\",NETWORKDAYS(F360,H360,休日設定!$B$5:$B$342),NETWORKDAYS(F360,J360,休日設定!$B$5:$B$342))","v":0}]
[]
[]
[]
[]
[null,null,null,null,"計画",null,{"$f":"IF(F365=\"\",\"\",F365)","v":""},null,{"$f":"IF(H365=\"\",\"\",H365)","v":""},null,{"$f":"IF(J365=\"\",\"\",J365)","v":""},{"$f":"IF(J365=\"\",NETWORKDAYS(F365,H365,休日設定!$B$5:$B$342),NETWORKDAYS(F365,J365,休日設定!$B$5:$B$342))","v":0}]
[]
[]
[]
[]
[null,null,null,null,"実施",null,{"$f":"IF(F370=\"\",\"\",F370)","v":""},null,{"$f":"IF(H370=\"\",\"\",H370)","v":""},null,{"$f":"IF(J370=\"\",\"\",J370)","v":""},{"$f":"IF(J370=\"\",NETWORKDAYS(F370,H370,休日設定!$B$5:$B$342),NETWORKDAYS(F370,J370,休日設定!$B$5:$B$342))","v":0}]
[]
[]
[]
[]
[]
[null,"作業項目",null,null,null,null,null,null,null,null,null,null,null,null,null,null,null,null,null,null,null,null,null,null,null,null,null,null,null,null,null,null,null,null,null,null,null,null,null,null,null,null,null,null,null,null,null,null,null,null,null,null,null,null,null,null,null,null,null,null,null,null,null,null,null,null,null,null,null,null,null,null,null,null,null,null,null,null,null,{"$f":"#REF!+1","v":{"$error":"#REF!"}},null,"月",null,null,null,{"$f":"#REF!+1","v":{"$error":"#REF!"}},null,"月",null,null,null,{"$f":"#REF!+1","v":{"$error":"#REF!"}},null,"月",null,null,null,{"$f":"#REF!+1","v":{"$error":"#REF!"}},null,"月",null,null,null,{"$f":"#REF!+1","v":{"$error":"#REF!"}},null,"月",null,null,null,{"$f":"#REF!+1","v":{"$error":"#REF!"}},null,"月",null,null,null,{"$f":"#REF!+1","v":{"$error":"#REF!"}},null,"月",null,null,null,{"$f":"#REF!+1","v":{"$error":"#REF!"}},null,"月",null,null,null,{"$f":"#REF!+1","v":{"$error":"#REF!"}},null,"月",null,null,null,{"$f":"#REF!+1","v":{"$error":"#REF!"}},null,"月",null,null,null,{"$f":"#REF!+1","v":{"$error":"#REF!"}},null,"月",null,null,null,{"$f":"#REF!+1","v":{"$error":"#REF!"}},null,"月",null,null,null,{"$f":"#REF!+1","v":{"$error":"#REF!"}},null,"月",null,null,"備　　　考"]
[null,null,null,null,null,null,null,null,null,null,null,null,null,null,null,null,null,null,null,null,null,null,null,null,null,null,null,null,null,null,null,null,null,null,null,null,null,null,null,null,null,null,null,null,null,null,null,null,null,null,null,null,null,null,null,null,null,null,null,null,null,null,null,null,null,null,null,null,null,null,null,null,null,null,null,null,null,null,"上旬",null,"中旬",null,"下旬",null,"上旬",null,"中旬",null,"下旬",null,"上旬",null,"中旬",null,"下旬",null,"上旬",null,"中旬",null,"下旬",null,"上旬",null,"中旬",null,"下旬",null,"上旬",null,"中旬",null,"下旬",null,"上旬",null,"中旬",null,"下旬",null,"上旬",null,"中旬",null,"下旬",null,"上旬",null,"中旬",null,"下旬",null,"上旬",null,"中旬",null,"下旬",null,"上旬",null,"中旬",null,"下旬",null,"上旬",null,"中旬",null,"下旬",null,"上旬",null,"中旬",null,"下旬"]
[null,null,null,null,null,null,null,null,null,null,null,null,null,null,null,null,null,null,null,null,null,null,null,null,null,null,null,null,null,null,null,null,null,null,null,null,null,null,null,null,null,null,null,null,null,null,null,null,null,null,null,null,null,null,null,null,null,null,null,null,null,null,null,null,null,null,null,null,null,null,null,null,null,null,null,null,null,null,8,null,7,null,7,null,8,null,7,null,7,null,8,null,7,null,7,null,8,null,7,null,7,null,8,null,7,null,7,null,8,null,7,null,7,null,8,null,7,null,7,null,8,null,7,null,7,null,8,null,7,null,7,null,8,null,7,null,7,null,8,null,7,null,7,null,8,null,7,null,7,null,8,null,7,null,7]
[null,"発注者","基本条件の整理"]
[null,null,"既往成果等の貸与　（※手動入力、日付は設計着手～貸与完了）",null,"計画",{"$f":"$X$7","v":"2019-01-18"},{"$f":"IF(F380=\"\",\"\",F380)","v":43483},"2019-01-24",null,null,null,{"$f":"IF(J380=\"\",NETWORKDAYS(F380,H380,休日設定!$B$5:$B$342),NETWORKDAYS(F380,J380,休日設定!$B$5:$B$342))","v":5},null,null,null,null,"〇"]
[]
[]
[]
[]
[null,null,null,null,"実施",{"$f":"$X$7","v":"2019-01-18"},{"$f":"IF(F385=\"\",\"\",F385)","v":43483},"2019-01-24",null,null,null,{"$f":"IF(J385=\"\",NETWORKDAYS(F385,H385,休日設定!$B$5:$B$342),NETWORKDAYS(F385,J385,休日設定!$B$5:$B$342))","v":5},null,null,null,null,"〇"]
[]
[]
[]
[]
[null,null,"条件明示チェックシートの貸与\n　　　　　　　　　（※手動入力、日付は設計着手～貸与完了）",null,"計画",{"$f":"$X$7","v":"2019-01-18"},{"$f":"IF(F390=\"\",\"\",F390)","v":43483},"2019-01-24",null,null,null,{"$f":"IF(J390=\"\",NETWORKDAYS(F390,H390,休日設定!$B$5:$B$342),NETWORKDAYS(F390,J390,休日設定!$B$5:$B$342))","v":5},null,null,null,null,"〇"]
[]
[]
[]
[]
[null,null,null,null,"実施",{"$f":"$X$7","v":"2019-01-18"},{"$f":"IF(F395=\"\",\"\",F395)","v":43483},"2019-01-24",null,null,null,{"$f":"IF(J395=\"\",NETWORKDAYS(F395,H395,休日設定!$B$5:$B$342),NETWORKDAYS(F395,J395,休日設定!$B$5:$B$342))","v":5},null,null,null,null,"〇"]
[]
[]
[]
[]
[null,null,"測量成果の貸与　　（※手動入力、日付は設計着手～貸与完了）",null,"計画",{"$f":"$X$7","v":"2019-01-18"},{"$f":"IF(F400=\"\",\"\",F400)","v":43483},"2019-02-19",null,null,null,{"$f":"IF(J400=\"\",NETWORKDAYS(F400,H400,休日設定!$B$5:$B$342),NETWORKDAYS(F400,J400,休日設定!$B$5:$B$342))","v":22},null,null,null,null,null,null,null,null,null,"〇"]
[]
[]
[]
[]
[null,null,null,null,"実施",{"$f":"$X$7","v":"2019-01-18"},{"$f":"IF(F405=\"\",\"\",F405)","v":43483},"2019-02-19",null,null,null,{"$f":"IF(J405=\"\",NETWORKDAYS(F405,H405,休日設定!$B$5:$B$342),NETWORKDAYS(F405,J405,休日設定!$B$5:$B$342))","v":22},null,null,null,null,null,null,null,null,null,"〇"]
[]
[]
[]
[]
[null,null,"地質成果の貸与　　（※手動入力、日付は設計着手～貸与完了）",null,"計画",{"$f":"$X$7","v":"2019-01-18"},{"$f":"IF(F410=\"\",\"\",F410)","v":43483},"2019-03-08",null,null,null,{"$f":"IF(J410=\"\",NETWORKDAYS(F410,H410,休日設定!$B$5:$B$342),NETWORKDAYS(F410,J410,休日設定!$B$5:$B$342))","v":35},null,null,null,null,null,null,null,null,null,null,null,null,null,"〇"]
[]
[]
[]
[]
[null,null,null,null,"実施",{"$f":"$X$7","v":"2019-01-18"},{"$f":"IF(F415=\"\",\"\",F415)","v":43483},"2019-03-08",null,null,null,{"$f":"IF(J415=\"\",NETWORKDAYS(F415,H415,休日設定!$B$5:$B$342),NETWORKDAYS(F415,J415,休日設定!$B$5:$B$342))","v":35},null,null,null,null,null,null,null,null,null,null,null,null,null,"〇"]
[]
[]
[]
[]
[null,null,"現状の問題・課題整理"]
[null,null,"巡視点検結果の貸与　（※手動入力、日付は設計着手～貸与完了）",null,"計画",null,null,null,null,null,null,{"$f":"IF(J421=\"\",NETWORKDAYS(F421,H421,休日設定!$B$5:$B$342),NETWORKDAYS(F421,J421,休日設定!$B$5:$B$342))","v":0}]
[]
[]
[]
[]
[null,null,null,null,"実施",null,null,null,null,null,null,{"$f":"IF(J426=\"\",NETWORKDAYS(F426,H426,休日設定!$B$5:$B$342),NETWORKDAYS(F426,J426,休日設定!$B$5:$B$342))","v":0}]
[]
[]
[]
[]
[null,null,"関係機関協議（発注者単独）"]
[null,null,"協議の実施　（※手動入力、日付は協議開始～協議完了）",null,"計画","2019-01-20",null,"2019-01-28",null,null,null,{"$f":"IF(J432=\"\",NETWORKDAYS(F432,H432,休日設定!$B$5:$B$342),NETWORKDAYS(F432,J432,休日設定!$B$5:$B$342))","v":6},null,null,null,null,null,"〇"]
[]
[]
[]
[]
[null,null,null,null,"実施","2019-01-20",null,"2019-01-28",null,null,null,{"$f":"IF(J437=\"\",NETWORKDAYS(F437,H437,休日設定!$B$5:$B$342),NETWORKDAYS(F437,J437,休日設定!$B$5:$B$342))","v":6},null,null,null,null,null,"〇"]
[]
[]
[]
[]
[null,null,"協議結果の提示　（※手動入力、日付は設計着手～結果提示）",null,"計画",{"$f":"$X$7","v":"2019-01-18"},{"$f":"IF(F442=\"\",\"\",F442)","v":43483},"2019-01-28",null,null,null,{"$f":"IF(J442=\"\",NETWORKDAYS(F442,H442,休日設定!$B$5:$B$342),NETWORKDAYS(F442,J442,休日設定!$B$5:$B$342))","v":7},null,null,null,null,null,"〇"]
[]
[]
[]
[]
[null,null,null,null,"実施",{"$f":"$X$7","v":"2019-01-18"},{"$f":"IF(F447=\"\",\"\",F447)","v":43483},"2019-01-28",null,null,null,{"$f":"IF(J447=\"\",NETWORKDAYS(F447,H447,休日設定!$B$5:$B$342),NETWORKDAYS(F447,J447,休日設定!$B$5:$B$342))","v":7},null,null,null,null,null,"〇"]
[]
[]
[]
[]
[null,null,null,null,"計画",null,{"$f":"IF(F452=\"\",\"\",F452)","v":""},null,{"$f":"IF(H452=\"\",\"\",H452)","v":""},null,{"$f":"IF(J452=\"\",\"\",J452)","v":""},{"$f":"IF(J452=\"\",NETWORKDAYS(F452,H452,休日設定!$B$5:$B$342),NETWORKDAYS(F452,J452,休日設定!$B$5:$B$342))","v":0}]
[]
[]
[]
[]
[null,null,null,null,"実施",null,{"$f":"IF(F457=\"\",\"\",F457)","v":""},null,{"$f":"IF(H457=\"\",\"\",H457)","v":""},null,{"$f":"IF(J457=\"\",\"\",J457)","v":""},{"$f":"IF(J457=\"\",NETWORKDAYS(F457,H457,休日設定!$B$5:$B$342),NETWORKDAYS(F457,J457,休日設定!$B$5:$B$342))","v":0}]
[]
[]
[]
[]
[null,null,null,null,"計画",null,{"$f":"IF(F462=\"\",\"\",F462)","v":""},null,{"$f":"IF(H462=\"\",\"\",H462)","v":""},null,{"$f":"IF(J462=\"\",\"\",J462)","v":""},{"$f":"IF(J462=\"\",NETWORKDAYS(F462,H462,休日設定!$B$5:$B$342),NETWORKDAYS(F462,J462,休日設定!$B$5:$B$342))","v":0}]
[]
[]
[]
[]
[null,null,null,null,"実施",null,{"$f":"IF(F467=\"\",\"\",F467)","v":""},null,{"$f":"IF(H467=\"\",\"\",H467)","v":""},null,{"$f":"IF(J467=\"\",\"\",J467)","v":""},{"$f":"IF(J467=\"\",NETWORKDAYS(F467,H467,休日設定!$B$5:$B$342),NETWORKDAYS(F467,J467,休日設定!$B$5:$B$342))","v":0}]
[]
[]
[]
[]
[null,null,null,null,"計画",null,{"$f":"IF(F472=\"\",\"\",F472)","v":""},null,{"$f":"IF(H472=\"\",\"\",H472)","v":""},null,{"$f":"IF(J472=\"\",\"\",J472)","v":""},{"$f":"IF(J472=\"\",NETWORKDAYS(F472,H472,休日設定!$B$5:$B$342),NETWORKDAYS(F472,J472,休日設定!$B$5:$B$342))","v":0}]
[]
[]
[]
[]
[null,null,null,null,"実施",null,{"$f":"IF(F477=\"\",\"\",F477)","v":""},null,{"$f":"IF(H477=\"\",\"\",H477)","v":""},null,{"$f":"IF(J477=\"\",\"\",J477)","v":""},{"$f":"IF(J477=\"\",NETWORKDAYS(F477,H477,休日設定!$B$5:$B$342),NETWORKDAYS(F477,J477,休日設定!$B$5:$B$342))","v":0}]

{"sheet":"業務遂行管理リスト","index":1,"n_rows":46,"n_cols":81,"rows_kept":46,"cut":false,"hidden":false,"merged":[[2,76,2,77],[2,78,2,83],[3,4,3,5],[3,6,3,7],[3,26,3,33],[3,34,3,36],[2,1,3,2],[2,3,3,3],[2,4,2,7],[2,8,3,12],[2,13,3,25],[2,26,2,36],[2,38,2,40],[2,41,2,51],[2,52,2,75],[5,26,5,33],[5,34,5,36],[5,44,5,51],[5,52,5,75],[5,76,5,77],[5,78,5,83],[5,1,5,2],[5,4,5,5],[5,6,5,7],[5,8,5,12],[5,13,5,14],[5,15,5,25],[4,38,9,40],[4,41,9,43],[4,44,4,51],[4,52,4,75],[4,76,4,77],[4,78,4,83],[8,44,8,51],[8,52,8,75],[8,76,8,77],[8,78,8,83],[6,26,6,33],[6,34,6,36],[6,44,6,51],[6,52,6,75],[6,76,6,77],[6,78,6,83],[6,1,6,2],[6,4,6,5],[6,6,6,7],[6,8,6,12],[6,13,6,14],[6,15,6,25],[7,52,7,75],[7,76,7,77],[7,78,7,83],[7,1,7,2],[7,4,7,5],[7,6,7,7],[7,8,7,12],[7,13,7,14],[7,15,7,25],[8,1,8,2],[8,4,8,5],[8,6,8,7],[8,8,8,12],[8,13,8,14],[8,15,8,25],[7,26,7,33],[7,34,7,36],[7,44,7,51],[9,26,9,33],[9,34,9,36],[9,44,9,51],[9,52,9,75],[9,76,9,77],[9,78,9,83],[9,1,9,2],[9,4,9,5],[9,6,9,7],[9,8,9,12],[9,13,9,14],[9,15,9,25],[10,26,10,33],[10,34,10,36],[11,1,11,2],[11,4,11,5],[11,6,11,7],[11,8,11,12],[11,13,11,14],[11,15,11,25],[11,26,11,33],[11,34,11,36],[10,1,10,2],[10,4,10,5],[10,6,10,7],[10,8,10,12],[10,13,10,14],[10,15,10,25],[13,76,13,77],[13,78,13,83],[14,26,14,33],[14,34,14,36],[14,76,14,77],[14,78,14,83],[13,1,13,2],[13,4,13,5],[13,6,13,7],[13,8,13,12],[13,13,13,14],[13,15,13,25],[11,38,15,40],[11,41,15,43],[11,44,12,51],[11,52,11,75],[11,76,11,77],[11,78,11,83],[12,52,12,75],[12,76,12,77],[12,78,12,83],[15,44,15,51],[14,1,14,2],[14,4,14,5],[14,6,14,7],[14,8,14,12],[14,13,14,14],[14,15,14,25],[13,26,13,33],[13,34,13,36],[13,44,14,51],[15,52,15,75],[13,52,14,75],[15,76,15,77],[15,78,15,83],[16,1,16,2],[16,4,16,5],[16,6,16,7],[16,8,16,12],[16,13,16,14],[16,15,16,25],[16,26,16,33],[16,34,16,36],[17,1,17,2],[17,4,17,5],[17,6,17,7],[17,8,17,12],[17,13,17,14],[17,15,17,25],[17,26,17,33],[17,34,17,36],[18,26,18,33],[18,34,18,36],[18,44,18,51],[18,52,18,75],[18,76,18,77],[18,78,18,83],[18,1,18,2],[18,4,18,5],[18,6,18,7],[18,8,18,12],[18,13,18,14],[18,15,18,25],[17,38,21,40],[17,41,21,43],[17,44,17,51],[17,52,17,75],[17,76,17,77],[17,78,17,83],[19,44,19,51],[19,52,19,75],[19,76,19,77],[19,78,19,83],[20,26,20,33],[20,34,20,36],[20,44,20,51],[20,52,20,75],[20,76,20,77],[20,78,20,83],[20,1,20,2],[20,4,20,5],[20,6,20,7],[20,8,20,12],[20,13,20,14],[20,15,20,25],[21,26,21,33],[21,34,21,36],[21,44,21,51],[21,52,21,75],[21,76,21,77],[21,78,21,83],[21,1,21,2],[21,4,21,5],[21,6,21,7],[21,8,21,12],[21,13,21,14],[21,15,21,25],[22,26,22,33],[22,34,22,36],[23,1,23,2],[23,4,23,5],[23,6,23,7],[23,8,23,12],[23,13,23,14],[23,15,23,25],[23,26,23,33],[23,34,23,36],[22,1,22,2],[22,4,22,5],[22,6,22,7],[22,8,22,12],[22,13,22,14],[22,15,22,25],[24,26,24,33],[24,34,24,36],[24,44,24,51],[24,52,24,75],[24,76,24,77],[24,78,24,83],[24,1,24,2],[24,4,24,5],[24,6,24,7],[24,8,24,12],[24,13,24,14],[24,15,24,25],[23,38,25,40],[23,41,25,43],[23,44,23,51],[23,52,23,75],[23,76,23,77],[23,78,23,83],[25,44,25,51],[25,52,25,75],[25,76,25,77],[25,78,25,83],[25,1,25,2],[25,4,25,5],[27,78,27,83],[27,38,30,40],[27,41,30,43],[27,44,27,51],[27,52,27,75],[28,44,28,51],[28,52,28,75],[29,44,29,51],[29,52,29,75],[28,76,28,77],[28,78,28,83],[29,78,29,83],[30,76,30,77],[30,78,30,83],[29,76,29,77],[27,76,27,77],[25,6,25,7],[25,8,25,12],[25,13,25,14],[25,15,25,25],[27,26,27,33],[27,34,27,36],[27,1,27,2],[27,4,27,5],[27,6,27,7],[27,8,27,12],[27,13,27,14],[27,15,27,25],[25,26,25,33],[25,34,25,36],[28,1,28,2],[28,4,28,5],[28,6,28,7],[28,8,28,12],[28,13,28,14],[28,15,28,25],[28,26,28,33],[28,34,28,36],[30,52,30,75],[30,44,30,51],[29,1,29,2],[29,4,29,5],[29,6,29,7],[29,8,29,12],[29,13,29,14],[29,15,29,25],[29,26,29,33],[29,34,29,36],[32,1,32,2],[32,4,32,5],[32,6,32,7],[32,8,32,12],[32,13,32,14],[32,15,32,25],[32,26,32,33],[32,34,32,36],[30,1,30,2],[30,4,30,5],[30,6,30,7],[30,8,30,12],[30,13,30,14],[30,15,30,25],[30,26,30,33],[30,34,30,36],[33,48,33,51],[34,1,34,2],[34,4,34,5],[34,6,34,7],[34,8,34,12],[34,13,34,14],[34,15,34,25],[34,26,34,33],[34,34,34,36],[33,1,33,2],[33,4,33,5],[33,6,33,7],[33,8,33,12],[33,13,33,14],[33,15,33,25],[33,26,33,33],[33,34,33,36],[33,39,33,47],[36,1,36,2],[36,4,36,5],[36,6,36,7],[36,8,36,12],[36,13,36,14],[36,15,36,25],[34,39,34,47],[34,48,34,49],[34,50,34,51],[35,1,35,2],[35,4,35,5],[35,6,35,7],[35,8,35,12],[35,13,35,14],[35,15,35,25],[35,26,35,33],[36,26,36,33],[36,34,36,36],[36,39,36,47],[36,48,36,49],[36,50,36,51],[37,39,37,47],[37,48,37,49],[37,50,37,51],[35,34,35,36],[35,39,35,47],[35,48,35,49],[35,50,35,51],[39,1,39,2],[39,4,39,5],[39,6,39,7],[39,8,39,12],[39,13,39,14],[38,1,38,2],[38,4,38,5],[38,6,38,7],[38,8,38,12],[38,13,38,14],[39,15,39,25],[39,26,39,33],[39,34,39,36],[39,39,39,47],[39,48,39,49],[39,50,39,51],[38,26,38,33],[38,34,38,36],[38,39,38,47],[38,48,38,49],[38,50,38,51],[38,15,38,25],[40,26,40,33],[40,34,40,36],[40,39,40,47],[40,48,40,49],[40,50,40,51],[41,39,41,47],[41,48,41,49],[41,50,41,51],[40,1,40,2],[40,4,40,5],[40,6,40,7],[40,8,40,12],[40,13,40,14],[40,15,40,25],[44,26,44,33],[44,34,44,36],[44,1,44,2],[44,4,44,5],[44,6,44,7],[44,8,44,12],[44,13,44,14],[44,15,44,25],[42,26,42,33],[42,34,42,36],[43,1,43,2],[43,4,43,5],[43,6,43,7],[43,8,43,12],[43,13,43,14],[43,15,43,25],[43,26,43,33],[43,34,43,36],[42,1,42,2],[42,4,42,5],[42,6,42,7],[42,8,42,12],[42,13,42,14],[42,15,42,25]]}
[null,"【業務遂行管理リスト】※業務遂行に必要な標準的な作業事項について記載（適宜、修正更新）",null,null,null,null,null,null,null,null,null,null,null,null,null,null,null,null,null,null,null,null,null,null,null,null,null,null,null,null,null,null,null,null,null,null,null,null,"【設計条件確定までの実施事項】※条件確定までの標準的な確認内容について記載（適宜修正可）"]
[]
[null,"日付",null,"作業事項（タスク）","作業者",null,null,null,"期限",null,null,null,null,"状況",null,null,null,null,null,null,null,null,null,null,null,null,"今後の検討事項･課題･目標",null,null,null,null,null,null,null,null,null,null,null,"時期",null,null,"条件確認対象事項",null,null,null,null,null,null,null,null,null,null,"細部項目",null,null,null,null,null,null,null,null,null,null,null,null,null,null,null,null,null,null,null,null,null,null,null,"状況",null,"備考"]
[null,null,null,null,"発注者",null,"受注者",null,null,null,null,null,null,null,null,null,null,null,null,null,null,null,null,null,null,null,"内　　容",null,null,null,null,null,null,null,"予定",null,null,null,"【業務計画書作成】業務計画を実施する上での条件明示"]
[null,"契約書類関係等",null,null,null,null,null,null,null,null,null,null,null,null,null,null,null,null,null,null,null,null,null,null,null,null,null,null,null,null,null,null,null,null,null,null,null,null,"着手時確認・確定事項\n（設計着手から７日程度）\n",null,null,"基本的な設計に用いる条件確定",null,null,"基本条件",null,null,null,null,null,null,null,"暫定計画、交通量、道路規格、線形条件確定"]
[null,null,null,"テクリス登録",null,null,"●",null,null,null,null,null,null,null,null,"○/○　発注者確認",null,null,null,null,null,null,null,null,null,null,null,null,null,null,null,null,null,null,null,null,null,null,null,null,null,null,null,null,"設計範囲",null,null,null,null,null,null,null,"業務内容、作業範囲"]
[null,null,null,"業務計画書提出",null,null,"●",null,null,null,null,null,null,null,null,"○/○　発注者確認",null,null,null,null,null,null,null,null,null,null,null,null,null,null,null,null,null,null,null,null,null,null,null,null,null,null,null,null,"地質調査等",null,null,null,null,null,null,null,"追加調査実施の有無、実施の場合の報告書貸与時期（工程計画に反映）"]
[null,null,null,"業務スケジュール管理表提出",null,null,"●",null,null,null,null,null,null,null,null,"○/○　発注者確認",null,null,null,null,null,null,null,null,null,null,null,null,null,null,null,null,null,null,null,null,null,null,null,null,null,null,null,null,"用地境界や測量の確定時期",null,null,null,null,null,null,null,"用地境界の未確定箇所の有無と確定時期、未完の測量の有無と完了時期（工程計画に反映）"]
[null,null,null,"条件明示チェックシート貸与","●",null,null,null,null,null,null,null,null,null,null,"○/○　受領",null,null,null,null,null,null,null,null,null,null,null,null,null,null,null,null,null,null,null,null,null,null,null,null,null,null,null,null,"地域条件",null,null,null,null,null,null,null,"路線統一の有無、類似業務の有無"]
[null,null,null,"照査計画書提出",null,null,"●",null,null,null,null,null,null,null,null,"○/○　発注者確認",null,null,null,null,null,null,null,null,null,null,null,null,null,null,null,null,null,null,null,null,null,null,null,null,null,null,null,null,"協議状況",null,null,null,null,null,null,null,"協議先、これまでの協議資料貸与、補償問題の有無とこれまでの協議状況"]
[null,null,null,"再委託承諾申請書提出",null,null,"●",null,null,null,null,null,null,null,null,"○/○　発注者確認",null,null,null,null,null,null,null,null,null,null,null,null,null,null,null,null,null,null,null,null,null,null,"【設計条件の整理、条件決定】貸与資料・条件明示資料"]
[null,null,null,"身分証明書の発行","●",null,"●",null,null,null,null,null,null,null,null,"○/○　発行",null,null,null,null,null,null,null,null,null,null,"完了後返却",null,null,null,null,null,null,null,"○/○",null,null,null,"設計条件整理のための事項（設計着手から12日程度）",null,null,"既往成果の確認による設計方針の確定",null,null,"地質調査・水文条件",null,null,null,null,null,null,null,"土質・地質調査資料の資料貸与"]
[null,"合同現地踏査",null,null,null,null,null,null,null,null,null,null,null,null,null,null,null,null,null,null,null,null,null,null,null,null,null,null,null,null,null,null,null,null,null,null,null,null,null,null,null,null,null,null,null,null,null,null,null,null,null,null,"水文関連報告書があれば資料貸与"]
[null,null,null,"実施日程調整",null,null,"●",null,null,null,null,null,null,null,null,"○/○　日程確定",null,null,null,null,null,null,null,null,null,null,null,null,null,null,null,null,null,null,null,null,null,null,null,null,null,null,null,null,"用地条件",null,null,null,null,null,null,null,"測量図貸与、未買収地有無と有の場合に取得状況を示す資料の貸与、未買収の買収時期と施工時期の関係明示"]
[null,null,null,"実施報告書提出",null,null,"●",null,null,null,null,null,null,null,null,"○/○　発注者確認"]
[null,"貸与資料等",null,null,null,null,null,null,null,null,null,null,null,null,null,null,null,null,null,null,null,null,null,null,null,null,null,null,null,null,null,null,null,null,null,null,null,null,null,null,null,null,null,null,"予備設計内容",null,null,null,null,null,null,null,"予備設計成果品　貸与"]
[null,null,null,"既往報告書貸与","●",null,null,null,null,null,null,null,null,null,null,"○/○　受領",null,null,null,null,null,null,null,null,null,null,null,null,null,null,null,null,null,null,null,null,null,null,"【合同現地踏査の準備】合同現地踏査に向けた確認事項：コンサル作成資料による確認・決定"]
[null,null,null,"測量成果貸与","●",null,null,null,null,null,null,null,null,null,null,"○/○　受領",null,null,null,null,null,null,null,null,null,null,null,null,null,null,null,null,null,null,null,null,null,null,"第2回打合せ\n合同現地踏査準備\n（設計着手から30日程度）",null,null,"条件整理結果の確認",null,null,"設計条件確認",null,null,null,null,null,null,null,"設計条件表による確認・決定"]
[null,null,null,"地質調査成果貸与","●",null,null,null,null,null,null,null,null,null,null,"○/○　受領",null,null,null,null,null,null,null,null,null,null,null,null,null,null,null,null,null,null,null,null,null,null,null,null,null,null,null,null,"業務課題",null,null,null,null,null,null,null,"設計上の課題の確認、対応の協議、追加測試の有無の確認と決定（判断出来次第報告・協議）"]
[null,"設計変更関係等",null,null,null,null,null,null,null,null,null,null,null,null,null,null,null,null,null,null,null,null,null,null,null,null,null,null,null,null,null,null,null,null,null,null,null,null,null,null,null,null,null,null,"地質地盤条件",null,null,null,null,null,null,null,"地質地盤条件整理結果の報告と確認"]
[null,null,null,"設計変更協議",null,null,"●",null,null,null,null,null,null,null,null,null,null,null,null,null,null,null,null,null,null,null,null,null,null,null,null,null,null,null,null,null,null,null,null,null,null,null,null,null,"制約条件",null,null,null,null,null,null,null,"未買収用地、環境配慮施設などの報告と確認"]
[null,null,null,"設計変更上申書提出",null,null,"●",null,null,null,null,null,null,null,null,null,null,null,null,null,null,null,null,null,null,null,null,null,null,null,null,null,null,null,null,null,null,null,null,null,null,null,null,null,"施工計画",null,null,null,null,null,null,null,"制約条件(施工ヤード、環境配慮施設、交差協議に制約など)"]
[null,null,null,"指示書提示",null,null,"●",null,null,null,null,null,null,null,null,null,null,null,null,null,null,null,null,null,null,null,null,null,null,null,null,null,null,null,null,null,null,null,"【合同現地踏査】合同現地踏査による現地確認事項：コンサル作成現地チェックリストによる確認・決定"]
[null,null,null,"契約変更（第1回）",null,null,"●",null,null,null,null,null,null,null,null,null,null,null,null,null,null,null,null,null,null,null,null,null,null,null,null,null,null,null,null,null,null,null,"合同現地踏査（設計着手から35日程度）",null,null,"現地での条件確認",null,null,"協議箇所確認",null,null,null,null,null,null,null,"協議対象物の新たな課題の有無確認"]
[null,null,null,"業務計画書（第1回変更）提出",null,null,"●",null,null,null,null,null,null,null,null,null,null,null,null,null,null,null,null,null,null,null,null,null,null,null,null,null,null,null,null,null,null,null,null,null,null,null,null,null,"交差、周辺環境確認",null,null,null,null,null,null,null,"交差条件確認、環境配慮施設の確認、追加環境配慮の確認"]
[null,null,null,"テクリス変更登録",null,null,"●",null,null,null,null,null,null,null,null,null,null,null,null,null,null,null,null,null,null,null,null,null,null,null,null,null,null,null,null,null,null,null,null,null,null,null,null,null,"設計範囲",null,null,null,null,null,null,null,"隣接工区との設計境界を現地で確認"]
[null,"照査の実施",null,null,null,null,null,null,null,null,null,null,null,null,null,null,null,null,null,null,null,null,null,null,null,null,null,null,null,null,null,null,null,null,null,null,null,null,"【条件最終確認】照査結果による条件最終確認事項：コンサル照査報告、コンサル作成条件確認・決定"]
[null,null,null,"第1回照査報告",null,null,"●",null,null,null,null,null,null,null,null,null,null,null,null,null,null,null,null,null,null,null,null,null,null,null,null,null,null,null,null,null,null,null,"設計着手から70日程度",null,null,"最終条件確定",null,null,"照査結果報告",null,null,null,null,null,null,null,"照査確認し整理された条件確認・決定"]
[null,null,null,"第2回照査報告",null,null,"●",null,null,null,null,null,null,null,null,null,null,null,null,null,null,null,null,null,null,null,null,null,null,null,null,null,null,null,null,null,null,null,null,null,null,null,null,null,"予備設計内容変更及び確定",null,null,null,null,null,null,null,"延長、支間割、形式など確認・決定"]
[null,null,null,"第3回照査報告",null,null,"●",null,null,null,null,null,null,null,null,null,null,null,null,null,null,null,null,null,null,null,null,null,null,null,null,null,null,null,null,null,null,null,null,null,null,null,null,null,"施工計画基本事項",null,null,null,null,null,null,null,"ヤード条件、施工方法、架設工法などの確認・決定"]
[null,null,null,"第4回照査報告",null,null,"●",null,null,null,null,null,null,null,null,null,null,null,null,null,null,null,null,null,null,null,null,null,null,null,null,null,null,null,null,null,null,null,null,null,null,null,null,null,"協議確定事項",null,null,null,null,null,null,null,"設計開始に必要な、協議より決定された設計条件の確認、決定　"]
[null,"主要な協議事項"]
[null,null,null,"第1回打合せ（〇○について）",null,null,"●",null,null,null,null,null,null,null,null,"○/○　○○について確認",null,null,null,null,null,null,null,null,null,null,null,null,null,null,null,null,null,null,null,null,null,null,null,"【履行期間チェックポイント】"]
[null,null,null,"第2回打合せ（〇○について）",null,null,"●",null,null,null,null,null,null,null,null,"○/○　○○について確認",null,null,null,null,null,null,null,null,null,null,null,null,null,null,null,null,null,null,null,null,null,null,null,"項目",null,null,null,null,null,null,null,null,"残り日数",null,null,null,"（休日を除く）"]
[null,null,null,"第3回打合せ（〇○について）",null,null,"●",null,null,null,null,null,null,null,null,null,null,null,null,null,null,null,null,null,null,null,null,null,null,null,null,null,null,null,null,null,null,null,null,"➀条件確定時期（計画）",null,null,null,null,null,null,null,null,{"$f":"NETWORKDAYS('業務スケジュール管理表（ver.2.0.0）'!X1,'業務スケジュール管理表（ver.2.0.0）'!H104,休日設定!$B$5:$B$342)","v":-98},null,"日"]
[null,null,null,"第4回打合せ（〇○について）",null,null,"●",null,null,null,null,null,null,null,null,null,null,null,null,null,null,null,null,null,null,null,null,null,null,null,null,null,null,null,null,null,null,null,null,"➀条件確定時期（実施）",null,null,null,null,null,null,null,null,{"$f":"NETWORKDAYS('業務スケジュール管理表（ver.2.0.0）'!X1,'業務スケジュール管理表（ver.2.0.0）'!H109,休日設定!$B$5:$B$342)","v":-91},null,"日"]
[null,null,null,"第5回打合せ（〇○について）",null,null,"●",null,null,null,null,null,null,null,null,null,null,null,null,null,null,null,null,null,null,null,null,null,null,null,null,null,null,null,null,null,null,null,null,"②報告書取りまとめ時期（計画）",null,null,null,null,null,null,null,null,{"$f":"NETWORKDAYS('業務スケジュール管理表（ver.2.0.0）'!X1,'業務スケジュール管理表（ver.2.0.0）'!H274,休日設定!$B$5:$B$342)","v":-4},null,"日"]
[null,"成果の納品等",null,null,null,null,null,null,null,null,null,null,null,null,null,null,null,null,null,null,null,null,null,null,null,null,null,null,null,null,null,null,null,null,null,null,null,null,null,"②報告書取りまとめ時期（実施）",null,null,null,null,null,null,null,null,{"$f":"NETWORKDAYS('業務スケジュール管理表（ver.2.0.0）'!X1,'業務スケジュール管理表（ver.2.0.0）'!H279,休日設定!$B$5:$B$342)","v":2},null,"日"]
[null,null,null,"業務報告書の納品",null,null,"●",null,null,null,null,null,null,null,null,null,null,null,null,null,null,null,null,null,null,null,null,null,null,null,null,null,null,null,null,null,null,null,null,"③成果照査時期（計画）",null,null,null,null,null,null,null,null,{"$f":"NETWORKDAYS('業務スケジュール管理表（ver.2.0.0）'!X1,'業務スケジュール管理表（ver.2.0.0）'!H284,休日設定!$B$5:$B$342)","v":18},null,"日"]
[null,null,null,"業務スケジュール管理表の納品",null,null,"●",null,null,null,null,null,null,null,null,null,null,null,null,null,null,null,null,null,null,null,null,null,null,null,null,null,null,null,null,null,null,null,null,"③成果照査時期（実施）",null,null,null,null,null,null,null,null,{"$f":"NETWORKDAYS('業務スケジュール管理表（ver.2.0.0）'!X1,'業務スケジュール管理表（ver.2.0.0）'!H289,休日設定!$B$5:$B$342)","v":14},null,"日"]
[null,null,null,null,null,null,null,null,null,null,null,null,null,null,null,null,null,null,null,null,null,null,null,null,null,null,null,null,null,null,null,null,null,null,null,null,null,null,null,"適宜設定",null,null,null,null,null,null,null,null,null,null,"日"]
[null,"その他",null,null,null,null,null,null,null,null,null,null,null,null,null,null,null,null,null,null,null,null,null,null,null,null,null,null,null,null,null,null,null,null,null,null,null,null,null,"適宜設定",null,null,null,null,null,null,null,null,null,null,"日"]
[]
[]
[]
[null,null,null,null,null,null,null,null,null,null,null,null,null,null,null,null,null,null,null,null,null,null,null,null,null,null,null,null,null,null,null,null,null,null,null,null,null,null,null,null,null,null,null,null,null,null,null,null,null,null,null,null,null,null,null,null,null,null,null,null,null,null,null,null,null,null,null,null,null,null,null,null,null,null,null,null,null,null,null,null,"2019.2.Ver"]

{"sheet":"休日設定","index":2,"n_rows":342,"n_cols":4,"rows_kept":342,"cut":false,"hidden":true,"merged":[]}
[]
[null,"（土日以外の積算基準上の休日リスト、土日はExcel関数で考慮）"]
[null,"2017年～2029年（※毎年確認、祝日法改正等）"]
[null,"日付","曜日","名称"]
[null,"2017-01-01",{"$f":"B5","v":42736},"元日"]
[null,"2017-01-02",{"$f":"B6","v":42737},"振替休日"]
[null,"2017-01-09",42744,"成人の日"]
[null,"2017-02-11",42777,"建国記念の日"]
[null,"2017-03-20",42814,"春分の日"]
[null,"2017-04-29",42854,"昭和の日"]
[null,"2017-05-03",42858,"憲法記念日"]
[null,"2017-05-04",42859,"みどりの日"]
[null,"2017-05-05",42860,"こどもの日"]
[null,"2017-07-17",42933,"海の日"]
[null,"2017-08-11",42958,"山の日"]
[null,"2017-08-14",42961,"積算基準より"]
[null,"2017-08-15",42962,"積算基準より"]
[null,"2017-08-16",42963,"積算基準より"]
[null,"2017-09-18",42996,"敬老の日"]
[null,"2017-09-23",43001,"秋分の日"]
[null,"2017-10-09",43017,"体育の日"]
[null,"2017-11-03",43042,"文化の日"]
[null,"2017-11-23",43062,"勤労感謝の日"]
[null,"2017-12-23",43092,"天皇誕生日"]
[null,"2017-12-29",43098,"積算基準より"]
[null,"2017-12-30",43099,"積算基準より"]
[null,"2017-12-31",43100,"積算基準より"]
[null,"2018-01-01",43101,"元日"]
[null,"2018-01-02",43102,"積算基準より"]
[null,"2018-01-03",43103,"積算基準より"]
[null,"2018-01-08",43108,"成人の日"]
[null,"2018-02-11",43142,"建国記念の日"]
[null,"2018-02-12",43143,"振替休日"]
[null,"2018-03-21",43180,"春分の日"]
[null,"2018-04-29",43219,"昭和の日"]
[null,"2018-04-30",43220,"振替休日"]
[null,"2018-05-03",43223,"憲法記念日"]
[null,"2018-05-04",43224,"みどりの日"]
[null,"2018-05-05",43225,"こどもの日"]
[null,"2018-07-16",43297,"海の日"]
[null,"2018-08-11",43323,"山の日"]
[null,"2018-08-14",43326,"積算基準より"]
[null,"2018-08-15",43327,"積算基準より"]
[null,"2018-08-16",43328,"積算基準より"]
[null,"2018-09-17",43360,"敬老の日"]
[null,"2018-09-23",43366,"秋分の日"]
[null,"2018-09-24",43367,"振替休日"]
[null,"2018-10-08",43381,"体育の日"]
[null,"2018-11-03",43407,"文化の日"]
[null,"2018-11-23",43427,"勤労感謝の日"]
[null,"2018-12-23",43457,"天皇誕生日"]
[null,"2018-12-24",43458,"振替休日"]
[null,"2018-12-29",43463,"積算基準より"]
[null,"2018-12-30",43464,"積算基準より"]
[null,"2018-12-31",43465,"積算基準より"]
[null,"2019-01-01",43466,"元日"]
[null,"2019-01-02",43467,"積算基準より"]
[null,"2019-01-03",43468,"積算基準より"]
[null,"2019-01-14",43479,"成人の日"]
[null,"2019-02-11",43507,"建国記念の日"]
[null,"2019-03-21",43545,"春分の日"]
[null,"2019-04-29",43584,"昭和の日"]
[null,"2019-04-30",{"$f":"B63","v":43585},"国民の休日"]
[null,"2019-05-01",{"$f":"B64","v":43586},"天皇の即位の日"]
[null,"2019-05-02",43587,"国民の休日"]
[null,"2019-05-03",43588,"憲法記念日"]
[null,"2019-05-04",43589,"みどりの日"]
[null,"2019-05-05",43590,"こどもの日"]
[null,"2019-05-06",43591,"振替休日"]
[null,"2019-07-15",43661,"海の日"]
[null,"2019-08-11",43688,"山の日"]
[null,"2019-08-12",43689,"振替休日"]
[null,"2019-08-14",43691,"積算基準より"]
[null,"2019-08-15",43692,"積算基準より"]
[null,"2019-08-16",43693,"積算基準より"]
[null,"2019-09-16",43724,"敬老の日"]
[null,"2019-09-23",43731,"秋分の日"]
[null,"2019-10-14",43752,"体育の日"]
[null,"2019-10-22",{"$f":"B79","v":43760},"即位礼正殿の儀の行われる日"]
[null,"2019-11-03",43772,"文化の日"]
[null,"2019-11-04",43773,"振替休日"]
[null,"2019-11-23",43792,"勤労感謝の日"]
[null,"2019-12-29",43828,"積算基準より"]
[null,"2019-12-30",43829,"積算基準より"]
[null,"2019-12-31",43830,"積算基準より"]
[null,"2020-01-01",{"$f":"B86","v":43831},"元日"]
[null,"2020-01-02",43832,"積算基準より"]
[null,"2020-01-03",43833,"積算基準より"]
[null,"2020-01-13",43843,"成人の日"]
[null,"2020-02-11",43872,"建国記念の日"]
[null,"2020-02-23",43884,"天皇誕生日"]
[null,"2020-02-24",43885,"振替休日"]
[null,"2020-03-20",43910,"春分の日"]
[null,"2020-04-29",43950,"昭和の日"]
[null,"2020-05-03",43954,"憲法記念日"]
[null,"2020-05-04",43955,"みどりの日"]
[null,"2020-05-05",43956,"こどもの日"]
[null,"2020-05-06",43957,"振替休日"]
[null,"2020-07-23",44035,"海の日"]
[null,"2020-07-24",{"$f":"B100","v":44036},"スポーツの日"]
[null,"2020-08-10",44053,"山の日"]
[null,"2020-08-14",44057,"積算基準より"]
[null,"2020-08-15",44058,"積算基準より"]
[null,"2020-08-16",44059,"積算基準より"]
[null,"2020-09-21",44095,"敬老の日"]
[null,"2020-09-22",44096,"秋分の日"]
[null,"2020-11-03",44138,"文化の日"]
[null,"2020-11-23",44158,"感謝の日"]
[null,"2020-12-29",44194,"積算基準より"]
[null,"2020-12-30",44195,"積算基準より"]
[null,"2020-12-31",44196,"積算基準より"]
[null,"2021-01-01",44197,"元日"]
[null,"2021-01-02",44198,"積算基準より"]
[null,"2021-01-03",44199,"積算基準より"]
[null,"2021-01-11",44207,"成人の日"]
[null,"2021-02-11",44238,"建国記念の日"]
[null,"2021-02-23",44250,"天皇誕生日"]
[null,"2021-03-20",44275,"春分の日"]
[null,"2021-04-29",44315,"昭和の日"]
[null,"2021-05-03",44319,"憲法記念日"]
[null,"2021-05-04",44320,"みどりの日"]
[null,"2021-05-05",44321,"こどもの日"]
[null,"2021-07-19",44396,"海の日"]
[null,"2021-08-11",44419,"山の日"]
[null,"2021-08-14",{"$f":"B125","v":44422},"積算基準より"]
[null,"2021-08-15",44423,"積算基準より"]
[null,"2021-08-16",44424,"積算基準より"]
[null,"2021-09-20",44459,"敬老の日"]
[null,"2021-09-23",44462,"秋分の日"]
[null,"2021-10-11",44480,"スポーツの日"]
[null,"2021-11-03",44503,"文化の日"]
[null,"2021-11-23",44523,"感謝の日"]
[null,"2021-12-29",{"$f":"B133","v":44559},"積算基準より"]
[null,"2021-12-30",44560,"積算基準より"]
[null,"2021-12-31",44561,"積算基準より"]
[null,"2022-01-01",44562,"元日"]
[null,"2022-01-02",44563,"積算基準より"]
[null,"2022-01-03",44564,"積算基準より"]
[null,"2022-01-10",44571,"成人の日"]
[null,"2022-02-11",44603,"建国記念の日"]
[null,"2022-02-23",44615,"天皇誕生日"]
[null,"2022-03-21",{"$f":"B142","v":44641},"春分の日"]
[null,"2022-04-29",{"$f":"B143","v":44680},"昭和の日"]
[null,"2022-05-03",44684,"憲法記念日"]
[null,"2022-05-04",44685,"みどりの日"]
[null,"2022-05-05",44686,"こどもの日"]
[null,"2022-07-18",44760,"海の日"]
[null,"2022-08-11",44784,"山の日"]
[null,"2022-08-14",44787,"積算基準より"]
[null,"2022-08-15",44788,"積算基準より"]
[null,"2022-08-16",44789,"積算基準より"]
[null,"2022-09-19",44823,"敬老の日"]
[null,"2022-09-23",44827,"秋分の日"]
[null,"2022-10-10",44844,"スポーツの日"]
[null,"2022-11-03",44868,"文化の日"]
[null,"2022-11-23",44888,"感謝の日"]
[null,"2022-12-29",44924,"積算基準より"]
[null,"2022-12-30",44925,"積算基準より"]
[null,"2022-12-31",44926,"積算基準より"]
[null,"2023-01-01",44927,"元日"]
[null,"2023-01-02",44928,"積算基準より"]
[null,"2023-01-03",44929,"積算基準より"]
[null,"2023-01-02",44928,"振替休日"]
[null,"2023-01-09",44935,"成人の日"]
[null,"2023-02-11",44968,"建国記念の日"]
[null,"2023-02-23",44980,"天皇誕生日"]
[null,"2023-03-21",45006,"春分の日"]
[null,"2023-04-29",45045,"昭和の日"]
[null,"2023-05-03",45049,"憲法記念日"]
[null,"2023-05-04",45050,"みどりの日"]
[null,"2023-05-05",45051,"こどもの日"]
[null,"2023-07-17",45124,"海の日"]
[null,"2023-08-11",45149,"山の日"]
[null,"2023-08-14",{"$f":"B174","v":45152},"積算基準より"]
[null,"2023-08-15",45153,"積算基準より"]
[null,"2023-08-16",45154,"積算基準より"]
[null,"2023-09-18",{"$f":"B177","v":45187},"敬老の日"]
[null,"2023-09-23",{"$f":"B178","v":45192},"秋分の日"]
[null,"2023-10-09",45208,"スポーツの日"]
[null,"2023-11-03",45233,"文化の日"]
[null,"2023-11-23",45253,"勤労感謝の日"]
[null,"2023-12-29",{"$f":"B182","v":45289},"積算基準より"]
[null,"2023-12-30",45290,"積算基準より"]
[null,"2023-12-31",45291,"積算基準より"]
[null,"2024-01-01",45292,"元日"]
[null,"2024-01-02",45293,"積算基準より"]
[null,"2024-01-03",45294,"積算基準より"]
[null,"2024-01-08",45299,"成人の日"]
[null,"2024-02-11",45333,"建国記念の日"]
[null,"2024-02-12",45334,"振替休日"]
[null,"2024-02-23",45345,"天皇誕生日"]
[null,"2024-03-20",45371,"春分の日"]
[null,"2024-04-29",{"$f":"B193","v":45411},"昭和の日"]
[null,"2024-05-03",45415,"憲法記念日"]
[null,"2024-05-04",45416,"みどりの日"]
[null,"2024-05-05",45417,"こどもの日"]
[null,"2024-05-06",45418,"振替休日"]
[null,"2024-07-15",45488,"海の日"]
[null,"2024-08-11",45515,"山の日"]
[null,"2024-08-12",45516,"振替休日"]
[null,"2024-08-14",45518,"積算基準より"]
[null,"2024-08-15",45519,"積算基準より"]
[null,"2024-08-16",45520,"積算基準より"]
[null,"2024-09-16",45551,"敬老の日"]
[null,"2024-09-22",45557,"秋分の日"]
[null,"2024-09-23",45558,"振替休日"]
[null,"2024-10-14",45579,"スポーツの日"]
[null,"2024-11-03",45599,"文化の日"]
[null,"2024-11-04",{"$f":"B209","v":45600},"振替休日"]
[null,"2024-11-23",{"$f":"B210","v":45619},"勤労感謝の日"]
[null,"2024-12-29",{"$f":"B211","v":45655},"積算基準より"]
[null,"2024-12-30",45656,"積算基準より"]
[null,"2024-12-31",45657,"積算基準より"]
[null,"2025-01-01",45658,"元日"]
[null,"2025-01-02",45659,"積算基準より"]
[null,"2025-01-03",45660,"積算基準より"]
[null,"2025-01-13",{"$f":"B217","v":45670},"成人の日"]
[null,"2025-02-11",45699,"建国記念の日"]
[null,"2025-02-23",45711,"天皇誕生日"]
[null,"2025-02-24",45712,"振替休日"]
[null,"2025-03-20",45736,"春分の日"]
[null,"2025-04-29",45776,"昭和の日"]
[null,"2025-05-03",45780,"憲法記念日"]
[null,"2025-05-04",45781,"みどりの日"]
[null,"2025-05-05",45782,"こどもの日"]
[null,"2025-05-06",45783,"振替休日"]
[null,"2025-07-21",45859,"海の日"]
[null,"2025-08-11",45880,"山の日"]
[null,"2025-08-14",45883,"積算基準より"]
[null,"2025-08-15",45884,"積算基準より"]
[null,"2025-08-16",45885,"積算基準より"]
[null,"2025-09-15",45915,"敬老の日"]
[null,"2025-09-23",45923,"秋分の日"]
[null,"2025-10-13",45943,"スポーツの日"]
[null,"2025-11-03",45964,"文化の日"]
[null,"2025-11-23",45984,"勤労感謝の日"]
[null,"2025-11-24",45985,"振替休日"]
[null,"2025-12-29",46020,"積算基準より"]
[null,"2025-12-30",46021,"積算基準より"]
[null,"2025-12-31",46022,"積算基準より"]
[null,"2026-01-01",46023,"元日"]
[null,"2026-01-02",46024,"積算基準より"]
[null,"2026-01-03",46025,"積算基準より"]
[null,"2026-01-12",46034,"成人の日"]
[null,"2026-02-11",{"$f":"B245","v":46064},"建国記念の日"]
[null,"2026-02-23",{"$f":"B246","v":46076},"天皇誕生日"]
[null,"2026-03-20",{"$f":"B247","v":46101},"春分の日"]
[null,"2026-04-29",46141,"昭和の日"]
[null,"2026-05-03",46145,"憲法記念日"]
[null,"2026-05-04",46146,"みどりの日"]
[null,"2026-05-05",46147,"こどもの日"]
[null,"2026-05-06",46148,"振替休日"]
[null,"2026-07-20",46223,"海の日"]
[null,"2026-08-11",46245,"山の日"]
[null,"2026-08-14",46248,"積算基準より"]
[null,"2026-08-15",46249,"積算基準より"]
[null,"2026-08-16",46250,"積算基準より"]
[null,"2026-09-21",46286,"敬老の日"]
[null,"2026-09-22",46287,"国民の休日"]
[null,"2026-09-23",46288,"秋分の日"]
[null,"2026-10-12",46307,"スポーツの日"]
[null,"2026-11-03",46329,"文化の日"]
[null,"2026-11-23",46349,"勤労感謝の日"]
[null,"2026-12-29",46385,"積算基準より"]
[null,"2026-12-30",46386,"積算基準より"]
[null,"2026-12-31",46387,"積算基準より"]
[null,"2027-01-01",46388,"元日"]
[null,"2027-01-02",46389,"積算基準より"]
[null,"2027-01-03",46390,"積算基準より"]
[null,"2027-01-11",46398,"成人の日"]
[null,"2027-02-11",46429,"建国記念の日"]
[null,"2027-02-23",46441,"天皇誕生日"]
[null,"2027-03-21",46467,"春分の日"]
[null,"2027-03-22",46468,"振替休日"]
[null,"2027-04-29",46506,"昭和の日"]
[null,"2027-05-03",{"$f":"B276","v":46510},"憲法記念日"]
[null,"2027-05-04",{"$f":"B277","v":46511},"みどりの日"]
[null,"2027-05-05",{"$f":"B278","v":46512},"こどもの日"]
[null,"2027-07-19",46587,"海の日"]
[null,"2027-08-11",46610,"山の日"]
[null,"2027-08-14",46613,"積算基準より"]
[null,"2027-08-15",46614,"積算基準より"]
[null,"2027-08-16",46615,"積算基準より"]
[null,"2027-09-20",46650,"敬老の日"]
[null,"2027-09-23",46653,"秋分の日"]
[null,"2027-10-11",46671,"スポーツの日"]
[null,"2027-11-03",46694,"文化の日"]
[null,"2027-11-23",46714,"勤労感謝の日"]
[null,"2027-12-29",46750,"積算基準より"]
[null,"2027-12-30",46751,"積算基準より"]
[null,"2027-12-31",46752,"積算基準より"]
[null,"2028-01-01",46753,"元日"]
[null,"2028-01-02",46754,"積算基準より"]
[null,"2028-01-03",46755,"積算基準より"]
[null,"2028-01-10",46762,"成人の日"]
[null,"2028-02-11",46794,"建国記念の日"]
[null,"2028-02-23",46806,"天皇誕生日"]
[null,"2028-03-20",46832,"春分の日"]
[null,"2028-04-29",46872,"昭和の日"]
[null,"2028-05-03",46876,"憲法記念日"]
[null,"2028-05-04",46877,"みどりの日"]
[null,"2028-05-05",46878,"こどもの日"]
[null,"2028-07-17",46951,"海の日"]
[null,"2028-08-11",46976,"山の日"]
[null,"2028-08-14",{"$f":"B305","v":46979},"積算基準より"]
[null,"2028-08-15",46980,"積算基準より"]
[null,"2028-08-16",46981,"積算基準より"]
[null,"2028-09-18",47014,"敬老の日"]
[null,"2028-09-22",47018,"秋分の日"]
[null,"2028-10-09",{"$f":"B310","v":47035},"スポーツの日"]
[null,"2028-11-03",{"$f":"B311","v":47060},"文化の日"]
[null,"2028-11-23",{"$f":"B312","v":47080},"勤労感謝の日"]
[null,"2028-12-29",47116,"積算基準より"]
[null,"2028-12-30",47117,"積算基準より"]
[null,"2028-12-31",47118,"積算基準より"]
[null,"2029-01-01",47119,"元日"]
[null,"2029-01-02",47120,"積算基準より"]
[null,"2029-01-03",47121,"積算基準より"]
[null,"2029-01-08",47126,"成人の日"]
[null,"2029-02-11",47160,"建国記念の日"]
[null,"2029-02-12",47161,"振替休日"]
[null,"2029-02-23",47172,"天皇誕生日"]
[null,"2029-03-20",47197,"春分の日"]
[null,"2029-04-29",47237,"昭和の日"]
[null,"2029-04-30",47238,"振替休日"]
[null,"2029-05-03",47241,"憲法記念日"]
[null,"2029-05-04",47242,"みどりの日"]
[null,"2029-05-05",47243,"こどもの日"]
[null,"2029-07-16",47315,"海の日"]
[null,"2029-08-11",47341,"山の日"]
[null,"2029-08-14",47344,"積算基準より"]
[null,"2029-08-15",47345,"積算基準より"]
[null,"2029-08-16",47346,"積算基準より"]
[null,"2029-09-17",47378,"敬老の日"]
[null,"2029-09-23",47384,"秋分の日"]
[null,"2029-09-24",47385,"振替休日"]
[null,"2029-10-08",47399,"スポーツの日"]
[null,"2029-11-03",47425,"文化の日"]
[null,"2029-11-23",47445,"感謝の日"]
[null,"2029-12-29",{"$f":"B340","v":47481},"積算基準より"]
[null,"2029-12-30",47482,"積算基準より"]
[null,"2029-12-31",47483,"積算基準より"]

{"sheet":"(編集不可)教師データ","index":3,"n_rows":59,"n_cols":14,"rows_kept":59,"cut":false,"hidden":true,"merged":[[46,1,47,1],[46,2,46,4],[46,5,46,7],[46,8,46,10],[46,11,46,13],[37,1,38,1],[37,2,37,4],[37,5,37,7],[37,8,37,10],[37,11,37,13],[28,1,29,1],[28,2,28,4],[28,5,28,7],[28,8,28,10],[28,11,28,13],[19,1,20,1],[19,2,19,4],[19,5,19,7],[19,8,19,10],[19,11,19,13],[1,11,1,13],[10,1,11,1],[10,2,10,4],[10,5,10,7],[10,8,10,10],[10,11,10,13],[0,5,0,7],[1,1,2,1],[1,2,1,4],[1,5,1,7],[1,8,1,10]]}
[null,"【履行期間：ハイライト教師データ】",null,null,null,"使用しない"]
[null,"1,000万未満","➀条件確定まで",null,null,"②報告書作成期間",null,null,"③報告書作成とりまとめ",null,null,"履行期間（照査完了・納品）"]
[null,null,"平均","範囲帯（下限）","範囲帯（上限）","平均","範囲帯（下限）","範囲帯（上限）","平均","範囲帯（下限）","範囲帯（上限）","平均","範囲帯（下限）","範囲帯（上限）"]
["リスト⇒","道路橋設計（詳細設計）",83.727823825000002,68.504901849999996,98.950745799999993,{"$f":"AVERAGE(G4:H4)","v":60.859907425000003},41.196386650000001,80.523428199999998,{"$f":"AVERAGE(J4:K4)","v":11},3.2499257300000002,18.750074269999999,179.46624307499999,152.63691165,206.29557449999999]
["リスト⇒","道路設計（詳細設計）",79,59.0492542,98.950745799999993,79.573041425,68.622654650000001,90.523428199999998,9,1.9389973650000001,16.061002635000001,187.29210497499997,168.28863544999999,206.29557449999999]
["リスト⇒","トンネル設計（詳細設計）",82.199806699999996,65.4488676,98.950745799999993,58.093804675000001,45.664181149999997,70.523428199999998,9.8067025425000001,3.5524024500000002,16.061002635000001,171.58415044999998,146.8727264,206.29557449999999]
["リスト⇒","河川構造物設計（詳細設計）",89.207426749999996,79.4641077,98.950745799999993,49.155503374999995,42.787578549999999,55.523428199999998,9,1.9389973650000001,16.061002635000001,172.51025932499999,138.72494415,206.29557449999999]
["リスト⇒","砂防構造物設計（詳細設計）",88.246392474999993,77.542039149999994,98.950745799999993,63.518580700000001,46.513733199999997,80.523428199999998,9.6554641825000012,3.2499257300000002,16.061002635000001,185.34614964999997,164.39672479999999,206.29557449999999]
["リスト⇒","その他設計（詳細設計）",80.973272474999987,62.995799149999996,98.950745799999993,70.382064825,50.240701450000003,90.523428199999998,9,1.9389973650000001,16.061002635000001,190.80083837500001,175.30610225000001,206.29557449999999]
["リスト⇒","その他業務"]
[null,"1,000万～2,000万","➀条件確定まで",null,null,"②報告書作成期間",null,null,"③報告書作成とりまとめ",null,null,"履行期間（照査完了・納品）"]
[null,null,"平均","範囲帯（下限）","範囲帯（上限）","平均","範囲帯（下限）","範囲帯（上限）","平均","範囲帯（下限）","範囲帯（上限）","平均","範囲帯（下限）","範囲帯（上限）"]
[null,"道路橋設計（詳細設計）",94.357632225000003,68.504901849999996,120.2103626,{"$f":"AVERAGE(G13:H13)","v":104.690476825},81.196386649999994,128.18456700000002,{"$f":"AVERAGE(J13:K13)","v":11.063734974999999},6.3842286999999995,15.743241250000001,216.76049649999999,202.63691165,230.88408135]
[null,"道路設計（詳細設計）",92,63.789637400000004,120.2103626,113.40361082500002,98.622654650000001,128.18456700000002,9,2.2567587499999999,15.743241250000001,224.58635839999999,218.28863545000002,230.88408135]
[null,"トンネル設計（詳細設計）",88,65.4488676,110.5511324,94.075625924999997,71.815432999999999,116.33581885,11.14782185,5.5524024499999998,16.743241250000001,207,186.8727264,227.1272736]
[null,"河川構造物設計（詳細設計）",99.837235149999998,79.4641077,120.2103626,97.986072774999997,77.787578550000006,118.184567,7.5,2.2567587499999999,12.743241250000001,214.80451275000001,198.72494415,230.88408135]
[null,"砂防構造物設計（詳細設計）",98.876200874999995,77.542039149999994,120.2103626,90,71.815432999999999,108.184567,9.5,3.2499257300000002,15.750074270000001,212.64040307499999,194.39672480000002,230.88408135]
[null,"その他設計（詳細設計）",90.396919125000011,63.789637400000004,117.00420085,85.5,66.815432999999999,104.184567,9.5056751249999998,3.2681089999999999,15.743241250000001,205,179.11591865,230.88408135]
[]
[null,"2,000万～3,000万","➀条件確定まで",null,null,"②報告書作成期間",null,null,"③報告書作成とりまとめ",null,null,"履行期間（照査完了・納品）"]
[null,null,"平均","範囲帯（下限）","範囲帯（上限）","平均","範囲帯（下限）","範囲帯（上限）","平均","範囲帯（下限）","範囲帯（上限）","平均","範囲帯（下限）","範囲帯（上限）"]
[null,"道路橋設計（詳細設計）",96,68.504901849999996,123.49509815,{"$f":"AVERAGE(G22:H22)","v":101.43119315},84.058772949999991,118.80361335000001,13.422799600000001,6.3842286999999995,20.461370500000001,{"$f":"AVERAGE(M22:N22)","v":230},202.63691165,257.36308835]
[null,"道路設計（詳細設計）",97.706197075000006,67.354521599999998,128.05787255000001,121.28194085000001,98.622654650000001,143.94122705000001,10,0,20.461370500000001,242.21520270000002,218.28863545000002,266.14176995000003]
[null,"トンネル設計（詳細設計）",88.952826999999999,67.354521599999998,110.5511324,100.1972959,74.058772950000005,126.33581885,14.506886475000002,8.5524024500000007,20.461370500000001,214.492751825,201.85823005,227.1272736]
[null,"河川構造物設計（詳細設計）",104.05479305,79.4641077,128.6454784,99.135597200000007,74.058772950000005,124.21242144999999,9,0.20345625000000034,17.796543749999998,243.56664295000002,221.85823005,265.27505585]
[null,"砂防構造物設計（詳細設計）",103.093758775,77.542039149999994,128.6454784,101.272519875,69.058772950000005,133.48626680000001,6,3.2499257300000002,13.750074270000001,227.73075262500001,211.85823005,243.60327520000001]
[null,"その他設計（詳細設計）",92.179361225000008,67.354521599999998,117.00420085,106.90903575,84.058772949999991,129.75929855000001,10,1.2681090000000008,18.731890999999997,218.2760639,201.85823005,234.69389774999999]
[]
[null,"3,000万～4,000万","➀条件確定まで",null,null,"②報告書作成期間",null,null,"③報告書作成とりまとめ",null,null,"履行期間（照査完了・納品）"]
[null,null,"平均","範囲帯（下限）","範囲帯（上限）","平均","範囲帯（下限）","範囲帯（上限）","平均","範囲帯（下限）","範囲帯（上限）","平均","範囲帯（下限）","範囲帯（上限）"]
[null,"道路橋設計（詳細設計）",96,68.504901849999996,123.49509815,{"$f":"AVERAGE(G31:H31)","v":115.9920565},93.180499650000002,138.80361335000001,{"$f":"AVERAGE(J31:K31)","v":17},6.3842286999999995,27.615771299999999,{"$f":"AVERAGE(M31:N31)","v":241.3604995},225.35791065000001,257.36308835]
[null,"道路設計（詳細設計）",97.873080900000005,67.688289249999997,128.05787255000001,125.72107750000001,94.622654650000001,156.81950035,15.323335525000001,2,28.646671050000002,251,225.35791065000001,276.64208934999999]
[null,"トンネル設計（詳細設計）",89.119710824999999,67.688289249999997,110.5511324,109.75815925000001,93.180499650000002,126.33581885,17,8.5524024500000007,25.447597549999998,233.74259212499999,225.35791065000001,242.1272736]
[null,"河川構造物設計（詳細設計）",108.887909225,79.4641077,138.31171075,113.69646055,93.180499650000002,134.21242144999999,9.9999999999999982,2.2034562499999999,17.796543749999998,245.31648325,225.35791065000001,265.27505585]
[null,"砂防構造物設計（詳細設計）",104,77.542039149999994,130.45796085000001,113.33338322500001,93.180499650000002,133.48626680000001,8,3.2499257300000002,12.750074270000001,236.480592925,225.35791065000001,247.60327520000001]
[null,"その他設計（詳細設計）",92.346245049999993,67.688289249999997,117.00420085,111.46989910000001,93.180499650000002,129.75929855000001,10.499999999999998,2.2681089999999999,18.731890999999997,230.02590420000001,225.35791065000001,234.69389774999999]
[]
[null,"4,000万～5,000万","➀条件確定まで",null,null,"②報告書作成期間",null,null,"③報告書作成とりまとめ",null,null,"履行期間（照査完了・納品）"]
[null,null,"平均","範囲帯（下限）","範囲帯（上限）","平均","範囲帯（下限）","範囲帯（上限）","平均","範囲帯（下限）","範囲帯（上限）","平均","範囲帯（下限）","範囲帯（上限）"]
[null,"道路橋設計（詳細設計）",96,68.504901849999996,123.49509815,{"$f":"AVERAGE(G40:H40)","v":114.97638375},91.149154150000001,138.80361335000001,17,6.3842286999999995,27.615771299999999,238.94938865,220.53568895000001,257.36308835]
[null,"道路設計（詳細設計）",92,59.338975949999998,124.66102405000001,122.23675025,88.622654650000001,155.85084585000001,15.110070125,1.5734691999999999,28.646671050000002,243,220.53568895000001,265.46431104999999]
[null,"トンネル設計（詳細設計）",88,65.4488676,110.5511324,108.7424865,91.149154150000001,126.33581885,17,8.5524024500000007,25.447597549999998,223.83148127499999,220.53568895000001,237.1272736]
[null,"河川構造物設計（詳細設計）",102.062565875,79.4641077,124.66102405000001,112.68078779999999,91.149154150000001,134.21242144999999,9.685006474999998,1.5734691999999999,17.796543749999998,242.9053724,220.53568895000001,265.27505585]
[null,"砂防構造物設計（詳細設計）",101.1015316,77.542039149999994,124.66102405000001,112.31771047500001,91.149154150000001,133.48626680000001,6,3.2499257300000002,13.750074270000001,227.069482075,220.53568895000001,243.60327520000001]
[null,"その他設計（詳細設計）",90,62.995799149999996,117.00420085,110.45422635,91.149154150000001,129.75929855000001,10.152680099999998,1.5734691999999999,18.731890999999997,227.61479335000001,220.53568895000001,234.69389774999999]
[]
[null,"5,000万以上","➀条件確定まで",null,null,"②報告書作成期間",null,null,"③報告書作成とりまとめ",null,null,"履行期間（照査完了・納品）"]
[null,null,"平均","範囲帯（下限）","範囲帯（上限）","平均","範囲帯（下限）","範囲帯（上限）","平均","範囲帯（下限）","範囲帯（上限）","平均","範囲帯（下限）","範囲帯（上限）"]
[null,"道路橋設計（詳細設計）",104.39645362499999,85.297809099999995,123.49509815,{"$f":"AVERAGE(G49:H49)","v":114.21362245},89.623631549999999,138.80361335000001,16,8.0551510999999998,23.9448489,246.24928729999999,235.13548624999999,257.36308835]
[null,"道路設計（詳細設計）",106.677840825,85.297809099999995,128.05787255000001,121.99951154999999,93.622654650000001,150.37636845,16,8.0551510999999998,23.9448489,257.42342539999999,235.13548624999999,279.71136454999998]
[null,"トンネル設計（詳細設計）",97.924470749999998,85.297809099999995,110.5511324,107.97972519999999,89.623631549999999,126.33581885,16.248625675,8.5524024500000007,23.9448489,246.13137992499998,227.1272736,265.13548624999999]
[null,"河川構造物設計（詳細設計）",115.9168507,85.297809099999995,146.5358923,111.9180265,89.623631549999999,134.21242144999999,12.925847424999999,8.0551510999999998,17.796543749999998,250.20527104999999,235.13548624999999,265.27505585]
[null,"砂防構造物設計（詳細設計）",107.877884975,85.297809099999995,130.45796085000001,107.054949175,83.623631549999999,130.48626680000001,8.4026126849999994,6.0551510999999998,14.750074270000001,231.86938072500001,220.13548625000001,243.60327520000001]
[null,"その他設計（詳細設計）",101.15100497500001,85.297809099999995,117.00420085,109.69146505000001,89.623631549999999,129.75929855000001,13.393521049999999,8.0551510999999998,18.731890999999997,234.914692,225.13548625000001,244.69389774999999]
[]
[null,1,2,3,4,5,6,7,8,9,10,11,12,13]
[null,null,"平均","範囲帯（下限）","範囲帯（上限）","平均","範囲帯（下限）","範囲帯（上限）","平均","範囲帯（下限）","範囲帯（上限）","平均","範囲帯（下限）","範囲帯（上限）"]
[null,null,{"$f":"AVERAGE(D58:E58)","v":97.873080900000005},{"$f":"IF('業務スケジュール管理表（ver.2.0.0）'!$X$5=\"手動\",\"\",IF('業務スケジュール管理表（ver.2.0.0）'!$G$4<10000000,VLOOKUP('業務スケジュール管理表（ver.2.0.0）'!$G$5,$B$4:$N$9,D$56,FALSE),IF(AND('業務スケジュール管理表（ver.2.0.0）'!$G$4>=10000000,'業務スケジュール管理表（ver.2.0.0）'!$G$4<20000000),VLOOKUP('業務スケジュール管理表（ver.2.0.0）'!$G$5,$B$13:$N$18,D$56,FALSE),IF(AND('業務スケジュール管理表（ver.2.0.0）'!$G$4>=20000000,'業務スケジュール管理表（ver.2.0.0）'!$G$4<30000000),VLOOKUP('業務スケジュール管理表（ver.2.0.0）'!$G$5,$B$22:$N$27,D$56,FALSE),IF(AND('業務スケジュール管理表（ver.2.0.0）'!$G$4>=30000000,'業務スケジュール管理表（ver.2.0.0）'!$G$4<40000000),VLOOKUP('業務スケジュール管理表（ver.2.0.0）'!$G$5,$B$31:$N$36,D$56,FALSE),IF(AND('業務スケジュール管理表（ver.2.0.0）'!$G$4>=40000000,'業務スケジュール管理表（ver.2.0.0）'!$G$4<50000000),VLOOKUP('業務スケジュール管理表（ver.2.0.0）'!$G$5,$B$40:$N$45,D$56,FALSE),IF('業務スケジュール管理表（ver.2.0.0）'!$G$4>50000000,VLOOKUP('業務スケジュール管理表（ver.2.0.0）'!$G$5,$B$49:$N$54,D$56,FALSE),\"\")))))))","v":67.688289249999997},{"$f":"IF('業務スケジュール管理表（ver.2.0.0）'!$X$5=\"手動\",\"\",IF('業務スケジュール管理表（ver.2.0.0）'!$G$4<10000000,VLOOKUP('業務スケジュール管理表（ver.2.0.0）'!$G$5,$B$4:$N$9,E$56,FALSE),IF(AND('業務スケジュール管理表（ver.2.0.0）'!$G$4>=10000000,'業務スケジュール管理表（ver.2.0.0）'!$G$4<20000000),VLOOKUP('業務スケジュール管理表（ver.2.0.0）'!$G$5,$B$13:$N$18,E$56,FALSE),IF(AND('業務スケジュール管理表（ver.2.0.0）'!$G$4>=20000000,'業務スケジュール管理表（ver.2.0.0）'!$G$4<30000000),VLOOKUP('業務スケジュール管理表（ver.2.0.0）'!$G$5,$B$22:$N$27,E$56,FALSE),IF(AND('業務スケジュール管理表（ver.2.0.0）'!$G$4>=30000000,'業務スケジュール管理表（ver.2.0.0）'!$G$4<40000000),VLOOKUP('業務スケジュール管理表（ver.2.0.0）'!$G$5,$B$31:$N$36,E$56,FALSE),IF(AND('業務スケジュール管理表（ver.2.0.0）'!$G$4>=40000000,'業務スケジュール管理表（ver.2.0.0）'!$G$4<50000000),VLOOKUP('業務スケジュール管理表（ver.2.0.0）'!$G$5,$B$40:$N$45,E$56,FALSE),IF('業務スケジュール管理表（ver.2.0.0）'!$G$4>50000000,VLOOKUP('業務スケジュール管理表（ver.2.0.0）'!$G$5,$B$49:$N$54,E$56,FALSE),\"\")))))))","v":128.05787255000001},{"$f":"AVERAGE(G58:H58)","v":223.5941584},{"$f":"C$58+G59","v":192.49573555000001},{"$f":"C$58+H59","v":254.69258124999999},{"$f":"AVERAGE(J58:K58)","v":238.917493925},{"$f":"F$58+J59","v":225.5941584},{"$f":"F$58+K59","v":252.24082945000001},{"$f":"AVERAGE(M58:N58)","v":251},{"$f":"IF('業務スケジュール管理表（ver.2.0.0）'!$X$5=\"手動\",\"\",IF('業務スケジュール管理表（ver.2.0.0）'!$G$4<10000000,VLOOKUP('業務スケジュール管理表（ver.2.0.0）'!$G$5,$B$4:$N$9,M$56,FALSE),IF(AND('業務スケジュール管理表（ver.2.0.0）'!$G$4>=10000000,'業務スケジュール管理表（ver.2.0.0）'!$G$4<20000000),VLOOKUP('業務スケジュール管理表（ver.2.0.0）'!$G$5,$B$13:$N$18,M$56,FALSE),IF(AND('業務スケジュール管理表（ver.2.0.0）'!$G$4>=20000000,'業務スケジュール管理表（ver.2.0.0）'!$G$4<30000000),VLOOKUP('業務スケジュール管理表（ver.2.0.0）'!$G$5,$B$22:$N$27,M$56,FALSE),IF(AND('業務スケジュール管理表（ver.2.0.0）'!$G$4>=30000000,'業務スケジュール管理表（ver.2.0.0）'!$G$4<40000000),VLOOKUP('業務スケジュール管理表（ver.2.0.0）'!$G$5,$B$31:$N$36,M$56,FALSE),IF(AND('業務スケジュール管理表（ver.2.0.0）'!$G$4>=40000000,'業務スケジュール管理表（ver.2.0.0）'!$G$4<50000000),VLOOKUP('業務スケジュール管理表（ver.2.0.0）'!$G$5,$B$40:$N$45,M$56,FALSE),IF('業務スケジュール管理表（ver.2.0.0）'!$G$4>50000000,VLOOKUP('業務スケジュール管理表（ver.2.0.0）'!$G$5,$B$49:$N$54,M$56,FALSE),\"\")))))))","v":225.35791065000001},{"$f":"IF('業務スケジュール管理表（ver.2.0.0）'!$X$5=\"手動\",\"\",IF('業務スケジュール管理表（ver.2.0.0）'!$G$4<10000000,VLOOKUP('業務スケジュール管理表（ver.2.0.0）'!$G$5,$B$4:$N$9,N$56,FALSE),IF(AND('業務スケジュール管理表（ver.2.0.0）'!$G$4>=10000000,'業務スケジュール管理表（ver.2.0.0）'!$G$4<20000000),VLOOKUP('業務スケジュール管理表（ver.2.0.0）'!$G$5,$B$13:$N$18,N$56,FALSE),IF(AND('業務スケジュール管理表（ver.2.0.0）'!$G$4>=20000000,'業務スケジュール管理表（ver.2.0.0）'!$G$4<30000000),VLOOKUP('業務スケジュール管理表（ver.2.0.0）'!$G$5,$B$22:$N$27,N$56,FALSE),IF(AND('業務スケジュール管理表（ver.2.0.0）'!$G$4>=30000000,'業務スケジュール管理表（ver.2.0.0）'!$G$4<40000000),VLOOKUP('業務スケジュール管理表（ver.2.0.0）'!$G$5,$B$31:$N$36,N$56,FALSE),IF(AND('業務スケジュール管理表（ver.2.0.0）'!$G$4>=40000000,'業務スケジュール管理表（ver.2.0.0）'!$G$4<50000000),VLOOKUP('業務スケジュール管理表（ver.2.0.0）'!$G$5,$B$40:$N$45,N$56,FALSE),IF('業務スケジュール管理表（ver.2.0.0）'!$G$4>50000000,VLOOKUP('業務スケジュール管理表（ver.2.0.0）'!$G$5,$B$49:$N$54,N$56,FALSE),\"\")))))))","v":276.64208934999999}]
[null,null,null,null,null,null,{"$f":"IF('業務スケジュール管理表（ver.2.0.0）'!$X$5=\"手動\",\"\",IF('業務スケジュール管理表（ver.2.0.0）'!$G$4<10000000,VLOOKUP('業務スケジュール管理表（ver.2.0.0）'!$G$5,$B$4:$N$9,G$56,FALSE),IF(AND('業務スケジュール管理表（ver.2.0.0）'!$G$4>=10000000,'業務スケジュール管理表（ver.2.0.0）'!$G$4<20000000),VLOOKUP('業務スケジュール管理表（ver.2.0.0）'!$G$5,$B$13:$N$18,G$56,FALSE),IF(AND('業務スケジュール管理表（ver.2.0.0）'!$G$4>=20000000,'業務スケジュール管理表（ver.2.0.0）'!$G$4<30000000),VLOOKUP('業務スケジュール管理表（ver.2.0.0）'!$G$5,$B$22:$N$27,G$56,FALSE),IF(AND('業務スケジュール管理表（ver.2.0.0）'!$G$4>=30000000,'業務スケジュール管理表（ver.2.0.0）'!$G$4<40000000),VLOOKUP('業務スケジュール管理表（ver.2.0.0）'!$G$5,$B$31:$N$36,G$56,FALSE),IF(AND('業務スケジュール管理表（ver.2.0.0）'!$G$4>=40000000,'業務スケジュール管理表（ver.2.0.0）'!$G$4<50000000),VLOOKUP('業務スケジュール管理表（ver.2.0.0）'!$G$5,$B$40:$N$45,G$56,FALSE),IF('業務スケジュール管理表（ver.2.0.0）'!$G$4>50000000,VLOOKUP('業務スケジュール管理表（ver.2.0.0）'!$G$5,$B$49:$N$54,G$56,FALSE),\"\")))))))","v":94.622654650000001},{"$f":"IF('業務スケジュール管理表（ver.2.0.0）'!$X$5=\"手動\",\"\",IF('業務スケジュール管理表（ver.2.0.0）'!$G$4<10000000,VLOOKUP('業務スケジュール管理表（ver.2.0.0）'!$G$5,$B$4:$N$9,H$56,FALSE),IF(AND('業務スケジュール管理表（ver.2.0.0）'!$G$4>=10000000,'業務スケジュール管理表（ver.2.0.0）'!$G$4<20000000),VLOOKUP('業務スケジュール管理表（ver.2.0.0）'!$G$5,$B$13:$N$18,H$56,FALSE),IF(AND('業務スケジュール管理表（ver.2.0.0）'!$G$4>=20000000,'業務スケジュール管理表（ver.2.0.0）'!$G$4<30000000),VLOOKUP('業務スケジュール管理表（ver.2.0.0）'!$G$5,$B$22:$N$27,H$56,FALSE),IF(AND('業務スケジュール管理表（ver.2.0.0）'!$G$4>=30000000,'業務スケジュール管理表（ver.2.0.0）'!$G$4<40000000),VLOOKUP('業務スケジュール管理表（ver.2.0.0）'!$G$5,$B$31:$N$36,H$56,FALSE),IF(AND('業務スケジュール管理表（ver.2.0.0）'!$G$4>=40000000,'業務スケジュール管理表（ver.2.0.0）'!$G$4<50000000),VLOOKUP('業務スケジュール管理表（ver.2.0.0）'!$G$5,$B$40:$N$45,H$56,FALSE),IF('業務スケジュール管理表（ver.2.0.0）'!$G$4>50000000,VLOOKUP('業務スケジュール管理表（ver.2.0.0）'!$G$5,$B$49:$N$54,H$56,FALSE),\"\")))))))","v":156.81950035},null,{"$f":"IF('業務スケジュール管理表（ver.2.0.0）'!$X$5=\"手動\",\"\",IF('業務スケジュール管理表（ver.2.0.0）'!$G$4<10000000,VLOOKUP('業務スケジュール管理表（ver.2.0.0）'!$G$5,$B$4:$N$9,J$56,FALSE),IF(AND('業務スケジュール管理表（ver.2.0.0）'!$G$4>=10000000,'業務スケジュール管理表（ver.2.0.0）'!$G$4<20000000),VLOOKUP('業務スケジュール管理表（ver.2.0.0）'!$G$5,$B$13:$N$18,J$56,FALSE),IF(AND('業務スケジュール管理表（ver.2.0.0）'!$G$4>=20000000,'業務スケジュール管理表（ver.2.0.0）'!$G$4<30000000),VLOOKUP('業務スケジュール管理表（ver.2.0.0）'!$G$5,$B$22:$N$27,J$56,FALSE),IF(AND('業務スケジュール管理表（ver.2.0.0）'!$G$4>=30000000,'業務スケジュール管理表（ver.2.0.0）'!$G$4<40000000),VLOOKUP('業務スケジュール管理表（ver.2.0.0）'!$G$5,$B$31:$N$36,J$56,FALSE),IF(AND('業務スケジュール管理表（ver.2.0.0）'!$G$4>=40000000,'業務スケジュール管理表（ver.2.0.0）'!$G$4<50000000),VLOOKUP('業務スケジュール管理表（ver.2.0.0）'!$G$5,$B$40:$N$45,J$56,FALSE),IF('業務スケジュール管理表（ver.2.0.0）'!$G$4>50000000,VLOOKUP('業務スケジュール管理表（ver.2.0.0）'!$G$5,$B$49:$N$54,J$56,FALSE),\"\")))))))","v":2},{"$f":"IF('業務スケジュール管理表（ver.2.0.0）'!$X$5=\"手動\",\"\",IF('業務スケジュール管理表（ver.2.0.0）'!$G$4<10000000,VLOOKUP('業務スケジュール管理表（ver.2.0.0）'!$G$5,$B$4:$N$9,K$56,FALSE),IF(AND('業務スケジュール管理表（ver.2.0.0）'!$G$4>=10000000,'業務スケジュール管理表（ver.2.0.0）'!$G$4<20000000),VLOOKUP('業務スケジュール管理表（ver.2.0.0）'!$G$5,$B$13:$N$18,K$56,FALSE),IF(AND('業務スケジュール管理表（ver.2.0.0）'!$G$4>=20000000,'業務スケジュール管理表（ver.2.0.0）'!$G$4<30000000),VLOOKUP('業務スケジュール管理表（ver.2.0.0）'!$G$5,$B$22:$N$27,K$56,FALSE),IF(AND('業務スケジュール管理表（ver.2.0.0）'!$G$4>=30000000,'業務スケジュール管理表（ver.2.0.0）'!$G$4<40000000),VLOOKUP('業務スケジュール管理表（ver.2.0.0）'!$G$5,$B$31:$N$36,K$56,FALSE),IF(AND('業務スケジュール管理表（ver.2.0.0）'!$G$4>=40000000,'業務スケジュール管理表（ver.2.0.0）'!$G$4<50000000),VLOOKUP('業務スケジュール管理表（ver.2.0.0）'!$G$5,$B$40:$N$45,K$56,FALSE),IF('業務スケジュール管理表（ver.2.0.0）'!$G$4>50000000,VLOOKUP('業務スケジュール管理表（ver.2.0.0）'!$G$5,$B$49:$N$54,K$56,FALSE),\"\")))))))","v":28.646671050000002}]

{"sheet":"List","index":4,"n_rows":38,"n_cols":16,"rows_kept":38,"cut":false,"hidden":true,"merged":[[0,3,0,4],[0,1,0,2]]}
["区分","大項目",null,"小項目",null,null,{"$f":"VLOOKUP('業務スケジュール管理表（ver.2.0.0）'!G5,G4:H10,2,FALSE)","v":"道路設計"},null,null,"道路橋設計","道路設計","トンネル設計","河川構造物設計","砂防構造物設計","その他設計","その他業務"]
[null,"項目名","レベル","項目名","レベル",null,null,null,null,"ｺﾝｸﾘｰﾄ上部工","道路詳細設計（Ａ）予備設計あり","本体工","樋門","砂防堰堤"]
["道路橋設計（詳細設計）","ｺﾝｸﾘｰﾄ上部工",3,null,null,null,"工種","工種（入力規則用）",null,"鋼橋上部工","道路詳細設計（Ｂ）予備設計なし","坑門工","河川排水機場","流木対策工"]
[null,"鋼橋上部工",3,null,null,null,"道路橋設計（詳細設計）","道路橋設計",null,"橋台工",null,"防水工","護岸","渓流保全工"]
[null,"橋台工",3,null,null,null,"道路設計（詳細設計）","道路設計",null,"橋脚工",null,"排水工"]
[null,"橋脚工",3,null,null,null,"トンネル設計（詳細設計）","トンネル設計",null,"橋台基礎工",null,"舗装工"]
[null,"橋台基礎工",3,null,null,null,"河川構造物設計（詳細設計）","河川構造物設計",null,"橋脚基礎工",null,"非常用施設"]
[null,"橋脚基礎工",3,null,null,null,"砂防構造物設計（詳細設計）","砂防構造物設計",null,"架設計画",null,"施工計画・仮設備計画"]
[null,"架設計画",3,null,null,null,"その他設計（詳細設計）","その他設計",null,null,null,"換気検討"]
[null,null,null,null,null,null,"その他業務","その他業務"]
["道路設計（詳細設計）","道路詳細設計（Ａ）予備設計あり",4,"設計計画及び施工計画","-"]
[null,null,null,"現地踏査","-"]
[null,null,null,"平面縦断設計","-"]
[null,null,null,"横断設計","-"]
[null,null,null,"道路付帯構造物・小構造物設計","-"]
[null,null,null,"仮設構造物・用排水設計","-"]
[null,"道路詳細設計（Ｂ）予備設計なし",4,"設計計画及び施工計画","-"]
[null,null,null,"現地踏査","-"]
[null,null,null,"平面縦断設計","-"]
[null,null,null,"横断設計","-"]
[null,null,null,"道路付帯構造物・小構造物設計","-"]
[null,null,null,"仮設構造物・用排水設計","-"]
["トンネル設計（詳細設計）","本体工","-"]
[null,"坑門工","-"]
[null,"防水工","-"]
[null,"排水工","-"]
[null,"舗装工","-"]
[null,"非常用施設","-"]
[null,"施工計画・仮設備計画","-"]
[null,"換気検討","-"]
["河川構造物設計（詳細設計）","樋門",3]
[null,"河川排水機場",3]
[null,"護岸",3]
["砂防構造物設計（詳細設計）","砂防堰堤",4]
[null,"流木対策工",4]
[null,"渓流保全工",4]
["その他設計（詳細設計）"]
["その他業務"]