{"text_format":"1","workbook":"xlsx","n_sheets":5,"sheets":["業務スケジュール管理表（ver.2.0.0）","休日設定","業務遂行管理リスト","(編集不可)教師データ","List"],"not_rendered":{"charts":0,"images":5,"macros":1,"external_links":0,"defined_names":10,"comments":2,"pivot_tables":0},"unopened":[],"bounds":{"document_bytes":16777216,"sheet_cells":100000,"rows_first":2000,"rows_last":500,"rows_between":2000,"halvings":0,"cell_chars":16384,"cell_head_chars":4096},"cells_cut":0,"cells_raw":0,"read":"whole","date_system":"1900"}

{"sheet":"業務スケジュール管理表（ver.2.0.0）","index":0,"n_rows":477,"n_cols":160,"rows_kept":477,"cut":false,"hidden":false,"merged":[[476,107,480,107],[471,100,475,100],[0,23,0,26],[471,101,475,101],[471,102,475,102],[471,103,475,103],[471,104,475,104],[471,105,475,105],[471,106,475,106],[471,107,475,107],[476,84,480,84],[476,85,480,85],[476,86,480,86],[476,87,480,87],[476,88,480,88],[476,89,480,89],[476,90,480,90],[476,91,480,91],[476,92,480,92],[476,93,480,93],[476,94,480,94],[476,95,480,95],[476,96,480,96],[476,97,480,97],[476,98,480,98],[476,99,480,99],[476,100,480,100],[476,101,480,101],[476,102,480,102],[476,103,480,103],[476,104,480,104],[476,105,480,105],[476,106,480,106],[431,86,435,86],[431,87,435,87],[431,88,435,88],[431,89,435,89],[431,90,435,90],[431,91,435,91],[431,92,435,92],[431,93,435,93],[431,94,435,94],[431,95,435,95],[431,96,435,96],[431,97,435,97],[431,98,435,98],[431,99,435,99],[431,100,435,100],[431,102,435,102],[431,104,435,104],[431,105,435,105],[431,106,435,106],[441,104,445,104],[441,105,445,105],[441,106,445,106],[446,104,450,104],[446,105,450,105],[446,106,450,106],[461,91,465,91],[461,92,465,92],[461,93,465,93],[461,94,465,94],[461,95,465,95],[431,103,435,103],[471,84,475,84],[471,85,475,85],[471,86,475,86],[471,87,475,87],[471,88,475,88],[471,89,475,89],[471,90,475,90],[471,91,475,91],[471,92,475,92],[471,93,475,93],[471,94,475,94],[471,95,475,95],[471,96,475,96],[471,97,475,97],[471,98,475,98],[471,99,475,99],[466,88,470,88],[466,89,470,89],[466,90,470,90],[466,91,470,91],[466,92,470,92],[466,93,470,93],[466,94,470,94],[466,95,470,95],[466,96,470,96],[466,97,470,97],[466,98,470,98],[466,99,470,99],[431,107,435,107],[436,101,440,101],[436,102,440,102],[436,103,440,103],[436,104,440,104],[436,105,440,105],[436,106,440,106],[436,107,440,107],[461,98,465,98],[461,99,465,99],[461,100,465,100],[461,101,465,101],[461,102,465,102],[461,103,465,103],[461,104,465,104],[461,105,465,105],[461,106,465,106],[461,107,465,107],[451,102,455,102],[451,103,455,103],[451,104,455,104],[451,105,455,105],[451,106,455,106],[451,107,455,107],[456,106,460,106],[456,107,460,107],[436,84,440,84],[436,85,440,85],[436,86,440,86],[436,87,440,87],[436,88,440,88],[436,89,440,89],[436,90,440,90],[436,91,440,91],[436,92,440,92],[436,93,440,93],[436,94,440,94],[436,95,440,95],[436,96,440,96],[436,97,440,97],[436,98,440,98],[436,99,440,99],[436,100,440,100],[431,84,435,84],[431,85,435,85],[431,101,435,101],[420,101,424,101],[420,102,424,102],[420,103,424,103],[420,104,424,104],[420,105,424,105],[420,106,424,106],[420,107,424,107],[425,84,429,84],[425,85,429,85],[425,86,429,86],[425,87,429,87],[425,88,429,88],[425,89,429,89],[425,90,429,90],[425,91,429,91],[425,92,429,92],[425,93,429,93],[425,94,429,94],[425,95,429,95],[425,96,429,96],[425,97,429,97],[425,98,429,98],[425,99,429,99],[425,100,429,100],[425,101,429,101],[425,102,429,102],[425,103,429,103],[425,104,429,104],[425,105,429,105],[425,107,429,107],[420,84,424,84],[420,85,424,85],[420,86,424,86],[420,87,424,87],[420,88,424,88],[420,89,424,89],[420,90,424,90],[420,91,424,91],[420,92,424,92],[420,93,424,93],[420,94,424,94],[420,95,424,95],[420,96,424,96],[420,97,424,97],[420,98,424,98],[420,99,424,99],[420,100,424,100],[409,90,413,90],[409,91,413,91],[409,92,413,92],[409,93,413,93],[409,94,413,94],[409,95,413,95],[409,96,413,96],[409,97,413,97],[409,98,413,98],[409,99,413,99],[409,100,413,100],[409,102,413,102],[425,106,429,106],[409,103,413,103],[409,104,413,104],[409,105,413,105],[409,106,413,106],[409,107,413,107],[414,84,418,84],[414,85,418,85],[414,86,418,86],[414,87,418,87],[414,88,418,88],[414,89,418,89],[414,90,418,90],[414,91,418,91],[414,92,418,92],[414,93,418,93],[414,94,418,94],[414,95,418,95],[414,96,418,96],[414,97,418,97],[414,98,418,98],[414,99,418,99],[414,100,418,100],[414,101,418,101],[414,102,418,102],[414,103,418,103],[414,104,418,104],[414,105,418,105],[414,106,418,106],[414,107,418,107],[409,84,413,84],[409,85,413,85],[409,101,413,101],[409,86,413,86],[409,87,413,87],[409,88,413,88],[409,89,413,89],[399,101,403,101],[399,102,403,102],[399,103,403,103],[399,104,403,104],[399,105,403,105],[399,106,403,106],[399,107,403,107],[404,84,408,84],[404,85,408,85],[404,86,408,86],[404,87,408,87],[404,88,408,88],[404,89,408,89],[404,90,408,90],[404,91,408,91],[404,92,408,92],[404,93,408,93],[404,94,408,94],[404,95,408,95],[404,96,408,96],[404,97,408,97],[404,98,408,98],[404,99,408,99],[404,100,408,100],[404,101,408,101],[404,102,408,102],[404,103,408,103],[404,104,408,104],[404,105,408,105],[404,106,408,106],[404,107,408,107],[399,84,403,84],[399,85,403,85],[399,86,403,86],[399,87,403,87],[399,88,403,88],[399,89,403,89],[399,90,403,90],[399,91,403,91],[399,92,403,92],[399,93,403,93],[399,94,403,94],[399,95,403,95],[399,96,403,96],[399,97,403,97],[399,98,403,98],[399,99,403,99],[399,100,403,100],[389,101,393,101],[389,86,393,86],[389,87,393,87],[389,88,393,88],[389,89,393,89],[389,90,393,90],[389,91,393,91],[389,92,393,92],[389,93,393,93],[389,94,393,94],[389,95,393,95],[389,96,393,96],[389,97,393,97],[389,98,393,98],[389,99,393,99],[389,100,393,100],[389,102,393,102],[389,103,393,103],[389,104,393,104],[389,105,393,105],[389,106,393,106],[389,107,393,107],[394,84,398,84],[394,85,398,85],[394,86,398,86],[394,87,398,87],[394,88,398,88],[394,89,398,89],[394,90,398,90],[394,91,398,91],[394,92,398,92],[394,93,398,93],[394,94,398,94],[394,95,398,95],[394,96,398,96],[394,97,398,97],[394,98,398,98],[394,99,398,99],[394,100,398,100],[394,101,398,101],[394,102,398,102],[394,103,398,103],[394,104,398,104],[394,105,398,105],[394,106,398,106],[394,107,398,107],[389,84,393,84],[389,85,393,85],[379,101,383,101],[379,102,383,102],[379,103,383,103],[379,104,383,104],[379,105,383,105],[379,106,383,106],[379,107,383,107],[384,84,388,84],[384,85,388,85],[384,86,388,86],[384,87,388,87],[384,88,388,88],[384,89,388,89],[384,90,388,90],[384,91,388,91],[384,92,388,92],[384,93,388,93],[384,94,388,94],[384,95,388,95],[384,96,388,96],[384,97,388,97],[384,98,388,98],[384,99,388,99],[384,100,388,100],[384,101,388,101],[384,102,388,102],[384,103,388,103],[384,104,388,104],[384,105,388,105],[384,106,388,106],[384,107,388,107],[379,84,383,84],[379,85,383,85],[379,86,383,86],[379,87,383,87],[379,88,383,88],[379,89,383,89],[379,90,383,90],[379,91,383,91],[379,92,383,92],[379,93,383,93],[379,94,383,94],[379,95,383,95],[379,96,383,96],[379,97,383,97],[379,98,383,98],[379,99,383,99],[379,100,383,100],[375,85,375,86],[375,91,375,92],[375,97,375,98],[375,103,375,104],[376,84,376,85],[376,86,376,87],[376,88,376,89],[376,90,376,91],[376,92,376,93],[376,94,376,95],[376,96,376,97],[376,98,376,99],[376,100,376,101],[376,102,376,103],[376,104,376,105],[376,106,376,107],[377,84,377,85],[377,86,377,87],[377,88,377,89],[377,90,377,91],[377,92,377,93],[377,94,377,95],[377,96,377,97],[377,98,377,99],[377,100,377,101],[377,102,377,103],[377,104,377,105],[377,106,377,107],[364,101,368,101],[364,102,368,102],[364,103,368,103],[364,104,368,104],[364,105,368,105],[364,106,368,106],[364,107,368,107],[369,84,373,84],[369,85,373,85],[369,86,373,86],[369,87,373,87],[369,88,373,88],[369,89,373,89],[369,90,373,90],[369,91,373,91],[369,92,373,92],[369,93,373,93],[369,94,373,94],[369,95,373,95],[369,96,373,96],[369,97,373,97],[369,98,373,98],[369,99,373,99],[369,100,373,100],[369,101,373,101],[369,102,373,102],[369,103,373,103],[369,104,373,104],[369,105,373,105],[369,106,373,106],[369,107,373,107],[364,84,368,84],[364,85,368,85],[364,86,368,86],[364,87,368,87],[364,88,368,88],[364,89,368,89],[364,90,368,90],[364,91,368,91],[364,92,368,92],[364,93,368,93],[364,94,368,94],[364,95,368,95],[364,96,368,96],[364,97,368,97],[364,98,368,98],[364,99,368,99],[364,100,368,100],[334,101,338,101],[334,86,338,86],[334,87,338,87],[334,88,338,88],[334,89,338,89],[334,90,338,90],[334,91,338,91],[334,92,338,92],[334,93,338,93],[334,94,338,94],[334,95,338,95],[334,96,338,96],[334,97,338,97],[334,98,338,98],[334,99,338,99],[334,100,338,100],[334,102,338,102],[334,103,338,103],[334,104,338,104],[334,105,338,105],[334,106,338,106],[334,107,338,107],[339,84,343,84],[339,85,343,85],[339,86,343,86],[339,87,343,87],[339,88,343,88],[339,89,343,89],[339,90,343,90],[339,91,343,91],[339,92,343,92],[339,93,343,93],[339,94,343,94],[339,95,343,95],[339,96,343,96],[339,97,343,97],[339,98,343,98],[339,99,343,99],[339,100,343,100],[339,101,343,101],[339,102,343,102],[339,103,343,103],[339,104,343,104],[339,105,343,105],[339,106,343,106],[339,107,343,107],[334,84,338,84],[334,85,338,85],[324,101,328,101],[324,102,328,102],[324,103,328,103],[324,104,328,104],[324,105,328,105],[324,106,328,106],[324,107,328,107],[329,84,333,84],[329,85,333,85],[329,86,333,86],[329,87,333,87],[329,88,333,88],[329,89,333,89],[329,90,333,90],[329,91,333,91],[329,92,333,92],[329,93,333,93],[329,94,333,94],[329,95,333,95],[329,96,333,96],[329,97,333,97],[329,98,333,98],[329,99,333,99],[329,100,333,100],[329,101,333,101],[329,102,333,102],[329,103,333,103],[329,104,333,104],[329,105,333,105],[329,106,333,106],[329,107,333,107],[324,84,328,84],[324,85,328,85],[324,86,328,86],[324,87,328,87],[324,88,328,88],[324,89,328,89],[324,90,328,90],[324,91,328,91],[324,92,328,92],[324,93,328,93],[324,94,328,94],[324,95,328,95],[324,96,328,96],[324,97,328,97],[324,98,328,98],[324,99,328,99],[324,100,328,100],[314,101,318,101],[314,86,318,86],[314,87,318,87],[314,88,318,88],[314,89,318,89],[314,90,318,90],[314,91,318,91],[314,92,318,92],[314,93,318,93],[314,94,318,94],[314,95,318,95],[314,96,318,96],[314,97,318,97],[314,98,318,98],[314,99,318,99],[314,100,318,100],[314,102,318,102],[314,103,318,103],[314,104,318,104],[314,105,318,105],[314,106,318,106],[314,107,318,107],[319,84,323,84],[319,85,323,85],[319,86,323,86],[319,87,323,87],[319,88,323,88],[319,89,323,89],[319,90,323,90],[319,91,323,91],[319,92,323,92],[319,93,323,93],[319,94,323,94],[319,95,323,95],[319,96,323,96],[319,97,323,97],[319,98,323,98],[319,99,323,99],[319,100,323,100],[319,101,323,101],[319,102,323,102],[319,103,323,103],[319,104,323,104],[319,105,323,105],[319,106,323,106],[319,107,323,107],[314,84,318,84],[314,85,318,85],[63,103,67,103],[63,104,67,104],[63,105,67,105],[63,106,67,106],[63,107,67,107],[68,84,72,84],[68,85,72,85],[68,86,72,86],[68,87,72,87],[68,88,72,88],[68,89,72,89],[68,90,72,90],[68,91,72,91],[68,92,72,92],[68,93,72,93],[68,94,72,94],[68,95,72,95],[68,96,72,96],[68,97,72,97],[68,98,72,98],[68,99,72,99],[68,100,72,100],[68,101,72,101],[68,102,72,102],[68,103,72,103],[68,104,72,104],[68,105,72,105],[68,106,72,106],[68,107,72,107],[16,106,16,107],[17,84,17,85],[17,86,17,87],[17,88,17,89],[17,90,17,91],[17,92,17,93],[17,94,17,95],[17,96,17,97],[17,98,17,99],[17,100,17,101],[17,102,17,103],[17,104,17,105],[17,106,17,107],[63,84,67,84],[63,85,67,85],[63,86,67,86],[63,87,67,87],[63,88,67,88],[63,89,67,89],[63,90,67,90],[63,91,67,91],[63,92,67,92],[63,93,67,93],[63,94,67,94],[63,95,67,95],[63,96,67,96],[63,97,67,97],[63,98,67,98],[63,99,67,99],[63,100,67,100],[63,101,67,101],[63,102,67,102],[12,84,12,86],[12,90,12,92],[12,96,12,98],[12,102,12,104],[14,85,14,86],[14,91,14,92],[14,97,14,98],[14,103,14,104],[16,84,16,85],[16,86,16,87],[16,88,16,89],[16,90,16,91],[16,92,16,93],[16,94,16,95],[16,96,16,97],[16,98,16,99],[16,100,16,101],[16,102,16,103],[16,104,16,105],[471,125,475,125],[471,126,475,126],[471,127,475,127],[471,128,475,128],[471,129,475,129],[471,130,475,130],[471,131,475,131],[476,108,480,108],[476,109,480,109],[476,110,480,110],[476,111,480,111],[476,112,480,112],[476,113,480,113],[476,114,480,114],[476,115,480,115],[476,116,480,116],[476,117,480,117],[476,118,480,118],[476,119,480,119],[476,120,480,120],[476,121,480,121],[476,122,480,122],[476,123,480,123],[476,124,480,124],[476,125,480,125],[476,126,480,126],[476,127,480,127],[476,128,480,128],[476,129,480,129],[476,130,480,130],[476,131,480,131],[471,108,475,108],[471,109,475,109],[471,110,475,110],[471,111,475,111],[471,112,475,112],[471,113,475,113],[471,114,475,114],[471,115,475,115],[471,116,475,116],[471,117,475,117],[471,118,475,118],[471,119,475,119],[471,120,475,120],[471,121,475,121],[471,122,475,122],[471,123,475,123],[471,124,475,124],[431,125,435,125],[431,110,435,110],[431,111,435,111],[431,112,435,112],[431,113,435,113],[431,114,435,114],[431,115,435,115],[431,116,435,116],[431,117,435,117],[431,118,435,118],[431,119,435,119],[431,120,435,120],[431,121,435,121],[431,122,435,122],[431,123,435,123],[431,124,435,124],[431,126,435,126],[431,127,435,127],[431,128,435,128],[431,129,435,129],[431,130,435,130],[431,131,435,131],[436,108,440,108],[436,109,440,109],[436,110,440,110],[436,111,440,111],[436,112,440,112],[436,113,440,113],[436,114,440,114],[436,115,440,115],[436,116,440,116],[436,117,440,117],[436,118,440,118],[436,119,440,119],[436,120,440,120],[436,121,440,121],[436,122,440,122],[436,123,440,123],[436,124,440,124],[436,125,440,125],[436,126,440,126],[436,127,440,127],[436,128,440,128],[436,129,440,129],[436,130,440,130],[436,131,440,131],[431,108,435,108],[431,109,435,109],[420,125,424,125],[420,126,424,126],[420,127,424,127],[420,128,424,128],[420,129,424,129],[420,130,424,130],[420,131,424,131],[425,108,429,108],[425,109,429,109],[425,110,429,110],[425,111,429,111],[425,112,429,112],[425,113,429,113],[425,114,429,114],[425,115,429,115],[425,116,429,116],[425,117,429,117],[425,118,429,118],[425,119,429,119],[425,120,429,120],[425,121,429,121],[425,122,429,122],[425,123,429,123],[425,124,429,124],[425,125,429,125],[425,126,429,126],[425,127,429,127],[425,128,429,128],[425,129,429,129],[425,130,429,130],[425,131,429,131],[420,108,424,108],[420,109,424,109],[420,110,424,110],[420,111,424,111],[420,112,424,112],[420,113,424,113],[420,114,424,114],[420,115,424,115],[420,116,424,116],[420,117,424,117],[420,118,424,118],[420,119,424,119],[420,120,424,120],[420,121,424,121],[420,122,424,122],[420,123,424,123],[420,124,424,124],[409,125,413,125],[409,110,413,110],[409,111,413,111],[409,112,413,112],[409,113,413,113],[409,114,413,114],[409,115,413,115],[409,116,413,116],[409,117,413,117],[409,118,413,118],[409,119,413,119],[409,120,413,120],[409,121,413,121],[409,122,413,122],[409,123,413,123],[409,124,413,124],[409,126,413,126],[409,127,413,127],[409,128,413,128],[409,129,413,129],[409,130,413,130],[409,131,413,131],[414,108,418,108],[414,109,418,109],[414,110,418,110],[414,111,418,111],[414,112,418,112],[414,113,418,113],[414,114,418,114],[414,115,418,115],[414,116,418,116],[414,117,418,117],[414,118,418,118],[414,119,418,119],[414,120,418,120],[414,121,418,121],[414,122,418,122],[414,123,418,123],[414,124,418,124],[414,125,418,125],[414,126,418,126],[414,127,418,127],[414,128,418,128],[414,129,418,129],[414,130,418,130],[414,131,418,131],[409,108,413,108],[409,109,413,109],[399,125,403,125],[399,126,403,126],[399,127,403,127],[399,128,403,128],[399,129,403,129],[399,130,403,130],[399,131,403,131],[404,108,408,108],[404,109,408,109],[404,110,408,110],[404,111,408,111],[404,112,408,112],[404,113,408,113],[404,114,408,114],[404,115,408,115],[404,116,408,116],[404,117,408,117],[404,118,408,118],[404,119,408,119],[404,120,408,120],[404,121,408,121],[404,122,408,122],[404,123,408,123],[404,124,408,124],[404,125,408,125],[404,126,408,126],[404,127,408,127],[404,128,408,128],[404,129,408,129],[404,130,408,130],[404,131,408,131],[399,108,403,108],[399,109,403,109],[399,110,403,110],[399,111,403,111],[399,112,403,112],[399,113,403,113],[399,114,403,114],[399,115,403,115],[399,116,403,116],[399,117,403,117],[399,118,403,118],[399,119,403,119],[399,120,403,120],[399,121,403,121],[399,122,403,122],[399,123,403,123],[399,124,403,124],[389,125,393,125],[389,110,393,110],[389,111,393,111],[389,112,393,112],[389,113,393,113],[389,114,393,114],[389,115,393,115],[389,116,393,116],[389,117,393,117],[389,118,393,118],[389,119,393,119],[389,120,393,120],[389,121,393,121],[389,122,393,122],[389,123,393,123],[389,124,393,124],[389,126,393,126],[389,127,393,127],[389,128,393,128],[389,129,393,129],[389,130,393,130],[389,131,393,131],[394,108,398,108],[394,109,398,109],[394,110,398,110],[394,111,398,111],[394,112,398,112],[394,113,398,113],[394,114,398,114],[394,115,398,115],[394,116,398,116],[394,117,398,117],[394,118,398,118],[394,119,398,119],[394,120,398,120],[394,121,398,121],[394,122,398,122],[394,123,398,123],[394,124,398,124],[394,125,398,125],[394,126,398,126],[394,127,398,127],[394,128,398,128],[394,129,398,129],[394,130,398,130],[394,131,398,131],[389,108,393,108],[389,109,393,109],[379,125,383,125],[379,126,383,126],[379,127,383,127],[379,128,383,128],[379,129,383,129],[379,130,383,130],[379,131,383,131],[384,108,388,108],[384,109,388,109],[384,110,388,110],[384,111,388,111],[384,112,388,112],[384,113,388,113],[384,114,388,114],[384,115,388,115],[384,116,388,116],[384,117,388,117],[384,118,388,118],[384,119,388,119],[384,120,388,120],[384,121,388,121],[384,122,388,122],[384,123,388,123],[384,124,388,124],[384,125,388,125],[384,126,388,126],[384,127,388,127],[384,128,388,128],[384,129,388,129],[384,130,388,130],[384,131,388,131],[379,108,383,108],[379,109,383,109],[379,110,383,110]],"merged_total":6421,"flags":["merged_cut"]}
[null,null,"業務スケジュール管理表　【履行期間設定支援型】",null,null,null,null,null,null,null,null,null,null,null,null,null,null,null,null,null,null,null,"更新日","2020-04-10"]
[null,"　　　業　　務　　名",null,null,null,null,null,null,null,null,null,null,null,null,null,null,null,null,null,null,null,null,null,null,null,null,null,null,null,null,null,null,null,null,"現 在 の 状 況",null,null,null,null,null,null,null,null,null,null,null,null,null,null,null,null,null,null,null,null,null,null,null,null,null,null,null,"【スケジュール管理表への意見・改善点等】\n"]
[null,"　　　受　　注　　者",null,null,null,null,null,null,null,null,null,null,null,null,null,null,null,null,null,null,null,null,null,null,null,null,null,null,null,null,null,null,null,null,null,null,null,null,null,null,null,null,null,null,null,null,null,null,null,null,null,null,null,null,null,null,null,null,null,null,null,null,"（自由記述）"]
[null,"　　　　　　　　　　契　　約　　額　(消費税込み)"]
[null,"　　　主　た　る　工　　種",null,null,null,null,null,null,null,null,null,null,null,null,null,null,null,null,"履行期間設定支援",null,null,null,null,"自動（デフォルト）"]
[null,"　　　　　　　　　　　　　業　　種　　区　　分　（複数選択可）",null,null,null,null,null,null,null,null,null,null,null,null,null,null,null,null,"手動設定の理由",null,null,null,null,null,null,null,null,null,null,null,{"$f":"IF(AND($X$6=\"\",$X$5=\"手動\"),\"←理由記入\",\"\")","v":""}]
[null,"　　　履　　行　　期　　間",null,null,null,null,null,null,null,null,"～",null,null,null,null,null,null,null,"設計着手日（※）"]
[null,"　　　管 理 技 術 者",null,null,null,null,null,null,null,null,null,null,null,null,null,null,null,null,null,null,null,null,null,null,null,null,null,null,null,null,null,null,null,null,null,null,null,null,null,null,null,null,null,null,null,null,null,null,null,null,null,null,null,null,null,null,null,null,null,null,null,null,null,null,null,null,null,null,null,null,null,null,null,null,null,null,null,null,null,null,null,null,null,null,null,null,null,null,null,null,null,null,null,null,null,null,null,null,null,null,null,null,null,null,null,null,null,null,null,null,null,null,null,null,null,null,null,null,null,null,null,null,null,null,null,null,null,null,null,null,null,null,null,null,null,null,null,null,null,null,null,null,null,null,null,null,null,null,null,null,null,null,null,null,null,null,"履行期間(休日含む)",{"$f":"M7-G7","v":0},"日"]
[null,"　　　照 査 技 術 者"]
[null,"　　　　　　　　　担 当 技 術 者（主）、担 当 技 術 者（副）",null,null,null,null,null,null,null,null,null,null,null,null,null,null,null,null,null,null,null,null,null,null,null,null,null,null,null,null,null,null,null,null,"次 回 打 合 せ"]
[null,null,null,null,null,null,null,null,null,null,null,null,null,null,null,null,null,null,null,null,null,null,null,null,null,null,null,null,null,"（※設計着手日：設計業務として着手を開始した日（履行期間設定支援の起算日）を記入。）"]
[]
[null,null,null,null,null,null,null,null,null,null,null,"西暦",2020,null,null,"年",null,null,{"$f":"IF(N15=12,M13+1,M13)","v":2020},null,null,"年",null,null,{"$f":"IF(T15=12,S13+1,S13)","v":2020},null,null,"年",null,null,{"$f":"IF(Z15=12,Y13+1,Y13)","v":2020},null,null,"年",null,null,{"$f":"IF(AF15=12,AE13+1,AE13)","v":2020},null,null,"年",null,null,{"$f":"IF(AL15=12,AK13+1,AK13)","v":2020},null,null,"年",null,null,{"$f":"IF(AR15=12,AQ13+1,AQ13)","v":2020},null,null,"年",null,null,{"$f":"IF(AX15=12,AW13+1,AW13)","v":2020},null,null,"年",null,null,{"$f":"IF(BD15=12,BC13+1,BC13)","v":2020},null,null,"年",null,null,{"$f":"IF(BJ15=12,BI13+1,BI13)","v":2021},null,null,"年",null,null,{"$f":"IF(BP15=12,BO13+1,BO13)","v":2021},null,null,"年",null,null,{"$f":"IF(BV15=12,BU13+1,BU13)","v":2021},null,null,"年",null,null,{"$f":"IF(CB15=12,CA13+1,CA13)","v":2021},null,null,"年",null,null,{"$f":"IF(CH15=12,CG13+1,CG13)","v":2021},null,null,"年",null,null,{"$f":"IF(CN15=12,CM13+1,CM13)","v":2021},null,null,"年",null,null,{"$f":"IF(CT15=12,CS13+1,CS13)","v":2021},null,null,"年",null,null,{"$f":"IF(CZ15=12,CY13+1,CY13)","v":2021},null,null,"年",null,null,{"$f":"IF(DF15=12,DE13+1,DE13)","v":2021},null,null,"年",null,null,{"$f":"IF(DL15=12,DK13+1,DK13)","v":2021},null,null,"年",null,null,{"$f":"IF(DR15=12,DQ13+1,DQ13)","v":2021},null,null,"年",null,null,{"$f":"IF(DX15=12,DW13+1,DW13)","v":2021},null,null,"年",null,null,{"$f":"IF(ED15=12,EC13+1,EC13)","v":2022},null,null,"年",null,null,{"$f":"IF(EJ15=12,EI13+1,EI13)","v":2022},null,null,"年",null,null,{"$f":"IF(EP15=12,EO13+1,EO13)","v":2022},null,null,"年"]
[null,null,null,null,null,null,null,null,null,null,null,null,{"$f":"M18/2","v":4},{"$f":"M18/2","v":4},{"$f":"O18/2","v":3},{"$f":"O18/2","v":3},{"$f":"Q18/2","v":3.5},{"$f":"Q18/2","v":3.5},{"$f":"S18/2","v":1.5},{"$f":"S18/2","v":1.5},{"$f":"U18/2","v":4},{"$f":"U18/2","v":4},{"$f":"W18/2","v":3.5},{"$f":"W18/2","v":3.5},{"$f":"Y18/2","v":4},{"$f":"Y18/2","v":4},{"$f":"AA18/2","v":3.5},{"$f":"AA18/2","v":3.5},{"$f":"AC18/2","v":3.5},{"$f":"AC18/2","v":3.5},{"$f":"AE18/2","v":4},{"$f":"AE18/2","v":4},{"$f":"AG18/2","v":3},{"$f":"AG18/2","v":3},{"$f":"AI18/2","v":3.5},{"$f":"AI18/2","v":3.5},{"$f":"AK18/2","v":2.5},{"$f":"AK18/2","v":2.5},{"$f":"AM18/2","v":3.5},{"$f":"AM18/2","v":3.5},{"$f":"AO18/2","v":3.5},{"$f":"AO18/2","v":3.5},4,4,3,3,3,3,3.5,3.5,3.5,3.5,4,4,3,3,4,4,2.5,2.5,4,4,3,3,3,3,2.5,2.5,3.5,3.5,3.5,3.5,4,4,3,3,2,2,4,4,3.5,3.5,4,4,{"$f":"CG18/2","v":3.5},{"$f":"CG18/2","v":3.5},{"$f":"CI18/2","v":3.5},{"$f":"CI18/2","v":3.5},{"$f":"CK18/2","v":3.5},{"$f":"CK18/2","v":3.5},{"$f":"CM18/2","v":1.5},{"$f":"CM18/2","v":1.5},{"$f":"CO18/2","v":4},{"$f":"CO18/2","v":4},{"$f":"CQ18/2","v":3.5},{"$f":"CQ18/2","v":3.5},{"$f":"CS18/2","v":4},{"$f":"CS18/2","v":4},{"$f":"CU18/2","v":3},{"$f":"CU18/2","v":3},{"$f":"CW18/2","v":4},{"$f":"CW18/2","v":4},{"$f":"CY18/2","v":3.5},{"$f":"CY18/2","v":3.5},{"$f":"DA18/2","v":3},{"$f":"DA18/2","v":3},{"$f":"DC18/2","v":4},{"$f":"DC18/2","v":4},{"$f":"DE18/2","v":3.5},{"$f":"DE18/2","v":3.5},{"$f":"DG18/2","v":3},{"$f":"DG18/2","v":3},{"$f":"DI18/2","v":3.5},{"$f":"DI18/2","v":3.5},{"$f":"DK18/2","v":4},{"$f":"DK18/2","v":4},{"$f":"DM18/2","v":2.5},{"$f":"DM18/2","v":2.5},{"$f":"DO18/2","v":3.5},{"$f":"DO18/2","v":3.5},{"$f":"DQ18/2","v":3},{"$f":"DQ18/2","v":3},{"$f":"DS18/2","v":3.5},{"$f":"DS18/2","v":3.5},{"$f":"DU18/2","v":3.5},{"$f":"DU18/2","v":3.5},{"$f":"DW18/2","v":3.5},{"$f":"DW18/2","v":3.5},{"$f":"DY18/2","v":3.5},{"$f":"DY18/2","v":3.5},{"$f":"EA18/2","v":3},{"$f":"EA18/2","v":3},{"$f":"EC18/2","v":4},{"$f":"EC18/2","v":4},{"$f":"EE18/2","v":3},{"$f":"EE18/2","v":3},{"$f":"EG18/2","v":3},{"$f":"EG18/2","v":3},{"$f":"EI18/2","v":2},{"$f":"EI18/2","v":2},{"$f":"EK18/2","v":4},{"$f":"EK18/2","v":4},{"$f":"EM18/2","v":3.5},{"$f":"EM18/2","v":3.5},{"$f":"EO18/2","v":4},{"$f":"EO18/2","v":4},{"$f":"EQ18/2","v":2.5},{"$f":"EQ18/2","v":2.5},{"$f":"ES18/2","v":2.5},{"$f":"ES18/2","v":2.5},{"$f":"EU18/2","v":4},{"$f":"EU18/2","v":4},{"$f":"EW18/2","v":3},{"$f":"EW18/2","v":3},{"$f":"EY18/2","v":4},{"$f":"EY18/2","v":4}]
[null,"作業項目",null,null,null,"着手日",null,"完了日（当初）",null,"完了日（変更）\n※変更があった場合のみ",null,"作業日数",null,4,null,"月",null,null,null,{"$f":"MOD(N15,12)+1","v":5},null,"月",null,null,null,{"$f":"MOD(T15,12)+1","v":6},null,"月",null,null,null,{"$f":"MOD(Z15,12)+1","v":7},null,"月",null,null,null,{"$f":"MOD(AF15,12)+1","v":8},null,"月",null,null,null,{"$f":"MOD(AL15,12)+1","v":9},null,"月",null,null,null,{"$f":"MOD(AR15,12)+1","v":10},null,"月",null,null,null,{"$f":"MOD(AX15,12)+1","v":11},null,"月",null,null,null,{"$f":"MOD(BD15,12)+1","v":12},null,"月",null,null,null,{"$f":"MOD(BJ15,12)+1","v":1},null,"月",null,null,null,{"$f":"MOD(BP15,12)+1","v":2},null,"月",null,null,null,{"$f":"MOD(BV15,12)+1","v":3},null,"月",null,null,null,{"$f":"MOD(CB15,12)+1","v":4},null,"月",null,null,null,{"$f":"MOD(CH15,12)+1","v":5},null,"月",null,null,null,{"$f":"MOD(CN15,12)+1","v":6},null,"月",null,null,null,{"$f":"MOD(CT15,12)+1","v":7},null,"月",null,null,null,{"$f":"MOD(CZ15,12)+1","v":8},null,"月",null,null,null,{"$f":"MOD(DF15,12)+1","v":9},null,"月",null,null,null,{"$f":"MOD(DL15,12)+1","v":10},null,"月",null,null,null,{"$f":"MOD(DR15,12)+1","v":11},null,"月",null,null,null,{"$f":"MOD(DX15,12)+1","v":12},null,"月",null,null,null,{"$f":"MOD(ED15,12)+1","v":1},null,"月",null,null,null,{"$f":"MOD(EJ15,12)+1","v":2},null,"月",null,null,null,{"$f":"MOD(EP15,12)+1","v":3},null,"月",null,null,"履行期間　集計　（休日除く）",null,null,"備　　　考"]
[null,null,null,null,null,null,null,null,null,null,null,null,1,10,11,20,21,{"$f":"IF(N15<>2,DAY(EOMONTH(N15&\"/1\",0)),IF(OR(M13=2020,M13=2024,M13=2028,M13=2032)*(N15=2),29,28))","v":30},1,10,11,20,21,{"$f":"IF(T15<>2,DAY(EOMONTH(T15&\"/1\",0)),IF(OR(S13=2020,S13=2024,S13=2028,S13=2032)*(T15=2),29,28))","v":31},1,10,11,20,21,{"$f":"IF(Z15<>2,DAY(EOMONTH(Z15&\"/1\",0)),IF(OR(Y13=2020,Y13=2024,Y13=2028,Y13=2032)*(Z15=2),29,28))","v":30},1,10,11,20,21,{"$f":"IF(AF15<>2,DAY(EOMONTH(AF15&\"/1\",0)),IF(OR(AE13=2020,AE13=2024,AE13=2028,AE13=2032)*(AF15=2),29,28))","v":31},1,10,11,20,21,{"$f":"IF(AL15<>2,DAY(EOMONTH(AL15&\"/1\",0)),IF(OR(AK13=2020,AK13=2024,AK13=2028,AK13=2032)*(AL15=2),29,28))","v":31},1,10,11,20,21,{"$f":"IF(AR15<>2,DAY(EOMONTH(AR15&\"/1\",0)),IF(OR(AQ13=2020,AQ13=2024,AQ13=2028,AQ13=2032)*(AR15=2),29,28))","v":30},1,10,11,20,21,{"$f":"IF(AX15<>2,DAY(EOMONTH(AX15&\"/1\",0)),IF(OR(AW13=2020,AW13=2024,AW13=2028,AW13=2032)*(AX15=2),29,28))","v":31},1,10,11,20,21,{"$f":"IF(BD15<>2,DAY(EOMONTH(BD15&\"/1\",0)),IF(OR(BC13=2020,BC13=2024,BC13=2028,BC13=2032)*(BD15=2),29,28))","v":30},1,10,11,20,21,{"$f":"IF(BJ15<>2,DAY(EOMONTH(BJ15&\"/1\",0)),IF(OR(BI13=2020,BI13=2024,BI13=2028,BI13=2032)*(BJ15=2),29,28))","v":31},1,10,11,20,21,{"$f":"IF(BP15<>2,DAY(EOMONTH(BP15&\"/1\",0)),IF(OR(BO13=2020,BO13=2024,BO13=2028,BO13=2032)*(BP15=2),29,28))","v":31},1,10,11,20,21,{"$f":"IF(BV15<>2,DAY(EOMONTH(BV15&\"/1\",0)),IF(OR(BU13=2020,BU13=2024,BU13=2028,BU13=2032)*(BV15=2),29,28))","v":28},1,10,11,20,21,{"$f":"IF(CB15<>2,DAY(EOMONTH(CB15&\"/1\",0)),IF(OR(CA13=2020,CA13=2024,CA13=2028,CA13=2032)*(CB15=2),29,28))","v":31},1,10,11,20,21,{"$f":"IF(CH15<>2,DAY(EOMONTH(CH15&\"/1\",0)),IF(OR(CG13=2020,CG13=2024,CG13=2028,CG13=2032)*(CH15=2),29,28))","v":30},1,10,11,20,21,{"$f":"IF(CN15<>2,DAY(EOMONTH(CN15&\"/1\",0)),IF(OR(CM13=2020,CM13=2024,CM13=2028,CM13=2032)*(CN15=2),29,28))","v":31},1,10,11,20,21,{"$f":"IF(CT15<>2,DAY(EOMONTH(CT15&\"/1\",0)),IF(OR(CS13=2020,CS13=2024,CS13=2028,CS13=2032)*(CT15=2),29,28))","v":30},1,10,11,20,21,{"$f":"IF(CZ15<>2,DAY(EOMONTH(CZ15&\"/1\",0)),IF(OR(CY13=2020,CY13=2024,CY13=2028,CY13=2032)*(CZ15=2),29,28))","v":31},1,10,11,20,21,{"$f":"IF(DF15<>2,DAY(EOMONTH(DF15&\"/1\",0)),IF(OR(DE13=2020,DE13=2024,DE13=2028,DE13=2032)*(DF15=2),29,28))","v":31},1,10,11,20,21,{"$f":"IF(DL15<>2,DAY(EOMONTH(DL15&\"/1\",0)),IF(OR(DK13=2020,DK13=2024,DK13=2028,DK13=2032)*(DL15=2),29,28))","v":30},1,10,11,20,21,{"$f":"IF(DR15<>2,DAY(EOMONTH(DR15&\"/1\",0)),IF(OR(DQ13=2020,DQ13=2024,DQ13=2028,DQ13=2032)*(DR15=2),29,28))","v":31},1,10,11,20,21,{"$f":"IF(DX15<>2,DAY(EOMONTH(DX15&\"/1\",0)),IF(OR(DW13=2020,DW13=2024,DW13=2028,DW13=2032)*(DX15=2),29,28))","v":30},1,10,11,20,21,{"$f":"IF(ED15<>2,DAY(EOMONTH(ED15&\"/1\",0)),IF(OR(EC13=2020,EC13=2024,EC13=2028,EC13=2032)*(ED15=2),29,28))","v":31},1,10,11,20,21,{"$f":"IF(EJ15<>2,DAY(EOMONTH(EJ15&\"/1\",0)),IF(OR(EI13=2020,EI13=2024,EI13=2028,EI13=2032)*(EJ15=2),29,28))","v":31},1,10,11,20,21,{"$f":"IF(EP15<>2,DAY(EOMONTH(EP15&\"/1\",0)),IF(OR(EO13=2020,EO13=2024,EO13=2028,EO13=2032)*(EP15=2),29,28))","v":28},1,10,11,20,21,{"$f":"IF(EV15<>2,DAY(EOMONTH(EV15&\"/1\",0)),IF(OR(EU13=2020,EU13=2024,EU13=2028,EU13=2032)*(EV15=2),29,28))","v":31}]
[null,null,null,"上旬(～10日),中旬(11～20日),下旬（21日～）",null,null,null,null,null,null,null,null,"上旬",null,"中旬",null,"下旬",null,"上旬",null,"中旬",null,"下旬",null,"上旬",null,"中旬",null,"下旬",null,"上旬",null,"中旬",null,"下旬",null,"上旬",null,"中旬",null,"下旬",null,"上旬",null,"中旬",null,"下旬",null,"上旬",null,"中旬",null,"下旬",null,"上旬",null,"中旬",null,"下旬",null,"上旬",null,"中旬",null,"下旬",null,"上旬",null,"中旬",null,"下旬",null,"上旬",null,"中旬",null,"下旬",null,"上旬",null,"中旬",null,"下旬",null,"上旬",null,"中旬",null,"下旬",null,"上旬",null,"中旬",null,"下旬",null,"上旬",null,"中旬",null,"下旬",null,"上旬",null,"中旬",null,"下旬",null,"上旬",null,"中旬",null,"下旬",null,"上旬",null,"中旬",null,"下旬",null,"上旬",null,"中旬",null,"下旬",null,"上旬",null,"中旬",null,"下旬",null,"上旬",null,"中旬",null,"下旬",null,"上旬",null,"中旬",null,"下旬",null,"上旬",null,"中旬",null,"下旬",null,"上旬",null,"中旬",null,"下旬",null,"計画日数（クリティカル）",{"$f":"SUM(FB74,FB84,FB94,FB104,FB114,FB184,FB194,FB204,FB274,FB284,FB294,FB304,FB124,FB134,FB144,FB154,FB164,FB174,FB214,FB224,FB234,FB244,FB254,FB264)","v":0},"日"]
[null,null,null,"作業日数（休日含まない）⇒",null,null,null,null,null,null,null,null,{"$f":"NETWORKDAYS(M13&\"/\"&N15&\"/\"&M16,M13&\"/\"&N15&\"/\"&N16,休日設定!$B$5:$B$342)","v":8},null,{"$f":"NETWORKDAYS(M13&\"/\"&N15&\"/\"&O16,M13&\"/\"&N15&\"/\"&P16,休日設定!$B$5:$B$342)","v":6},null,{"$f":"NETWORKDAYS(M13&\"/\"&N15&\"/\"&Q16,M13&\"/\"&N15&\"/\"&R16,休日設定!$B$5:$B$342)","v":7},null,{"$f":"NETWORKDAYS(S13&\"/\"&T15&\"/\"&S16,S13&\"/\"&T15&\"/\"&T16,休日設定!$B$5:$B$342)","v":3},null,{"$f":"NETWORKDAYS(S13&\"/\"&T15&\"/\"&U16,S13&\"/\"&T15&\"/\"&V16,休日設定!$B$5:$B$342)","v":8},null,{"$f":"NETWORKDAYS(S13&\"/\"&T15&\"/\"&W16,S13&\"/\"&T15&\"/\"&X16,休日設定!$B$5:$B$342)","v":7},null,{"$f":"NETWORKDAYS(Y13&\"/\"&Z15&\"/\"&Y16,Y13&\"/\"&Z15&\"/\"&Z16,休日設定!$B$5:$B$342)","v":8},null,{"$f":"NETWORKDAYS(Y13&\"/\"&Z15&\"/\"&AA16,Y13&\"/\"&Z15&\"/\"&AB16,休日設定!$B$5:$B$342)","v":7},null,{"$f":"NETWORKDAYS(Y13&\"/\"&Z15&\"/\"&AC16,Y13&\"/\"&Z15&\"/\"&AD16,休日設定!$B$5:$B$342)","v":7},null,{"$f":"NETWORKDAYS(AE13&\"/\"&AF15&\"/\"&AE16,AE13&\"/\"&AF15&\"/\"&AF16,休日設定!$B$5:$B$342)","v":8},null,{"$f":"NETWORKDAYS(AE13&\"/\"&AF15&\"/\"&AG16,AE13&\"/\"&AF15&\"/\"&AH16,休日設定!$B$5:$B$342)","v":6},null,{"$f":"NETWORKDAYS(AE13&\"/\"&AF15&\"/\"&AI16,AE13&\"/\"&AF15&\"/\"&AJ16,休日設定!$B$5:$B$342)","v":7},null,{"$f":"NETWORKDAYS(AK13&\"/\"&AL15&\"/\"&AK16,AK13&\"/\"&AL15&\"/\"&AL16,休日設定!$B$5:$B$342)","v":5},null,{"$f":"NETWORKDAYS(AK13&\"/\"&AL15&\"/\"&AM16,AK13&\"/\"&AL15&\"/\"&AN16,休日設定!$B$5:$B$342)","v":7},null,{"$f":"NETWORKDAYS(AK13&\"/\"&AL15&\"/\"&AO16,AK13&\"/\"&AL15&\"/\"&AP16,休日設定!$B$5:$B$342)","v":7},null,{"$f":"NETWORKDAYS(AQ13&\"/\"&AR15&\"/\"&AQ16,AQ13&\"/\"&AR15&\"/\"&AR16,休日設定!$B$5:$B$342)","v":8},null,{"$f":"NETWORKDAYS(AQ13&\"/\"&AR15&\"/\"&AS16,AQ13&\"/\"&AR15&\"/\"&AT16,休日設定!$B$5:$B$342)","v":6},null,{"$f":"NETWORKDAYS(AQ13&\"/\"&AR15&\"/\"&AU16,AQ13&\"/\"&AR15&\"/\"&AV16,休日設定!$B$5:$B$342)","v":6},null,{"$f":"NETWORKDAYS(AW13&\"/\"&AX15&\"/\"&AW16,AW13&\"/\"&AX15&\"/\"&AX16,休日設定!$B$5:$B$342)","v":7},null,{"$f":"NETWORKDAYS(AW13&\"/\"&AX15&\"/\"&AY16,AW13&\"/\"&AX15&\"/\"&AZ16,休日設定!$B$5:$B$342)","v":7},null,{"$f":"NETWORKDAYS(AW13&\"/\"&AX15&\"/\"&BA16,AW13&\"/\"&AX15&\"/\"&BB16,休日設定!$B$5:$B$342)","v":8},null,{"$f":"NETWORKDAYS(BC13&\"/\"&BD15&\"/\"&BC16,BC13&\"/\"&BD15&\"/\"&BD16,休日設定!$B$5:$B$342)","v":6},null,{"$f":"NETWORKDAYS(BC13&\"/\"&BD15&\"/\"&BE16,BC13&\"/\"&BD15&\"/\"&BF16,休日設定!$B$5:$B$342)","v":8},null,{"$f":"NETWORKDAYS(BC13&\"/\"&BD15&\"/\"&BG16,BC13&\"/\"&BD15&\"/\"&BH16,休日設定!$B$5:$B$342)","v":5},null,{"$f":"NETWORKDAYS(BI13&\"/\"&BJ15&\"/\"&BI16,BI13&\"/\"&BJ15&\"/\"&BJ16,休日設定!$B$5:$B$342)","v":8},null,{"$f":"NETWORKDAYS(BI13&\"/\"&BJ15&\"/\"&BK16,BI13&\"/\"&BJ15&\"/\"&BL16,休日設定!$B$5:$B$342)","v":6},null,{"$f":"NETWORKDAYS(BI13&\"/\"&BJ15&\"/\"&BM16,BI13&\"/\"&BJ15&\"/\"&BN16,休日設定!$B$5:$B$342)","v":6},null,{"$f":"NETWORKDAYS(BO13&\"/\"&BP15&\"/\"&BO16,BO13&\"/\"&BP15&\"/\"&BP16,休日設定!$B$5:$B$342)","v":5},null,{"$f":"NETWORKDAYS(BO13&\"/\"&BP15&\"/\"&BQ16,BO13&\"/\"&BP15&\"/\"&BR16,休日設定!$B$5:$B$342)","v":7},null,{"$f":"NETWORKDAYS(BO13&\"/\"&BP15&\"/\"&BS16,BO13&\"/\"&BP15&\"/\"&BT16,休日設定!$B$5:$B$342)","v":7},null,{"$f":"NETWORKDAYS(BU13&\"/\"&BV15&\"/\"&BU16,BU13&\"/\"&BV15&\"/\"&BV16,休日設定!$B$5:$B$342)","v":8},null,{"$f":"NETWORKDAYS(BU13&\"/\"&BV15&\"/\"&BW16,BU13&\"/\"&BV15&\"/\"&BX16,休日設定!$B$5:$B$342)","v":6},null,{"$f":"NETWORKDAYS(BU13&\"/\"&BV15&\"/\"&BY16,BU13&\"/\"&BV15&\"/\"&BZ16,休日設定!$B$5:$B$342)","v":4},null,{"$f":"NETWORKDAYS(CA13&\"/\"&CB15&\"/\"&CA16,CA13&\"/\"&CB15&\"/\"&CB16,休日設定!$B$5:$B$342)","v":8},null,{"$f":"NETWORKDAYS(CA13&\"/\"&CB15&\"/\"&CC16,CA13&\"/\"&CB15&\"/\"&CD16,休日設定!$B$5:$B$342)","v":7},null,{"$f":"NETWORKDAYS(CA13&\"/\"&CB15&\"/\"&CE16,CA13&\"/\"&CB15&\"/\"&CF16,休日設定!$B$5:$B$342)","v":8},null,{"$f":"NETWORKDAYS(CG13&\"/\"&CH15&\"/\"&CG16,CG13&\"/\"&CH15&\"/\"&CH16,休日設定!$B$5:$B$342)","v":7},null,{"$f":"NETWORKDAYS(CG13&\"/\"&CH15&\"/\"&CI16,CG13&\"/\"&CH15&\"/\"&CJ16,休日設定!$B$5:$B$342)","v":7},null,{"$f":"NETWORKDAYS(CG13&\"/\"&CH15&\"/\"&CK16,CG13&\"/\"&CH15&\"/\"&CL16,休日設定!$B$5:$B$342)","v":7},null,{"$f":"NETWORKDAYS(CM13&\"/\"&CN15&\"/\"&CM16,CM13&\"/\"&CN15&\"/\"&CN16,休日設定!$B$5:$B$342)","v":3},null,{"$f":"NETWORKDAYS(CM13&\"/\"&CN15&\"/\"&CO16,CM13&\"/\"&CN15&\"/\"&CP16,休日設定!$B$5:$B$342)","v":8},null,{"$f":"NETWORKDAYS(CM13&\"/\"&CN15&\"/\"&CQ16,CM13&\"/\"&CN15&\"/\"&CR16,休日設定!$B$5:$B$342)","v":7},null,{"$f":"NETWORKDAYS(CS13&\"/\"&CT15&\"/\"&CS16,CS13&\"/\"&CT15&\"/\"&CT16,休日設定!$B$5:$B$342)","v":8},null,{"$f":"NETWORKDAYS(CS13&\"/\"&CT15&\"/\"&CU16,CS13&\"/\"&CT15&\"/\"&CV16,休日設定!$B$5:$B$342)","v":6},null,{"$f":"NETWORKDAYS(CS13&\"/\"&CT15&\"/\"&CW16,CS13&\"/\"&CT15&\"/\"&CX16,休日設定!$B$5:$B$342)","v":8},null,{"$f":"NETWORKDAYS(CY13&\"/\"&CZ15&\"/\"&CY16,CY13&\"/\"&CZ15&\"/\"&CZ16,休日設定!$B$5:$B$342)","v":7},null,{"$f":"NETWORKDAYS(CY13&\"/\"&CZ15&\"/\"&DA16,CY13&\"/\"&CZ15&\"/\"&DB16,休日設定!$B$5:$B$342)","v":6},null,{"$f":"NETWORKDAYS(CY13&\"/\"&CZ15&\"/\"&DC16,CY13&\"/\"&CZ15&\"/\"&DD16,休日設定!$B$5:$B$342)","v":8},null,{"$f":"NETWORKDAYS(DE13&\"/\"&DF15&\"/\"&DE16,DE13&\"/\"&DF15&\"/\"&DF16,休日設定!$B$5:$B$342)","v":7},null,{"$f":"NETWORKDAYS(DE13&\"/\"&DF15&\"/\"&DG16,DE13&\"/\"&DF15&\"/\"&DH16,休日設定!$B$5:$B$342)","v":6},null,{"$f":"NETWORKDAYS(DE13&\"/\"&DF15&\"/\"&DI16,DE13&\"/\"&DF15&\"/\"&DJ16,休日設定!$B$5:$B$342)","v":7},null,{"$f":"NETWORKDAYS(DK13&\"/\"&DL15&\"/\"&DK16,DK13&\"/\"&DL15&\"/\"&DL16,休日設定!$B$5:$B$342)","v":8},null,{"$f":"NETWORKDAYS(DK13&\"/\"&DL15&\"/\"&DM16,DK13&\"/\"&DL15&\"/\"&DN16,休日設定!$B$5:$B$342)","v":5},null,{"$f":"NETWORKDAYS(DK13&\"/\"&DL15&\"/\"&DO16,DK13&\"/\"&DL15&\"/\"&DP16,休日設定!$B$5:$B$342)","v":7},null,{"$f":"NETWORKDAYS(DQ13&\"/\"&DR15&\"/\"&DQ16,DQ13&\"/\"&DR15&\"/\"&DR16,休日設定!$B$5:$B$342)","v":6},null,{"$f":"NETWORKDAYS(DQ13&\"/\"&DR15&\"/\"&DS16,DQ13&\"/\"&DR15&\"/\"&DT16,休日設定!$B$5:$B$342)","v":7},null,{"$f":"NETWORKDAYS(DQ13&\"/\"&DR15&\"/\"&DU16,DQ13&\"/\"&DR15&\"/\"&DV16,休日設定!$B$5:$B$342)","v":7},null,{"$f":"NETWORKDAYS(DW13&\"/\"&DX15&\"/\"&DW16,DW13&\"/\"&DX15&\"/\"&DX16,休日設定!$B$5:$B$342)","v":7},null,{"$f":"NETWORKDAYS(DW13&\"/\"&DX15&\"/\"&DY16,DW13&\"/\"&DX15&\"/\"&DZ16,休日設定!$B$5:$B$342)","v":7},null,{"$f":"NETWORKDAYS(DW13&\"/\"&DX15&\"/\"&EA16,DW13&\"/\"&DX15&\"/\"&EB16,休日設定!$B$5:$B$342)","v":6},null,{"$f":"NETWORKDAYS(EC13&\"/\"&ED15&\"/\"&EC16,EC13&\"/\"&ED15&\"/\"&ED16,休日設定!$B$5:$B$342)","v":8},null,{"$f":"NETWORKDAYS(EC13&\"/\"&ED15&\"/\"&EE16,EC13&\"/\"&ED15&\"/\"&EF16,休日設定!$B$5:$B$342)","v":6},null,{"$f":"NETWORKDAYS(EC13&\"/\"&ED15&\"/\"&EG16,EC13&\"/\"&ED15&\"/\"&EH16,休日設定!$B$5:$B$342)","v":6},null,{"$f":"NETWORKDAYS(EI13&\"/\"&EJ15&\"/\"&EI16,EI13&\"/\"&EJ15&\"/\"&EJ16,休日設定!$B$5:$B$342)","v":4},null,{"$f":"NETWORKDAYS(EI13&\"/\"&EJ15&\"/\"&EK16,EI13&\"/\"&EJ15&\"/\"&EL16,休日設定!$B$5:$B$342)","v":8},null,{"$f":"NETWORKDAYS(EI13&\"/\"&EJ15&\"/\"&EM16,EI13&\"/\"&EJ15&\"/\"&EN16,休日設定!$B$5:$B$342)","v":7},null,{"$f":"NETWORKDAYS(EO13&\"/\"&EP15&\"/\"&EO16,EO13&\"/\"&EP15&\"/\"&EP16,休日設定!$B$5:$B$342)","v":8},null,{"$f":"NETWORKDAYS(EO13&\"/\"&EP15&\"/\"&EQ16,EO13&\"/\"&EP15&\"/\"&ER16,休日設定!$B$5:$B$342)","v":5},null,{"$f":"NETWORKDAYS(EO13&\"/\"&EP15&\"/\"&ES16,EO13&\"/\"&EP15&\"/\"&ET16,休日設定!$B$5:$B$342)","v":5},null,{"$f":"NETWORKDAYS(EU13&\"/\"&EV15&\"/\"&EU16,EU13&\"/\"&EV15&\"/\"&EV16,休日設定!$B$5:$B$342)","v":8},null,{"$f":"NETWORKDAYS(EU13&\"/\"&EV15&\"/\"&EW16,EU13&\"/\"&EV15&\"/\"&EX16,休日設定!$B$5:$B$342)","v":6},null,{"$f":"NETWORKDAYS(EU13&\"/\"&EV15&\"/\"&EY16,EU13&\"/\"&EV15&\"/\"&EZ16,休日設定!$B$5:$B$342)","v":8},null,"実施日数（クリティカル）",{"$f":"SUM(FB79,FB89,FB99,FB109,FB119,FB189,FB199,FB209,FB279,FB289,FB299,FB309,FB129,FB139,FB149,FB159,FB169,FB179,FB219,FB229,FB239,FB249,FB259,FB269)","v":0},"日"]
[null,"関連業務","測量",null,"計画",null,null,null,null,null,null,{"$f":"IF(J19=\"\",NETWORKDAYS(F19,H19,休日設定!$B$5:$B$342),NETWORKDAYS(F19,J19,休日設定!$B$5:$B$342))","v":0},null,null,null,null,null,null,null,null,null,null,null,null,null,null,null,null,null,null,null,null,null,null,null,null,null,null,null,null,null,null,null,null,null,null,null,null,null,null,null,null,null,null,null,null,null,null,null,null,null,null,null,null,null,null,null,null,null,null,null,null,null,null,null,null,null,null,null,null,null,null,null,null,null,null,null,null,null,null,null,null,null,null,null,null,null,null,null,null,null,null,null,null,null,null,null,null,null,null,null,null,null,null,null,null,null,null,null,null,null,null,null,null,null,null,null,null,null,null,null,null,null,null,null,null,null,null,null,null,null,null,null,null,null,null,null,null,null,null,null,null,null,null,null,null,"作業日数（計画）",{"$f":"SUMIFS($M$14:$EZ$14,$M21:$EZ21,\"AA\")+SUMIFS($M$14:$EZ$14,$M21:$EZ21,\"AB\")","v":0},"日"]
[]
[]
[]
[]
[null,null,null,null,"実施",null,null,null,null,null,null,{"$f":"IF(J24=\"\",NETWORKDAYS(F24,H24,休日設定!$B$5:$B$342),NETWORKDAYS(F24,J24,休日設定!$B$5:$B$342))","v":0},null,null,null,null,null,null,null,null,null,null,null,null,null,null,null,null,null,null,null,null,null,null,null,null,null,null,null,null,null,null,null,null,null,null,null,null,null,null,null,null,null,null,null,null,null,null,null,null,null,null,null,null,null,null,null,null,null,null,null,null,null,null,null,null,null,null,null,null,null,null,null,null,null,null,null,null,null,null,null,null,null,null,null,null,null,null,null,null,null,null,null,null,null,null,null,null,null,null,null,null,null,null,null,null,null,null,null,null,null,null,null,null,null,null,null,null,null,null,null,null,null,null,null,null,null,null,null,null,null,null,null,null,null,null,null,null,null,null,null,null,null,null,null,null,"作業日数（実施）",{"$f":"SUMIFS($M$14:$EZ$14,$M26:$EZ26,\"BA\")+SUMIFS($M$14:$EZ$14,$M26:$EZ26,\"BB\")","v":0},"日"]
[]
[]
[]
[]
[null,null,"地質調査",null,"計画",null,null,null,null,null,null,{"$f":"IF(J29=\"\",NETWORKDAYS(F29,H29,休日設定!$B$5:$B$342),NETWORKDAYS(F29,J29,休日設定!$B$5:$B$342))","v":0},null,null,null,null,null,null,null,null,null,null,null,null,null,null,null,null,null,null,null,null,null,null,null,null,null,null,null,null,null,null,null,null,null,null,null,null,null,null,null,null,null,null,null,null,null,null,null,null,null,null,null,null,null,null,null,null,null,null,null,null,null,null,null,null,null,null,null,null,null,null,null,null,null,null,null,null,null,null,null,null,null,null,null,null,null,null,null,null,null,null,null,null,null,null,null,null,null,null,null,null,null,null,null,null,null,null,null,null,null,null,null,null,null,null,null,null,null,null,null,null,null,null,null,null,null,null,null,null,null,null,null,null,null,null,null,null,null,null,null,null,null,null,null,null,"作業日数（計画）",{"$f":"SUMIFS($M$14:$EZ$14,$M31:$EZ31,\"AA\")+SUMIFS($M$14:$EZ$14,$M31:$EZ31,\"AB\")","v":0},"日"]
[]
[]
[]
[]
[null,null,null,null,"実施",null,null,null,null,null,null,{"$f":"IF(J34=\"\",NETWORKDAYS(F34,H34,休日設定!$B$5:$B$342),NETWORKDAYS(F34,J34,休日設定!$B$5:$B$342))","v":0},null,null,null,null,null,null,null,null,null,null,null,null,null,null,null,null,null,null,null,null,null,null,null,null,null,null,null,null,null,null,null,null,null,null,null,null,null,null,null,null,null,null,null,null,null,null,null,null,null,null,null,null,null,null,null,null,null,null,null,null,null,null,null,null,null,null,null,null,null,null,null,null,null,null,null,null,null,null,null,null,null,null,null,null,null,null,null,null,null,null,null,null,null,null,null,null,null,null,null,null,null,null,null,null,null,null,null,null,null,null,null,null,null,null,null,null,null,null,null,null,null,null,null,null,null,null,null,null,null,null,null,null,null,null,null,null,null,null,null,null,null,null,null,null,"作業日数（実施）",{"$f":"SUMIFS($M$14:$EZ$14,$M36:$EZ36,\"BA\")+SUMIFS($M$14:$EZ$14,$M36:$EZ36,\"BB\")","v":0},"日"]
[]
[]
[]
[]
[null,null,null,null,"計画",null,null,null,null,null,null,{"$f":"IF(J39=\"\",NETWORKDAYS(F39,H39,休日設定!$B$5:$B$342),NETWORKDAYS(F39,J39,休日設定!$B$5:$B$342))","v":0},null,null,null,null,null,null,null,null,null,null,null,null,null,null,null,null,null,null,null,null,null,null,null,null,null,null,null,null,null,null,null,null,null,null,null,null,null,null,null,null,null,null,null,null,null,null,null,null,null,null,null,null,null,null,null,null,null,null,null,null,null,null,null,null,null,null,null,null,null,null,null,null,null,null,null,null,null,null,null,null,null,null,null,null,null,null,null,null,null,null,null,null,null,null,null,null,null,null,null,null,null,null,null,null,null,null,null,null,null,null,null,null,null,null,null,null,null,null,null,null,null,null,null,null,null,null,null,null,null,null,null,null,null,null,null,null,null,null,null,null,null,null,null,null,"作業日数（計画）",{"$f":"SUMIFS($M$14:$EZ$14,$M41:$EZ41,\"AA\")+SUMIFS($M$14:$EZ$14,$M41:$EZ41,\"AB\")","v":0},"日"]
[]
[]
[]
[]
[null,null,null,null,"実施",null,null,null,null,null,null,{"$f":"IF(J44=\"\",NETWORKDAYS(F44,H44,休日設定!$B$5:$B$342),NETWORKDAYS(F44,J44,休日設定!$B$5:$B$342))","v":0},null,null,null,null,null,null,null,null,null,null,null,null,null,null,null,null,null,null,null,null,null,null,null,null,null,null,null,null,null,null,null,null,null,null,null,null,null,null,null,null,null,null,null,null,null,null,null,null,null,null,null,null,null,null,null,null,null,null,null,null,null,null,null,null,null,null,null,null,null,null,null,null,null,null,null,null,null,null,null,null,null,null,null,null,null,null,null,null,null,null,null,null,null,null,null,null,null,null,null,null,null,null,null,null,null,null,null,null,null,null,null,null,null,null,null,null,null,null,null,null,null,null,null,null,null,null,null,null,null,null,null,null,null,null,null,null,null,null,null,null,null,null,null,null,"作業日数（実施）",{"$f":"SUMIFS($M$14:$EZ$14,$M46:$EZ46,\"BA\")+SUMIFS($M$14:$EZ$14,$M46:$EZ46,\"BB\")","v":0},"日"]
[]
[]
[]
[]
[null,null,null,null,"計画",null,null,null,null,null,null,{"$f":"IF(J49=\"\",NETWORKDAYS(F49,H49,休日設定!$B$5:$B$342),NETWORKDAYS(F49,J49,休日設定!$B$5:$B$342))","v":0},null,null,null,null,null,null,null,null,null,null,null,null,null,null,null,null,null,null,null,null,null,null,null,null,null,null,null,null,null,null,null,null,null,null,null,null,null,null,null,null,null,null,null,null,null,null,null,null,null,null,null,null,null,null,null,null,null,null,null,null,null,null,null,null,null,null,null,null,null,null,null,null,null,null,null,null,null,null,null,null,null,null,null,null,null,null,null,null,null,null,null,null,null,null,null,null,null,null,null,null,null,null,null,null,null,null,null,null,null,null,null,null,null,null,null,null,null,null,null,null,null,null,null,null,null,null,null,null,null,null,null,null,null,null,null,null,null,null,null,null,null,null,null,null,"作業日数（計画）",{"$f":"SUMIFS($M$14:$EZ$14,$M51:$EZ51,\"AA\")+SUMIFS($M$14:$EZ$14,$M51:$EZ51,\"AB\")","v":0},"日"]
[]
[]
[]
[]
[null,null,null,null,"実施",null,null,null,null,null,null,{"$f":"IF(J54=\"\",NETWORKDAYS(F54,H54,休日設定!$B$5:$B$342),NETWORKDAYS(F54,J54,休日設定!$B$5:$B$342))","v":0},null,null,null,null,null,null,null,null,null,null,null,null,null,null,null,null,null,null,null,null,null,null,null,null,null,null,null,null,null,null,null,null,null,null,null,null,null,null,null,null,null,null,null,null,null,null,null,null,null,null,null,null,null,null,null,null,null,null,null,null,null,null,null,null,null,null,null,null,null,null,null,null,null,null,null,null,null,null,null,null,null,null,null,null,null,null,null,null,null,null,null,null,null,null,null,null,null,null,null,null,null,null,null,null,null,null,null,null,null,null,null,null,null,null,null,null,null,null,null,null,null,null,null,null,null,null,null,null,null,null,null,null,null,null,null,null,null,null,null,null,null,null,null,null,"作業日数（実施）",{"$f":"SUMIFS($M$14:$EZ$14,$M56:$EZ56,\"BA\")+SUMIFS($M$14:$EZ$14,$M56:$EZ56,\"BB\")","v":0},"日"]
[]
[]
[]
[]
[]
[]
[]
[]
[]
[null,"受注者","照査◇、照査報告◆　（※手動入力、日付は初回照査～成果照査完了）",null,"計画",null,null,null,null,null,null,{"$f":"IF(J64=\"\",NETWORKDAYS(F64,H64,休日設定!$B$5:$B$342),NETWORKDAYS(F64,J64,休日設定!$B$5:$B$342))","v":0},null,null,null,null,null,null,null,null,null,null,null,null,null,null,null,null,null,null,null,null,null,null,null,null,null,null,null,null,null,null,null,null,null,null,null,null,null,null,null,null,null,null,null,null,null,null,null,null,null,null,null,null,null,null,null,null,null,null,null,null,null,null,null,null,null,null,null,null,null,null,null,null,null,null,null,null,null,null,null,null,null,null,null,null,null,null,null,null,null,null,null,null,null,null,null,null,null,null,null,null,null,null,null,null,null,null,null,null,null,null,null,null,null,null,null,null,null,null,null,null,null,null,null,null,null,null,null,null,null,null,null,null,null,null,null,null,null,null,null,null,null,null,null,null,"照査報告（計画）",{"$f":"COUNTIF(M64:EZ68,\"◆\")","v":0},"回"]
[]
[]
[]
[]
[null,null,null,null,"実施",null,null,null,null,null,null,{"$f":"IF(J69=\"\",NETWORKDAYS(F69,H69,休日設定!$B$5:$B$342),NETWORKDAYS(F69,J69,休日設定!$B$5:$B$342))","v":0},null,null,null,null,null,null,null,null,null,null,null,null,null,null,null,null,null,null,null,null,null,null,null,null,null,null,null,null,null,null,null,null,null,null,null,null,null,null,null,null,null,null,null,null,null,null,null,null,null,null,null,null,null,null,null,null,null,null,null,null,null,null,null,null,null,null,null,null,null,null,null,null,null,null,null,null,null,null,null,null,null,null,null,null,null,null,null,null,null,null,null,null,null,null,null,null,null,null,null,null,null,null,null,null,null,null,null,null,null,null,null,null,null,null,null,null,null,null,null,null,null,null,null,null,null,null,null,null,null,null,null,null,null,null,null,null,null,null,null,null,null,null,null,null,"照査報告（実施）",{"$f":"COUNTIF(M69:EZ73,\"◆\")","v":0},"回"]
[]
[]
[]
[]
[null,null,"設計計画(現地踏査等含む)",null,"計画",null,null,null,null,null,null,{"$f":"IF(J74=\"\",NETWORKDAYS(F74,H74,休日設定!$B$5:$B$342),NETWORKDAYS(F74,J74,休日設定!$B$5:$B$342))","v":0},null,null,null,null,null,null,null,null,null,null,null,null,null,null,null,null,null,null,null,null,null,null,null,null,null,null,null,null,null,null,null,null,null,null,null,null,null,null,null,null,null,null,null,null,null,null,null,null,null,null,null,null,null,null,null,null,null,null,null,null,null,null,null,null,null,null,null,null,null,null,null,null,null,null,null,null,null,null,null,null,null,null,null,null,null,null,null,null,null,null,null,null,null,null,null,null,null,null,null,null,null,null,null,null,null,null,null,null,null,null,null,null,null,null,null,null,null,null,null,null,null,null,null,null,null,null,null,null,null,null,null,null,null,null,null,null,null,null,null,null,null,null,null,null,"クリティカル(計画)",0,"日"]
[]
[]
[]
[]
[null,null,null,null,"実施",null,null,null,null,null,null,{"$f":"IF(J79=\"\",NETWORKDAYS(F79,H79,休日設定!$B$5:$B$342),NETWORKDAYS(F79,J79,休日設定!$B$5:$B$342))","v":0},null,null,null,null,null,null,null,null,null,null,null,null,null,null,null,null,null,null,null,null,null,null,null,null,null,null,null,null,null,null,null,null,null,null,null,null,null,null,null,null,null,null,null,null,null,null,null,null,null,null,null,null,null,null,null,null,null,null,null,null,null,null,null,null,null,null,null,null,null,null,null,null,null,null,null,null,null,null,null,null,null,null,null,null,null,null,null,null,null,null,null,null,null,null,null,null,null,null,null,null,null,null,null,null,null,null,null,null,null,null,null,null,null,null,null,null,null,null,null,null,null,null,null,null,null,null,null,null,null,null,null,null,null,null,null,null,null,null,null,null,null,null,null,null,"クリティカル(実施)",0,"日"]
[]
[]
[]
[]
[null,null,"基本事項の確定",null,"計画",null,null,null,null,null,null,{"$f":"IF(J84=\"\",NETWORKDAYS(F84,H84,休日設定!$B$5:$B$342),NETWORKDAYS(F84,J84,休日設定!$B$5:$B$342))","v":0},null,null,null,null,null,null,null,null,null,null,null,null,null,null,null,null,null,null,null,null,null,null,null,null,null,null,null,null,null,null,null,null,null,null,null,null,null,null,null,null,null,null,null,null,null,null,null,null,null,null,null,null,null,null,null,null,null,null,null,null,null,null,null,null,null,null,null,null,null,null,null,null,null,null,null,null,null,null,null,null,null,null,null,null,null,null,null,null,null,null,null,null,null,null,null,null,null,null,null,null,null,null,null,null,null,null,null,null,null,null,null,null,null,null,null,null,null,null,null,null,null,null,null,null,null,null,null,null,null,null,null,null,null,null,null,null,null,null,null,null,null,null,null,null,"クリティカル(計画)",0,"日"]
[]
[]
[]
[]
[null,null,null,null,"実施",null,null,null,null,null,null,{"$f":"IF(J89=\"\",NETWORKDAYS(F89,H89,休日設定!$B$5:$B$342),NETWORKDAYS(F89,J89,休日設定!$B$5:$B$342))","v":0},null,null,null,null,null,null,null,null,null,null,null,null,null,null,null,null,null,null,null,null,null,null,null,null,null,null,null,null,null,null,null,null,null,null,null,null,null,null,null,null,null,null,null,null,null,null,null,null,null,null,null,null,null,null,null,null,null,null,null,null,null,null,null,null,null,null,null,null,null,null,null,null,null,null,null,null,null,null,null,null,null,null,null,null,null,null,null,null,null,null,null,null,null,null,null,null,null,null,null,null,null,null,null,null,null,null,null,null,null,null,null,null,null,null,null,null,null,null,null,null,null,null,null,null,null,null,null,null,null,null,null,null,null,null,null,null,null,null,null,null,null,null,null,null,"クリティカル(実施)",0,"日"]
[]
[]
[]
[]
[null,null,"設計条件の整理・確認",null,"計画",null,null,null,null,null,null,{"$f":"IF(J94=\"\",NETWORKDAYS(F94,H94,休日設定!$B$5:$B$342),NETWORKDAYS(F94,J94,休日設定!$B$5:$B$342))","v":0},null,null,null,null,null,null,null,null,null,null,null,null,null,null,null,null,null,null,null,null,null,null,null,null,null,null,null,null,null,null,null,null,null,null,null,null,null,null,null,null,null,null,null,null,null,null,null,null,null,null,null,null,null,null,null,null,null,null,null,null,null,null,null,null,null,null,null,null,null,null,null,null,null,null,null,null,null,null,null,null,null,null,null,null,null,null,null,null,null,null,null,null,null,null,null,null,null,null,null,null,null,null,null,null,null,null,null,null,null,null,null,null,null,null,null,null,null,null,null,null,null,null,null,null,null,null,null,null,null,null,null,null,null,null,null,null,null,null,null,null,null,null,null,null,"クリティカル(計画)",0,"日"]
[]
[]
[]
[]
[null,null,null,null,"実施",null,null,null,null,null,null,{"$f":"IF(J99=\"\",NETWORKDAYS(F99,H99,休日設定!$B$5:$B$342),NETWORKDAYS(F99,J99,休日設定!$B$5:$B$342))","v":0},null,null,null,null,null,null,null,null,null,null,null,null,null,null,null,null,null,null,null,null,null,null,null,null,null,null,null,null,null,null,null,null,null,null,null,null,null,null,null,null,null,null,null,null,null,null,null,null,null,null,null,null,null,null,null,null,null,null,null,null,null,null,null,null,null,null,null,null,null,null,null,null,null,null,null,null,null,null,null,null,null,null,null,null,null,null,null,null,null,null,null,null,null,null,null,null,null,null,null,null,null,null,null,null,null,null,null,null,null,null,null,null,null,null,null,null,null,null,null,null,null,null,null,null,null,null,null,null,null,null,null,null,null,null,null,null,null,null,null,null,null,null,null,null,"クリティカル(実施)",0,"日"]
[]
[]
[]
[]
[null,null,"設計条件の確定（第1回照査報告）",null,"計画",null,null,null,null,null,null,{"$f":"IF(J104=\"\",NETWORKDAYS(F104,H104,休日設定!$B$5:$B$342),NETWORKDAYS(F104,J104,休日設定!$B$5:$B$342))","v":0},null,null,null,null,null,null,null,null,null,null,null,null,null,null,null,null,null,null,null,null,null,null,null,null,null,null,null,null,null,null,null,null,null,null,null,null,null,null,null,null,null,null,null,null,null,null,null,null,null,null,null,null,null,null,null,null,null,null,null,null,null,null,null,null,null,null,null,null,null,null,null,null,null,null,null,null,null,null,null,null,null,null,null,null,null,null,null,null,null,null,null,null,null,null,null,null,null,null,null,null,null,null,null,null,null,null,null,null,null,null,null,null,null,null,null,null,null,null,null,null,null,null,null,null,null,null,null,null,null,null,null,null,null,null,null,null,null,null,null,null,null,null,null,null,"クリティカル(計画)",0,"日"]
[]
[]
[]
[]
[null,null,null,null,"実施",null,null,null,null,null,null,{"$f":"IF(J109=\"\",NETWORKDAYS(F109,H109,休日設定!$B$5:$B$342),NETWORKDAYS(F109,J109,休日設定!$B$5:$B$342))","v":0},null,null,null,null,null,null,null,null,null,null,null,null,null,null,null,null,null,null,null,null,null,null,null,null,null,null,null,null,null,null,null,null,null,null,null,null,null,null,null,null,null,null,null,null,null,null,null,null,null,null,null,null,null,null,null,null,null,null,null,null,null,null,null,null,null,null,null,null,null,null,null,null,null,null,null,null,null,null,null,null,null,null,null,null,null,null,null,null,null,null,null,null,null,null,null,null,null,null,null,null,null,null,null,null,null,null,null,null,null,null,null,null,null,null,null,null,null,null,null,null,null,null,null,null,null,null,null,null,null,null,null,null,null,null,null,null,null,null,null,null,null,null,null,null,"クリティカル(実施)",0,"日"]
[]
[]
[]
[]
[null,null,null,null,"計画",null,null,null,null,null,null,{"$f":"IF(J114=\"\",NETWORKDAYS(F114,H114,休日設定!$B$5:$B$342),NETWORKDAYS(F114,J114,休日設定!$B$5:$B$342))","v":0},null,null,null,null,null,null,null,null,null,null,null,null,null,null,null,null,null,null,null,null,null,null,null,null,null,null,null,null,null,null,null,null,null,null,null,null,null,null,null,null,null,null,null,null,null,null,null,null,null,null,null,null,null,null,null,null,null,null,null,null,null,null,null,null,null,null,null,null,null,null,null,null,null,null,null,null,null,null,null,null,null,null,null,null,null,null,null,null,null,null,null,null,null,null,null,null,null,null,null,null,null,null,null,null,null,null,null,null,null,null,null,null,null,null,null,null,null,null,null,null,null,null,null,null,null,null,null,null,null,null,null,null,null,null,null,null,null,null,null,null,null,null,null,null,"クリティカル(計画)",0,"日"]
[]
[]
[]
[]
[null,null,null,null,"実施",null,null,null,null,null,null,{"$f":"IF(J119=\"\",NETWORKDAYS(F119,H119,休日設定!$B$5:$B$342),NETWORKDAYS(F119,J119,休日設定!$B$5:$B$342))","v":0},null,null,null,null,null,null,null,null,null,null,null,null,null,null,null,null,null,null,null,null,null,null,null,null,null,null,null,null,null,null,null,null,null,null,null,null,null,null,null,null,null,null,null,null,null,null,null,null,null,null,null,null,null,null,null,null,null,null,null,null,null,null,null,null,null,null,null,null,null,null,null,null,null,null,null,null,null,null,null,null,null,null,null,null,null,null,null,null,null,null,null,null,null,null,null,null,null,null,null,null,null,null,null,null,null,null,null,null,null,null,null,null,null,null,null,null,null,null,null,null,null,null,null,null,null,null,null,null,null,null,null,null,null,null,null,null,null,null,null,null,null,null,null,null,"クリティカル(実施)",0,"日"]
[]
[]
[]
[]
[null,null,null,null,"計画",null,null,null,null,null,null,{"$f":"IF(J124=\"\",NETWORKDAYS(F124,H124,休日設定!$B$5:$B$342),NETWORKDAYS(F124,J124,休日設定!$B$5:$B$342))","v":0},null,null,null,null,null,null,null,null,null,null,null,null,null,null,null,null,null,null,null,null,null,null,null,null,null,null,null,null,null,null,null,null,null,null,null,null,null,null,null,null,null,null,null,null,null,null,null,null,null,null,null,null,null,null,null,null,null,null,null,null,null,null,null,null,null,null,null,null,null,null,null,null,null,null,null,null,null,null,null,null,null,null,null,null,null,null,null,null,null,null,null,null,null,null,null,null,null,null,null,null,null,null,null,null,null,null,null,null,null,null,null,null,null,null,null,null,null,null,null,null,null,null,null,null,null,null,null,null,null,null,null,null,null,null,null,null,null,null,null,null,null,null,null,null,"クリティカル(計画)",0,"日"]
[]
[]
[]
[]
[null,null,null,null,"実施",null,null,null,null,null,null,{"$f":"IF(J129=\"\",NETWORKDAYS(F129,H129,休日設定!$B$5:$B$342),NETWORKDAYS(F129,J129,休日設定!$B$5:$B$342))","v":0},null,null,null,null,null,null,null,null,null,null,null,null,null,null,null,null,null,null,null,null,null,null,null,null,null,null,null,null,null,null,null,null,null,null,null,null,null,null,null,null,null,null,null,null,null,null,null,null,null,null,null,null,null,null,null,null,null,null,null,null,null,null,null,null,null,null,null,null,null,null,null,null,null,null,null,null,null,null,null,null,null,null,null,null,null,null,null,null,null,null,null,null,null,null,null,null,null,null,null,null,null,null,null,null,null,null,null,null,null,null,null,null,null,null,null,null,null,null,null,null,null,null,null,null,null,null,null,null,null,null,null,null,null,null,null,null,null,null,null,null,null,null,null,null,"クリティカル(実施)",0,"日"]
[]
[]
[]
[]
[null,null,null,null,"計画",null,null,null,null,null,null,{"$f":"IF(J134=\"\",NETWORKDAYS(F134,H134,休日設定!$B$5:$B$342),NETWORKDAYS(F134,J134,休日設定!$B$5:$B$342))","v":0},null,null,null,null,null,null,null,null,null,null,null,null,null,null,null,null,null,null,null,null,null,null,null,null,null,null,null,null,null,null,null,null,null,null,null,null,null,null,null,null,null,null,null,null,null,null,null,null,null,null,null,null,null,null,null,null,null,null,null,null,null,null,null,null,null,null,null,null,null,null,null,null,null,null,null,null,null,null,null,null,null,null,null,null,null,null,null,null,null,null,null,null,null,null,null,null,null,null,null,null,null,null,null,null,null,null,null,null,null,null,null,null,null,null,null,null,null,null,null,null,null,null,null,null,null,null,null,null,null,null,null,null,null,null,null,null,null,null,null,null,null,null,null,null,"クリティカル(計画)",0,"日"]
[]
[]
[]
[]
[null,null,null,null,"実施",null,null,null,null,null,null,{"$f":"IF(J139=\"\",NETWORKDAYS(F139,H139,休日設定!$B$5:$B$342),NETWORKDAYS(F139,J139,休日設定!$B$5:$B$342))","v":0},null,null,null,null,null,null,null,null,null,null,null,null,null,null,null,null,null,null,null,null,null,null,null,null,null,null,null,null,null,null,null,null,null,null,null,null,null,null,null,null,null,null,null,null,null,null,null,null,null,null,null,null,null,null,null,null,null,null,null,null,null,null,null,null,null,null,null,null,null,null,null,null,null,null,null,null,null,null,null,null,null,null,null,null,null,null,null,null,null,null,null,null,null,null,null,null,null,null,null,null,null,null,null,null,null,null,null,null,null,null,null,null,null,null,null,null,null,null,null,null,null,null,null,null,null,null,null,null,null,null,null,null,null,null,null,null,null,null,null,null,null,null,null,null,"クリティカル(実施)",0,"日"]
[]
[]
[]
[]
[null,null,null,null,"計画",null,null,null,null,null,null,{"$f":"IF(J144=\"\",NETWORKDAYS(F144,H144,休日設定!$B$5:$B$342),NETWORKDAYS(F144,J144,休日設定!$B$5:$B$342))","v":0},null,null,null,null,null,null,null,null,null,null,null,null,null,null,null,null,null,null,null,null,null,null,null,null,null,null,null,null,null,null,null,null,null,null,null,null,null,null,null,null,null,null,null,null,null,null,null,null,null,null,null,null,null,null,null,null,null,null,null,null,null,null,null,null,null,null,null,null,null,null,null,null,null,null,null,null,null,null,null,null,null,null,null,null,null,null,null,null,null,null,null,null,null,null,null,null,null,null,null,null,null,null,null,null,null,null,null,null,null,null,null,null,null,null,null,null,null,null,null,null,null,null,null,null,null,null,null,null,null,null,null,null,null,null,null,null,null,null,null,null,null,null,null,null,"クリティカル(計画)",0,"日"]
[]
[]
[]
[]
[null,null,null,null,"実施",null,null,null,null,null,null,{"$f":"IF(J149=\"\",NETWORKDAYS(F149,H149,休日設定!$B$5:$B$342),NETWORKDAYS(F149,J149,休日設定!$B$5:$B$342))","v":0},null,null,null,null,null,null,null,null,null,null,null,null,null,null,null,null,null,null,null,null,null,null,null,null,null,null,null,null,null,null,null,null,null,null,null,null,null,null,null,null,null,null,null,null,null,null,null,null,null,null,null,null,null,null,null,null,null,null,null,null,null,null,null,null,null,null,null,null,null,null,null,null,null,null,null,null,null,null,null,null,null,null,null,null,null,null,null,null,null,null,null,null,null,null,null,null,null,null,null,null,null,null,null,null,null,null,null,null,null,null,null,null,null,null,null,null,null,null,null,null,null,null,null,null,null,null,null,null,null,null,null,null,null,null,null,null,null,null,null,null,null,null,null,null,"クリティカル(実施)",0,"日"]
[]
[]
[]
[]
[null,null,null,null,"計画",null,null,null,null,null,null,{"$f":"IF(J154=\"\",NETWORKDAYS(F154,H154,休日設定!$B$5:$B$342),NETWORKDAYS(F154,J154,休日設定!$B$5:$B$342))","v":0},null,null,null,null,null,null,null,null,null,null,null,null,null,null,null,null,null,null,null,null,null,null,null,null,null,null,null,null,null,null,null,null,null,null,null,null,null,null,null,null,null,null,null,null,null,null,null,null,null,null,null,null,null,null,null,null,null,null,null,null,null,null,null,null,null,null,null,null,null,null,null,null,null,null,null,null,null,null,null,null,null,null,null,null,null,null,null,null,null,null,null,null,null,null,null,null,null,null,null,null,null,null,null,null,null,null,null,null,null,null,null,null,null,null,null,null,null,null,null,null,null,null,null,null,null,null,null,null,null,null,null,null,null,null,null,null,null,null,null,null,null,null,null,null,"クリティカル(計画)",0,"日"]
[]
[]
[]
[]
[null,null,null,null,"実施",null,null,null,null,null,null,{"$f":"IF(J159=\"\",NETWORKDAYS(F159,H159,休日設定!$B$5:$B$342),NETWORKDAYS(F159,J159,休日設定!$B$5:$B$342))","v":0},null,null,null,null,null,null,null,null,null,null,null,null,null,null,null,null,null,null,null,null,null,null,null,null,null,null,null,null,null,null,null,null,null,null,null,null,null,null,null,null,null,null,null,null,null,null,null,null,null,null,null,null,null,null,null,null,null,null,null,null,null,null,null,null,null,null,null,null,null,null,null,null,null,null,null,null,null,null,null,null,null,null,null,null,null,null,null,null,null,null,null,null,null,null,null,null,null,null,null,null,null,null,null,null,null,null,null,null,null,null,null,null,null,null,null,null,null,null,null,null,null,null,null,null,null,null,null,null,null,null,null,null,null,null,null,null,null,null,null,null,null,null,null,null,"クリティカル(実施)",0,"日"]
[]
[]
[]
[]
[null,null,null,null,"計画",null,null,null,null,null,null,{"$f":"IF(J164=\"\",NETWORKDAYS(F164,H164,休日設定!$B$5:$B$342),NETWORKDAYS(F164,J164,休日設定!$B$5:$B$342))","v":0},null,null,null,null,null,null,null,null,null,null,null,null,null,null,null,null,null,null,null,null,null,null,null,null,null,null,null,null,null,null,null,null,null,null,null,null,null,null,null,null,null,null,null,null,null,null,null,null,null,null,null,null,null,null,null,null,null,null,null,null,null,null,null,null,null,null,null,null,null,null,null,null,null,null,null,null,null,null,null,null,null,null,null,null,null,null,null,null,null,null,null,null,null,null,null,null,null,null,null,null,null,null,null,null,null,null,null,null,null,null,null,null,null,null,null,null,null,null,null,null,null,null,null,null,null,null,null,null,null,null,null,null,null,null,null,null,null,null,null,null,null,null,null,null,"クリティカル(計画)",0,"日"]
[]
[]
[]
[]
[null,null,null,null,"実施",null,null,null,null,null,null,{"$f":"IF(J169=\"\",NETWORKDAYS(F169,H169,休日設定!$B$5:$B$342),NETWORKDAYS(F169,J169,休日設定!$B$5:$B$342))","v":0},null,null,null,null,null,null,null,null,null,null,null,null,null,null,null,null,null,null,null,null,null,null,null,null,null,null,null,null,null,null,null,null,null,null,null,null,null,null,null,null,null,null,null,null,null,null,null,null,null,null,null,null,null,null,null,null,null,null,null,null,null,null,null,null,null,null,null,null,null,null,null,null,null,null,null,null,null,null,null,null,null,null,null,null,null,null,null,null,null,null,null,null,null,null,null,null,null,null,null,null,null,null,null,null,null,null,null,null,null,null,null,null,null,null,null,null,null,null,null,null,null,null,null,null,null,null,null,null,null,null,null,null,null,null,null,null,null,null,null,null,null,null,null,null,"クリティカル(実施)",0,"日"]
[]
[]
[]
[]
[null,null,null,null,"計画",null,null,null,null,null,null,{"$f":"IF(J174=\"\",NETWORKDAYS(F174,H174,休日設定!$B$5:$B$342),NETWORKDAYS(F174,J174,休日設定!$B$5:$B$342))","v":0},null,null,null,null,null,null,null,null,null,null,null,null,null,null,null,null,null,null,null,null,null,null,null,null,null,null,null,null,null,null,null,null,null,null,null,null,null,null,null,null,null,null,null,null,null,null,null,null,null,null,null,null,null,null,null,null,null,null,null,null,null,null,null,null,null,null,null,null,null,null,null,null,null,null,null,null,null,null,null,null,null,null,null,null,null,null,null,null,null,null,null,null,null,null,null,null,null,null,null,null,null,null,null,null,null,null,null,null,null,null,null,null,null,null,null,null,null,null,null,null,null,null,null,null,null,null,null,null,null,null,null,null,null,null,null,null,null,null,null,null,null,null,null,null,"クリティカル(計画)",0,"日"]
[]
[]
[]
[]
[null,null,null,null,"実施",null,null,null,null,null,null,{"$f":"IF(J179=\"\",NETWORKDAYS(F179,H179,休日設定!$B$5:$B$342),NETWORKDAYS(F179,J179,休日設定!$B$5:$B$342))","v":0},null,null,null,null,null,null,null,null,null,null,null,null,null,null,null,null,null,null,null,null,null,null,null,null,null,null,null,null,null,null,null,null,null,null,null,null,null,null,null,null,null,null,null,null,null,null,null,null,null,null,null,null,null,null,null,null,null,null,null,null,null,null,null,null,null,null,null,null,null,null,null,null,null,null,null,null,null,null,null,null,null,null,null,null,null,null,null,null,null,null,null,null,null,null,null,null,null,null,null,null,null,null,null,null,null,null,null,null,null,null,null,null,null,null,null,null,null,null,null,null,null,null,null,null,null,null,null,null,null,null,null,null,null,null,null,null,null,null,null,null,null,null,null,null,"クリティカル(実施)",0,"日"]
[]
[]
[]
[]
[null,null,null,null,"計画",null,null,null,null,null,null,{"$f":"IF(J184=\"\",NETWORKDAYS(F184,H184,休日設定!$B$5:$B$342),NETWORKDAYS(F184,J184,休日設定!$B$5:$B$342))","v":0},null,null,null,null,null,null,null,null,null,null,null,null,null,null,null,null,null,null,null,null,null,null,null,null,null,null,null,null,null,null,null,null,null,null,null,null,null,null,null,null,null,null,null,null,null,null,null,null,null,null,null,null,null,null,null,null,null,null,null,null,null,null,null,null,null,null,null,null,null,null,null,null,null,null,null,null,null,null,null,null,null,null,null,null,null,null,null,null,null,null,null,null,null,null,null,null,null,null,null,null,null,null,null,null,null,null,null,null,null,null,null,null,null,null,null,null,null,null,null,null,null,null,null,null,null,null,null,null,null,null,null,null,null,null,null,null,null,null,null,null,null,null,null,null,"クリティカル(計画)",0,"日"]
[]
[]
[]
[]
[null,null,null,null,"実施",null,null,null,null,null,null,{"$f":"IF(J189=\"\",NETWORKDAYS(F189,H189,休日設定!$B$5:$B$342),NETWORKDAYS(F189,J189,休日設定!$B$5:$B$342))","v":0},null,null,null,null,null,null,null,null,null,null,null,null,null,null,null,null,null,null,null,null,null,null,null,null,null,null,null,null,null,null,null,null,null,null,null,null,null,null,null,null,null,null,null,null,null,null,null,null,null,null,null,null,null,null,null,null,null,null,null,null,null,null,null,null,null,null,null,null,null,null,null,null,null,null,null,null,null,null,null,null,null,null,null,null,null,null,null,null,null,null,null,null,null,null,null,null,null,null,null,null,null,null,null,null,null,null,null,null,null,null,null,null,null,null,null,null,null,null,null,null,null,null,null,null,null,null,null,null,null,null,null,null,null,null,null,null,null,null,null,null,null,null,null,null,"クリティカル(実施)",0,"日"]
[]
[]
[]
[]
[null,null,null,null,"計画",null,null,null,null,null,null,{"$f":"IF(J194=\"\",NETWORKDAYS(F194,H194,休日設定!$B$5:$B$342),NETWORKDAYS(F194,J194,休日設定!$B$5:$B$342))","v":0},null,null,null,null,null,null,null,null,null,null,null,null,null,null,null,null,null,null,null,null,null,null,null,null,null,null,null,null,null,null,null,null,null,null,null,null,null,null,null,null,null,null,null,null,null,null,null,null,null,null,null,null,null,null,null,null,null,null,null,null,null,null,null,null,null,null,null,null,null,null,null,null,null,null,null,null,null,null,null,null,null,null,null,null,null,null,null,null,null,null,null,null,null,null,null,null,null,null,null,null,null,null,null,null,null,null,null,null,null,null,null,null,null,null,null,null,null,null,null,null,null,null,null,null,null,null,null,null,null,null,null,null,null,null,null,null,null,null,null,null,null,null,null,null,"クリティカル(計画)",0,"日"]
[]
[]
[]
[]
[null,null,null,null,"実施",null,null,null,null,null,null,{"$f":"IF(J199=\"\",NETWORKDAYS(F199,H199,休日設定!$B$5:$B$342),NETWORKDAYS(F199,J199,休日設定!$B$5:$B$342))","v":0},null,null,null,null,null,null,null,null,null,null,null,null,null,null,null,null,null,null,null,null,null,null,null,null,null,null,null,null,null,null,null,null,null,null,null,null,null,null,null,null,null,null,null,null,null,null,null,null,null,null,null,null,null,null,null,null,null,null,null,null,null,null,null,null,null,null,null,null,null,null,null,null,null,null,null,null,null,null,null,null,null,null,null,null,null,null,null,null,null,null,null,null,null,null,null,null,null,null,null,null,null,null,null,null,null,null,null,null,null,null,null,null,null,null,null,null,null,null,null,null,null,null,null,null,null,null,null,null,null,null,null,null,null,null,null,null,null,null,null,null,null,null,null,null,"クリティカル(実施)",0,"日"]
[]
[]
[]
[]
[null,null,null,null,"計画",null,null,null,null,null,null,{"$f":"IF(J204=\"\",NETWORKDAYS(F204,H204,休日設定!$B$5:$B$342),NETWORKDAYS(F204,J204,休日設定!$B$5:$B$342))","v":0},null,null,null,null,null,null,null,null,null,null,null,null,null,null,null,null,null,null,null,null,null,null,null,null,null,null,null,null,null,null,null,null,null,null,null,null,null,null,null,null,null,null,null,null,null,null,null,null,null,null,null,null,null,null,null,null,null,null,null,null,null,null,null,null,null,null,null,null,null,null,null,null,null,null,null,null,null,null,null,null,null,null,null,null,null,null,null,null,null,null,null,null,null,null,null,null,null,null,null,null,null,null,null,null,null,null,null,null,null,null,null,null,null,null,null,null,null,null,null,null,null,null,null,null,null,null,null,null,null,null,null,null,null,null,null,null,null,null,null,null,null,null,null,null,"クリティカル(計画)",0,"日"]
[]
[]
[]
[]
[null,null,null,null,"実施",null,null,null,null,null,null,{"$f":"IF(J209=\"\",NETWORKDAYS(F209,H209,休日設定!$B$5:$B$342),NETWORKDAYS(F209,J209,休日設定!$B$5:$B$342))","v":0},null,null,null,null,null,null,null,null,null,null,null,null,null,null,null,null,null,null,null,null,null,null,null,null,null,null,null,null,null,null,null,null,null,null,null,null,null,null,null,null,null,null,null,null,null,null,null,null,null,null,null,null,null,null,null,null,null,null,null,null,null,null,null,null,null,null,null,null,null,null,null,null,null,null,null,null,null,null,null,null,null,null,null,null,null,null,null,null,null,null,null,null,null,null,null,null,null,null,null,null,null,null,null,null,null,null,null,null,null,null,null,null,null,null,null,null,null,null,null,null,null,null,null,null,null,null,null,null,null,null,null,null,null,null,null,null,null,null,null,null,null,null,null,null,"クリティカル(実施)",0,"日"]
[]
[]
[]
[]
[null,null,null,null,"計画",null,null,null,null,null,null,{"$f":"IF(J214=\"\",NETWORKDAYS(F214,H214,休日設定!$B$5:$B$342),NETWORKDAYS(F214,J214,休日設定!$B$5:$B$342))","v":0},null,null,null,null,null,null,null,null,null,null,null,null,null,null,null,null,null,null,null,null,null,null,null,null,null,null,null,null,null,null,null,null,null,null,null,null,null,null,null,null,null,null,null,null,null,null,null,null,null,null,null,null,null,null,null,null,null,null,null,null,null,null,null,null,null,null,null,null,null,null,null,null,null,null,null,null,null,null,null,null,null,null,null,null,null,null,null,null,null,null,null,null,null,null,null,null,null,null,null,null,null,null,null,null,null,null,null,null,null,null,null,null,null,null,null,null,null,null,null,null,null,null,null,null,null,null,null,null,null,null,null,null,null,null,null,null,null,null,null,null,null,null,null,null,"クリティカル(計画)",0,"日"]
[]
[]
[]
[]
[null,null,null,null,"実施",null,null,null,null,null,null,{"$f":"IF(J219=\"\",NETWORKDAYS(F219,H219,休日設定!$B$5:$B$342),NETWORKDAYS(F219,J219,休日設定!$B$5:$B$342))","v":0},null,null,null,null,null,null,null,null,null,null,null,null,null,null,null,null,null,null,null,null,null,null,null,null,null,null,null,null,null,null,null,null,null,null,null,null,null,null,null,null,null,null,null,null,null,null,null,null,null,null,null,null,null,null,null,null,null,null,null,null,null,null,null,null,null,null,null,null,null,null,null,null,null,null,null,null,null,null,null,null,null,null,null,null,null,null,null,null,null,null,null,null,null,null,null,null,null,null,null,null,null,null,null,null,null,null,null,null,null,null,null,null,null,null,null,null,null,null,null,null,null,null,null,null,null,null,null,null,null,null,null,null,null,null,null,null,null,null,null,null,null,null,null,null,"クリティカル(実施)",0,"日"]
[]
[]
[]
[]
[null,null,null,null,"計画",null,null,null,null,null,null,{"$f":"IF(J224=\"\",NETWORKDAYS(F224,H224,休日設定!$B$5:$B$342),NETWORKDAYS(F224,J224,休日設定!$B$5:$B$342))","v":0},null,null,null,null,null,null,null,null,null,null,null,null,null,null,null,null,null,null,null,null,null,null,null,null,null,null,null,null,null,null,null,null,null,null,null,null,null,null,null,null,null,null,null,null,null,null,null,null,null,null,null,null,null,null,null,null,null,null,null,null,null,null,null,null,null,null,null,null,null,null,null,null,null,null,null,null,null,null,null,null,null,null,null,null,null,null,null,null,null,null,null,null,null,null,null,null,null,null,null,null,null,null,null,null,null,null,null,null,null,null,null,null,null,null,null,null,null,null,null,null,null,null,null,null,null,null,null,null,null,null,null,null,null,null,null,null,null,null,null,null,null,null,null,null,"クリティカル(計画)",0,"日"]
[]
[]
[]
[]
[null,null,null,null,"実施",null,null,null,null,null,null,{"$f":"IF(J229=\"\",NETWORKDAYS(F229,H229,休日設定!$B$5:$B$342),NETWORKDAYS(F229,J229,休日設定!$B$5:$B$342))","v":0},null,null,null,null,null,null,null,null,null,null,null,null,null,null,null,null,null,null,null,null,null,null,null,null,null,null,null,null,null,null,null,null,null,null,null,null,null,null,null,null,null,null,null,null,null,null,null,null,null,null,null,null,null,null,null,null,null,null,null,null,null,null,null,null,null,null,null,null,null,null,null,null,null,null,null,null,null,null,null,null,null,null,null,null,null,null,null,null,null,null,null,null,null,null,null,null,null,null,null,null,null,null,null,null,null,null,null,null,null,null,null,null,null,null,null,null,null,null,null,null,null,null,null,null,null,null,null,null,null,null,null,null,null,null,null,null,null,null,null,null,null,null,null,null,"クリティカル(実施)",0,"日"]
[]
[]
[]
[]
[null,null,null,null,"計画",null,null,null,null,null,null,{"$f":"IF(J234=\"\",NETWORKDAYS(F234,H234,休日設定!$B$5:$B$342),NETWORKDAYS(F234,J234,休日設定!$B$5:$B$342))","v":0},null,null,null,null,null,null,null,null,null,null,null,null,null,null,null,null,null,null,null,null,null,null,null,null,null,null,null,null,null,null,null,null,null,null,null,null,null,null,null,null,null,null,null,null,null,null,null,null,null,null,null,null,null,null,null,null,null,null,null,null,null,null,null,null,null,null,null,null,null,null,null,null,null,null,null,null,null,null,null,null,null,null,null,null,null,null,null,null,null,null,null,null,null,null,null,null,null,null,null,null,null,null,null,null,null,null,null,null,null,null,null,null,null,null,null,null,null,null,null,null,null,null,null,null,null,null,null,null,null,null,null,null,null,null,null,null,null,null,null,null,null,null,null,null,"クリティカル(計画)",0,"日"]
[]
[]
[]
[]
[null,null,null,null,"実施",null,null,null,null,null,null,{"$f":"IF(J239=\"\",NETWORKDAYS(F239,H239,休日設定!$B$5:$B$342),NETWORKDAYS(F239,J239,休日設定!$B$5:$B$342))","v":0},null,null,null,null,null,null,null,null,null,null,null,null,null,null,null,null,null,null,null,null,null,null,null,null,null,null,null,null,null,null,null,null,null,null,null,null,null,null,null,null,null,null,null,null,null,null,null,null,null,null,null,null,null,null,null,null,null,null,null,null,null,null,null,null,null,null,null,null,null,null,null,null,null,null,null,null,null,null,null,null,null,null,null,null,null,null,null,null,null,null,null,null,null,null,null,null,null,null,null,null,null,null,null,null,null,null,null,null,null,null,null,null,null,null,null,null,null,null,null,null,null,null,null,null,null,null,null,null,null,null,null,null,null,null,null,null,null,null,null,null,null,null,null,null,"クリティカル(実施)",0,"日"]
[]
[]
[]
[]
[null,null,null,null,"計画",null,null,null,null,null,null,{"$f":"IF(J244=\"\",NETWORKDAYS(F244,H244,休日設定!$B$5:$B$342),NETWORKDAYS(F244,J244,休日設定!$B$5:$B$342))","v":0},null,null,null,null,null,null,null,null,null,null,null,null,null,null,null,null,null,null,null,null,null,null,null,null,null,null,null,null,null,null,null,null,null,null,null,null,null,null,null,null,null,null,null,null,null,null,null,null,null,null,null,null,null,null,null,null,null,null,null,null,null,null,null,null,null,null,null,null,null,null,null,null,null,null,null,null,null,null,null,null,null,null,null,null,null,null,null,null,null,null,null,null,null,null,null,null,null,null,null,null,null,null,null,null,null,null,null,null,null,null,null,null,null,null,null,null,null,null,null,null,null,null,null,null,null,null,null,null,null,null,null,null,null,null,null,null,null,null,null,null,null,null,null,null,"クリティカル(計画)",0,"日"]
[]
[]
[]
[]
[null,null,null,null,"実施",null,null,null,null,null,null,{"$f":"IF(J249=\"\",NETWORKDAYS(F249,H249,休日設定!$B$5:$B$342),NETWORKDAYS(F249,J249,休日設定!$B$5:$B$342))","v":0},null,null,null,null,null,null,null,null,null,null,null,null,null,null,null,null,null,null,null,null,null,null,null,null,null,null,null,null,null,null,null,null,null,null,null,null,null,null,null,null,null,null,null,null,null,null,null,null,null,null,null,null,null,null,null,null,null,null,null,null,null,null,null,null,null,null,null,null,null,null,null,null,null,null,null,null,null,null,null,null,null,null,null,null,null,null,null,null,null,null,null,null,null,null,null,null,null,null,null,null,null,null,null,null,null,null,null,null,null,null,null,null,null,null,null,null,null,null,null,null,null,null,null,null,null,null,null,null,null,null,null,null,null,null,null,null,null,null,null,null,null,null,null,null,"クリティカル(実施)",0,"日"]
[]
[]
[]
[]
[null,null,null,null,"計画",null,null,null,null,null,null,{"$f":"IF(J254=\"\",NETWORKDAYS(F254,H254,休日設定!$B$5:$B$342),NETWORKDAYS(F254,J254,休日設定!$B$5:$B$342))","v":0},null,null,null,null,null,null,null,null,null,null,null,null,null,null,null,null,null,null,null,null,null,null,null,null,null,null,null,null,null,null,null,null,null,null,null,null,null,null,null,null,null,null,null,null,null,null,null,null,null,null,null,null,null,null,null,null,null,null,null,null,null,null,null,null,null,null,null,null,null,null,null,null,null,null,null,null,null,null,null,null,null,null,null,null,null,null,null,null,null,null,null,null,null,null,null,null,null,null,null,null,null,null,null,null,null,null,null,null,null,null,null,null,null,null,null,null,null,null,null,null,null,null,null,null,null,null,null,null,null,null,null,null,null,null,null,null,null,null,null,null,null,null,null,null,"クリティカル(計画)",0,"日"]
[]
[]
[]
[]
[null,null,null,null,"実施",null,null,null,null,null,null,{"$f":"IF(J259=\"\",NETWORKDAYS(F259,H259,休日設定!$B$5:$B$342),NETWORKDAYS(F259,J259,休日設定!$B$5:$B$342))","v":0},null,null,null,null,null,null,null,null,null,null,null,null,null,null,null,null,null,null,null,null,null,null,null,null,null,null,null,null,null,null,null,null,null,null,null,null,null,null,null,null,null,null,null,null,null,null,null,null,null,null,null,null,null,null,null,null,null,null,null,null,null,null,null,null,null,null,null,null,null,null,null,null,null,null,null,null,null,null,null,null,null,null,null,null,null,null,null,null,null,null,null,null,null,null,null,null,null,null,null,null,null,null,null,null,null,null,null,null,null,null,null,null,null,null,null,null,null,null,null,null,null,null,null,null,null,null,null,null,null,null,null,null,null,null,null,null,null,null,null,null,null,null,null,null,"クリティカル(実施)",0,"日"]
[]
[]
[]
[]
[null,null,null,null,"計画",null,null,null,null,null,null,{"$f":"IF(J264=\"\",NETWORKDAYS(F264,H264,休日設定!$B$5:$B$342),NETWORKDAYS(F264,J264,休日設定!$B$5:$B$342))","v":0},null,null,null,null,null,null,null,null,null,null,null,null,null,null,null,null,null,null,null,null,null,null,null,null,null,null,null,null,null,null,null,null,null,null,null,null,null,null,null,null,null,null,null,null,null,null,null,null,null,null,null,null,null,null,null,null,null,null,null,null,null,null,null,null,null,null,null,null,null,null,null,null,null,null,null,null,null,null,null,null,null,null,null,null,null,null,null,null,null,null,null,null,null,null,null,null,null,null,null,null,null,null,null,null,null,null,null,null,null,null,null,null,null,null,null,null,null,null,null,null,null,null,null,null,null,null,null,null,null,null,null,null,null,null,null,null,null,null,null,null,null,null,null,null,"クリティカル(計画)",0,"日"]
[]
[]
[]
[]
[null,null,null,null,"実施",null,null,null,null,null,null,{"$f":"IF(J269=\"\",NETWORKDAYS(F269,H269,休日設定!$B$5:$B$342),NETWORKDAYS(F269,J269,休日設定!$B$5:$B$342))","v":0},null,null,null,null,null,null,null,null,null,null,null,null,null,null,null,null,null,null,null,null,null,null,null,null,null,null,null,null,null,null,null,null,null,null,null,null,null,null,null,null,null,null,null,null,null,null,null,null,null,null,null,null,null,null,null,null,null,null,null,null,null,null,null,null,null,null,null,null,null,null,null,null,null,null,null,null,null,null,null,null,null,null,null,null,null,null,null,null,null,null,null,null,null,null,null,null,null,null,null,null,null,null,null,null,null,null,null,null,null,null,null,null,null,null,null,null,null,null,null,null,null,null,null,null,null,null,null,null,null,null,null,null,null,null,null,null,null,null,null,null,null,null,null,null,"クリティカル(実施)",0,"日"]
[]
[]
[]
[]
[null,null,"報告書作成・設計成果とりまとめ",null,"計画",null,null,null,null,null,null,{"$f":"IF(J274=\"\",NETWORKDAYS(F274,H274,休日設定!$B$5:$B$342),NETWORKDAYS(F274,J274,休日設定!$B$5:$B$342))","v":0},null,null,null,null,null,null,null,null,null,null,null,null,null,null,null,null,null,null,null,null,null,null,null,null,null,null,null,null,null,null,null,null,null,null,null,null,null,null,null,null,null,null,null,null,null,null,null,null,null,null,null,null,null,null,null,null,null,null,null,null,null,null,null,null,null,null,null,null,null,null,null,null,null,null,null,null,null,null,null,null,null,null,null,null,null,null,null,null,null,null,null,null,null,null,null,null,null,null,null,null,null,null,null,null,null,null,null,null,null,null,null,null,null,null,null,null,null,null,null,null,null,null,null,null,null,null,null,null,null,null,null,null,null,null,null,null,null,null,null,null,null,null,null,null,"クリティカル(計画)",0,"日"]
[]
[]
[]
[]
[null,null,null,null,"実施",null,null,null,null,null,null,{"$f":"IF(J279=\"\",NETWORKDAYS(F279,H279,休日設定!$B$5:$B$342),NETWORKDAYS(F279,J279,休日設定!$B$5:$B$342))","v":0},null,null,null,null,null,null,null,null,null,null,null,null,null,null,null,null,null,null,null,null,null,null,null,null,null,null,null,null,null,null,null,null,null,null,null,null,null,null,null,null,null,null,null,null,null,null,null,null,null,null,null,null,null,null,null,null,null,null,null,null,null,null,null,null,null,null,null,null,null,null,null,null,null,null,null,null,null,null,null,null,null,null,null,null,null,null,null,null,null,null,null,null,null,null,null,null,null,null,null,null,null,null,null,null,null,null,null,null,null,null,null,null,null,null,null,null,null,null,null,null,null,null,null,null,null,null,null,null,null,null,null,null,null,null,null,null,null,null,null,null,null,null,null,null,"クリティカル(実施)",0,"日"]
[]
[]
[]
[]
[null,null,"成果照査・納品",null,"計画",null,null,null,null,null,null,{"$f":"IF(J284=\"\",NETWORKDAYS(F284,H284,休日設定!$B$5:$B$342),NETWORKDAYS(F284,J284,休日設定!$B$5:$B$342))","v":0},null,null,null,null,null,null,null,null,null,null,null,null,null,null,null,null,null,null,null,null,null,null,null,null,null,null,null,null,null,null,null,null,null,null,null,null,null,null,null,null,null,null,null,null,null,null,null,null,null,null,null,null,null,null,null,null,null,null,null,null,null,null,null,null,null,null,null,null,null,null,null,null,null,null,null,null,null,null,null,null,null,null,null,null,null,null,null,null,null,null,null,null,null,null,null,null,null,null,null,null,null,null,null,null,null,null,null,null,null,null,null,null,null,null,null,null,null,null,null,null,null,null,null,null,null,null,null,null,null,null,null,null,null,null,null,null,null,null,null,null,null,null,null,null,"クリティカル(計画)",0,"日"]
[]
[]
[]
[]
[null,null,null,null,"実施",null,null,null,null,null,null,{"$f":"IF(J289=\"\",NETWORKDAYS(F289,H289,休日設定!$B$5:$B$342),NETWORKDAYS(F289,J289,休日設定!$B$5:$B$342))","v":0},null,null,null,null,null,null,null,null,null,null,null,null,null,null,null,null,null,null,null,null,null,null,null,null,null,null,null,null,null,null,null,null,null,null,null,null,null,null,null,null,null,null,null,null,null,null,null,null,null,null,null,null,null,null,null,null,null,null,null,null,null,null,null,null,null,null,null,null,null,null,null,null,null,null,null,null,null,null,null,null,null,null,null,null,null,null,null,null,null,null,null,null,null,null,null,null,null,null,null,null,null,null,null,null,null,null,null,null,null,null,null,null,null,null,null,null,null,null,null,null,null,null,null,null,null,null,null,null,null,null,null,null,null,null,null,null,null,null,null,null,null,null,null,null,"クリティカル(実施)",0,"日"]
[]
[]
[]
[]
[null,null,null,null,"計画",null,null,null,null,null,null,{"$f":"IF(J294=\"\",NETWORKDAYS(F294,H294,休日設定!$B$5:$B$342),NETWORKDAYS(F294,J294,休日設定!$B$5:$B$342))","v":0},null,null,null,null,null,null,null,null,null,null,null,null,null,null,null,null,null,null,null,null,null,null,null,null,null,null,null,null,null,null,null,null,null,null,null,null,null,null,null,null,null,null,null,null,null,null,null,null,null,null,null,null,null,null,null,null,null,null,null,null,null,null,null,null,null,null,null,null,null,null,null,null,null,null,null,null,null,null,null,null,null,null,null,null,null,null,null,null,null,null,null,null,null,null,null,null,null,null,null,null,null,null,null,null,null,null,null,null,null,null,null,null,null,null,null,null,null,null,null,null,null,null,null,null,null,null,null,null,null,null,null,null,null,null,null,null,null,null,null,null,null,null,null,null,"クリティカル(計画)",0,"日"]
[]
[]
[]
[]
[null,null,null,null,"実施",null,null,null,null,null,null,{"$f":"IF(J299=\"\",NETWORKDAYS(F299,H299,休日設定!$B$5:$B$342),NETWORKDAYS(F299,J299,休日設定!$B$5:$B$342))","v":0},null,null,null,null,null,null,null,null,null,null,null,null,null,null,null,null,null,null,null,null,null,null,null,null,null,null,null,null,null,null,null,null,null,null,null,null,null,null,null,null,null,null,null,null,null,null,null,null,null,null,null,null,null,null,null,null,null,null,null,null,null,null,null,null,null,null,null,null,null,null,null,null,null,null,null,null,null,null,null,null,null,null,null,null,null,null,null,null,null,null,null,null,null,null,null,null,null,null,null,null,null,null,null,null,null,null,null,null,null,null,null,null,null,null,null,null,null,null,null,null,null,null,null,null,null,null,null,null,null,null,null,null,null,null,null,null,null,null,null,null,null,null,null,null,"クリティカル(実施)",0,"日"]
[]
[]
[]
[]
[null,null,null,null,"計画",null,null,null,null,null,null,{"$f":"IF(J304=\"\",NETWORKDAYS(F304,H304,休日設定!$B$5:$B$342),NETWORKDAYS(F304,J304,休日設定!$B$5:$B$342))","v":0},null,null,null,null,null,null,null,null,null,null,null,null,null,null,null,null,null,null,null,null,null,null,null,null,null,null,null,null,null,null,null,null,null,null,null,null,null,null,null,null,null,null,null,null,null,null,null,null,null,null,null,null,null,null,null,null,null,null,null,null,null,null,null,null,null,null,null,null,null,null,null,null,null,null,null,null,null,null,null,null,null,null,null,null,null,null,null,null,null,null,null,null,null,null,null,null,null,null,null,null,null,null,null,null,null,null,null,null,null,null,null,null,null,null,null,null,null,null,null,null,null,null,null,null,null,null,null,null,null,null,null,null,null,null,null,null,null,null,null,null,null,null,null,null,"クリティカル(計画)",0,"日"]
[]
[]
[]
[]
[null,null,null,null,"実施",null,null,null,null,null,null,{"$f":"IF(J309=\"\",NETWORKDAYS(F309,H309,休日設定!$B$5:$B$342),NETWORKDAYS(F309,J309,休日設定!$B$5:$B$342))","v":0},null,null,null,null,null,null,null,null,null,null,null,null,null,null,null,null,null,null,null,null,null,null,null,null,null,null,null,null,null,null,null,null,null,null,null,null,null,null,null,null,null,null,null,null,null,null,null,null,null,null,null,null,null,null,null,null,null,null,null,null,null,null,null,null,null,null,null,null,null,null,null,null,null,null,null,null,null,null,null,null,null,null,null,null,null,null,null,null,null,null,null,null,null,null,null,null,null,null,null,null,null,null,null,null,null,null,null,null,null,null,null,null,null,null,null,null,null,null,null,null,null,null,null,null,null,null,null,null,null,null,null,null,null,null,null,null,null,null,null,null,null,null,null,null,"クリティカル(実施)",0,"日"]
[]
[]
[]
[]
[]
[null,"受注者・\n発注者","設計協議　（※手動入力、日付は初回打ち合せ～最終打ち合せ）",null,"計画",null,null,null,null,null,null,{"$f":"IF(J315=\"\",NETWORKDAYS(F315,H315,休日設定!$B$5:$B$342),NETWORKDAYS(F315,J315,休日設定!$B$5:$B$342))","v":0}]
[]
[]
[]
[]
[null,null,null,null,"実施",null,null,null,null,null,null,{"$f":"IF(J320=\"\",NETWORKDAYS(F320,H320,休日設定!$B$5:$B$342),NETWORKDAYS(F320,J320,休日設定!$B$5:$B$342))","v":0}]
[]
[]
[]
[]
[null,null,"合同現地踏査　（※手動入力、日付は準備～合同現地踏査完了）",null,"計画",null,null,null,null,null,null,{"$f":"IF(J325=\"\",NETWORKDAYS(F325,H325,休日設定!$B$5:$B$342),NETWORKDAYS(F325,J325,休日設定!$B$5:$B$342))","v":0}]
[]
[]
[]
[]
[null,null,null,null,"実施",null,null,null,null,null,null,{"$f":"IF(J330=\"\",NETWORKDAYS(F330,H330,休日設定!$B$5:$B$342),NETWORKDAYS(F330,J330,休日設定!$B$5:$B$342))","v":0}]
[]
[]
[]
[]
[null,null,"関係機関協議（受発注者合同）\n　　　　　　　　　（※手動入力、日付は初回協議～協議完了）",null,"計画",null,null,null,null,null,null,{"$f":"IF(J335=\"\",NETWORKDAYS(F335,H335,休日設定!$B$5:$B$342),NETWORKDAYS(F335,J335,休日設定!$B$5:$B$342))","v":0}]
[]
[]
[]
[]
[null,null,null,null,"実施",null,null,null,null,null,null,{"$f":"IF(J340=\"\",NETWORKDAYS(F340,H340,休日設定!$B$5:$B$342),NETWORKDAYS(F340,J340,休日設定!$B$5:$B$342))","v":0}]
[]
[]
[]
[]
[null,null,"工事連携会議（三者会議等）\n　　　　　　　　　（※手動入力、日付は準備～会議終了）",null,"計画",null,null,null,null,null,null,{"$f":"IF(J345=\"\",NETWORKDAYS(F345,H345,休日設定!$B$5:$B$342),NETWORKDAYS(F345,J345,休日設定!$B$5:$B$342))","v":0}]
[]
[]
[]
[]
[null,null,null,null,"実施",null,null,null,null,null,null,{"$f":"IF(J350=\"\",NETWORKDAYS(F350,H350,休日設定!$B$5:$B$342),NETWORKDAYS(F350,J350,休日設定!$B$5:$B$342))","v":0}]
[]
[]
[]
[]
[null,null,null,null,"計画",null,{"$f":"IF(F355=\"\",\"\",F355)","v":""},null,{"$f":"IF(H355=\"\",\"\",H355)","v":""},null,{"$f":"IF(J355=\"\",\"\",J355)","v":""},{"$f":"IF(J355=\"\",NETWORKDAYS(F355,H355,休日設定!$B$5:$B$342),NETWORKDAYS(F355,J355,休日設定!$B$5:$B$342))","v":0}]
[]
[]
[]
[]
[null,null,null,null,"実施",null,{"$f":"IF(F360=\"\",\"\",F360)","v":""},null,{"$f":"IF(H360=\"\",\"\",H360)","v":""},null,{"$f":"IF(J360=\"\",\"\",J360)","v":""},{"$f":"IF(J360=\"\",NETWORKDAYS(F360,H360,休日設定!$B$5:$B$342),NETWORKDAYS(F360,J360,休日設定!$B$5:$B$342))","v":0}]
[]
[]
[]
[]
[null,null,null,null,"計画",null,{"$f":"IF(F365=\"\",\"\",F365)","v":""},null,{"$f":"IF(H365=\"\",\"\",H365)","v":""},null,{"$f":"IF(J365=\"\",\"\",J365)","v":""},{"$f":"IF(J365=\"\",NETWORKDAYS(F365,H365,休日設定!$B$5:$B$342),NETWORKDAYS(F365,J365,休日設定!$B$5:$B$342))","v":0}]
[]
[]
[]
[]
[null,null,null,null,"実施",null,{"$f":"IF(F370=\"\",\"\",F370)","v":""},null,{"$f":"IF(H370=\"\",\"\",H370)","v":""},null,{"$f":"IF(J370=\"\",\"\",J370)","v":""},{"$f":"IF(J370=\"\",NETWORKDAYS(F370,H370,休日設定!$B$5:$B$342),NETWORKDAYS(F370,J370,休日設定!$B$5:$B$342))","v":0}]
[]
[]
[]
[]
[]
[null,"作業項目",null,null,null,null,null,null,null,null,null,null,null,null,null,null,null,null,null,null,null,null,null,null,null,null,null,null,null,null,null,null,null,null,null,null,null,null,null,null,null,null,null,null,null,null,null,null,null,null,null,null,null,null,null,null,null,null,null,null,null,null,null,null,null,null,null,null,null,null,null,null,null,null,null,null,null,null,null,{"$f":"#REF!+1","v":{"$error":"#REF!"}},null,"月",null,null,null,{"$f":"#REF!+1","v":{"$error":"#REF!"}},null,"月",null,null,null,{"$f":"#REF!+1","v":{"$error":"#REF!"}},null,"月",null,null,null,{"$f":"#REF!+1","v":{"$error":"#REF!"}},null,"月",null,null,null,{"$f":"#REF!+1","v":{"$error":"#REF!"}},null,"月",null,null,null,{"$f":"#REF!+1","v":{"$error":"#REF!"}},null,"月",null,null,null,{"$f":"#REF!+1","v":{"$error":"#REF!"}},null,"月",null,null,null,{"$f":"#REF!+1","v":{"$error":"#REF!"}},null,"月",null,null,null,{"$f":"#REF!+1","v":{"$error":"#REF!"}},null,"月",null,null,null,{"$f":"#REF!+1","v":{"$error":"#REF!"}},null,"月",null,null,null,{"$f":"#REF!+1","v":{"$error":"#REF!"}},null,"月",null,null,null,{"$f":"#REF!+1","v":{"$error":"#REF!"}},null,"月",null,null,null,{"$f":"#REF!+1","v":{"$error":"#REF!"}},null,"月",null,null,"備　　　考"]
[null,null,null,null,null,null,null,null,null,null,null,null,null,null,null,null,null,null,null,null,null,null,null,null,null,null,null,null,null,null,null,null,null,null,null,null,null,null,null,null,null,null,null,null,null,null,null,null,null,null,null,null,null,null,null,null,null,null,null,null,null,null,null,null,null,null,null,null,null,null,null,null,null,null,null,null,null,null,"上旬",null,"中旬",null,"下旬",null,"上旬",null,"中旬",null,"下旬",null,"上旬",null,"中旬",null,"下旬",null,"上旬",null,"中旬",null,"下旬",null,"上旬",null,"中旬",null,"下旬",null,"上旬",null,"中旬",null,"下旬",null,"上旬",null,"中旬",null,"下旬",null,"上旬",null,"中旬",null,"下旬",null,"上旬",null,"中旬",null,"下旬",null,"上旬",null,"中旬",null,"下旬",null,"上旬",null,"中旬",null,"下旬",null,"上旬",null,"中旬",null,"下旬",null,"上旬",null,"中旬",null,"下旬"]
[null,null,null,null,null,null,null,null,null,null,null,null,null,null,null,null,null,null,null,null,null,null,null,null,null,null,null,null,null,null,null,null,null,null,null,null,null,null,null,null,null,null,null,null,null,null,null,null,null,null,null,null,null,null,null,null,null,null,null,null,null,null,null,null,null,null,null,null,null,null,null,null,null,null,null,null,null,null,8,null,7,null,7,null,8,null,7,null,7,null,8,null,7,null,7,null,8,null,7,null,7,null,8,null,7,null,7,null,8,null,7,null,7,null,8,null,7,null,7,null,8,null,7,null,7,null,8,null,7,null,7,null,8,null,7,null,7,null,8,null,7,null,7,null,8,null,7,null,7,null,8,null,7,null,7]
[null,"発注者","基本条件の整理"]
[null,null,"既往成果等の貸与　（※手動入力、日付は設計着手～貸与完了）",null,"計画",{"$f":"$X$7","v":"00:00:00"},{"$f":"IF(F380=\"\",\"\",F380)","v":0},null,null,null,null,{"$f":"IF(J380=\"\",NETWORKDAYS(F380,H380,休日設定!$B$5:$B$342),NETWORKDAYS(F380,J380,休日設定!$B$5:$B$342))","v":0}]
[]
[]
[]
[]
[null,null,null,null,"実施",{"$f":"$X$7","v":"00:00:00"},{"$f":"IF(F385=\"\",\"\",F385)","v":0},null,null,null,null,{"$f":"IF(J385=\"\",NETWORKDAYS(F385,H385,休日設定!$B$5:$B$342),NETWORKDAYS(F385,J385,休日設定!$B$5:$B$342))","v":0}]
[]
[]
[]
[]
[null,null,"条件明示チェックシートの貸与\n　　　　　　　　　（※手動入力、日付は設計着手～貸与完了）",null,"計画",{"$f":"$X$7","v":"00:00:00"},{"$f":"IF(F390=\"\",\"\",F390)","v":0},null,null,null,null,{"$f":"IF(J390=\"\",NETWORKDAYS(F390,H390,休日設定!$B$5:$B$342),NETWORKDAYS(F390,J390,休日設定!$B$5:$B$342))","v":0}]
[]
[]
[]
[]
[null,null,null,null,"実施",{"$f":"$X$7","v":"00:00:00"},{"$f":"IF(F395=\"\",\"\",F395)","v":0},null,null,null,null,{"$f":"IF(J395=\"\",NETWORKDAYS(F395,H395,休日設定!$B$5:$B$342),NETWORKDAYS(F395,J395,休日設定!$B$5:$B$342))","v":0}]
[]
[]
[]
[]
[null,null,"測量成果の貸与　　（※手動入力、日付は設計着手～貸与完了）",null,"計画",{"$f":"$X$7","v":"00:00:00"},{"$f":"IF(F400=\"\",\"\",F400)","v":0},null,null,null,null,{"$f":"IF(J400=\"\",NETWORKDAYS(F400,H400,休日設定!$B$5:$B$342),NETWORKDAYS(F400,J400,休日設定!$B$5:$B$342))","v":0}]
[]
[]
[]
[]
[null,null,null,null,"実施",{"$f":"$X$7","v":"00:00:00"},{"$f":"IF(F405=\"\",\"\",F405)","v":0},null,null,null,null,{"$f":"IF(J405=\"\",NETWORKDAYS(F405,H405,休日設定!$B$5:$B$342),NETWORKDAYS(F405,J405,休日設定!$B$5:$B$342))","v":0}]
[]
[]
[]
[]
[null,null,"地質成果の貸与　　（※手動入力、日付は設計着手～貸与完了）",null,"計画",{"$f":"$X$7","v":"00:00:00"},{"$f":"IF(F410=\"\",\"\",F410)","v":0},null,null,null,null,{"$f":"IF(J410=\"\",NETWORKDAYS(F410,H410,休日設定!$B$5:$B$342),NETWORKDAYS(F410,J410,休日設定!$B$5:$B$342))","v":0}]
[]
[]
[]
[]
[null,null,null,null,"実施",{"$f":"$X$7","v":"00:00:00"},{"$f":"IF(F415=\"\",\"\",F415)","v":0},null,null,null,null,{"$f":"IF(J415=\"\",NETWORKDAYS(F415,H415,休日設定!$B$5:$B$342),NETWORKDAYS(F415,J415,休日設定!$B$5:$B$342))","v":0}]
[]
[]
[]
[]
[null,null,"現状の問題・課題整理"]
[null,null,"巡視点検結果の貸与　（※手動入力、日付は設計着手～貸与完了）",null,"計画",null,null,null,null,null,null,{"$f":"IF(J421=\"\",NETWORKDAYS(F421,H421,休日設定!$B$5:$B$342),NETWORKDAYS(F421,J421,休日設定!$B$5:$B$342))","v":0}]
[]
[]
[]
[]
[null,null,null,null,"実施",null,null,null,null,null,null,{"$f":"IF(J426=\"\",NETWORKDAYS(F426,H426,休日設定!$B$5:$B$342),NETWORKDAYS(F426,J426,休日設定!$B$5:$B$342))","v":0}]
[]
[]
[]
[]
[null,null,"関係機関協議（発注者単独）"]
[null,null,"協議の実施　（※手動入力、日付は協議開始～協議完了）",null,"計画",null,null,null,null,null,null,{"$f":"IF(J432=\"\",NETWORKDAYS(F432,H432,休日設定!$B$5:$B$342),NETWORKDAYS(F432,J432,休日設定!$B$5:$B$342))","v":0}]
[]
[]
[]
[]
[null,null,null,null,"実施",null,null,null,null,null,null,{"$f":"IF(J437=\"\",NETWORKDAYS(F437,H437,休日設定!$B$5:$B$342),NETWORKDAYS(F437,J437,休日設定!$B$5:$B$342))","v":0}]
[]
[]
[]
[]
[null,null,"協議結果の提示　（※手動入力、日付は設計着手～結果提示）",null,"計画",{"$f":"$X$7","v":"00:00:00"},{"$f":"IF(F442=\"\",\"\",F442)","v":0},null,null,null,null,{"$f":"IF(J442=\"\",NETWORKDAYS(F442,H442,休日設定!$B$5:$B$342),NETWORKDAYS(F442,J442,休日設定!$B$5:$B$342))","v":0}]
[]
[]
[]
[]
[null,null,null,null,"実施",{"$f":"$X$7","v":"00:00:00"},{"$f":"IF(F447=\"\",\"\",F447)","v":0},null,null,null,null,{"$f":"IF(J447=\"\",NETWORKDAYS(F447,H447,休日設定!$B$5:$B$342),NETWORKDAYS(F447,J447,休日設定!$B$5:$B$342))","v":0}]
[]
[]
[]
[]
[null,null,null,null,"計画",null,{"$f":"IF(F452=\"\",\"\",F452)","v":""},null,{"$f":"IF(H452=\"\",\"\",H452)","v":""},null,{"$f":"IF(J452=\"\",\"\",J452)","v":""},{"$f":"IF(J452=\"\",NETWORKDAYS(F452,H452,休日設定!$B$5:$B$342),NETWORKDAYS(F452,J452,休日設定!$B$5:$B$342))","v":0}]
[]
[]
[]
[]
[null,null,null,null,"実施",null,{"$f":"IF(F457=\"\",\"\",F457)","v":""},null,{"$f":"IF(H457=\"\",\"\",H457)","v":""},null,{"$f":"IF(J457=\"\",\"\",J457)","v":""},{"$f":"IF(J457=\"\",NETWORKDAYS(F457,H457,休日設定!$B$5:$B$342),NETWORKDAYS(F457,J457,休日設定!$B$5:$B$342))","v":0}]
[]
[]
[]
[]
[null,null,null,null,"計画",null,{"$f":"IF(F462=\"\",\"\",F462)","v":""},null,{"$f":"IF(H462=\"\",\"\",H462)","v":""},null,{"$f":"IF(J462=\"\",\"\",J462)","v":""},{"$f":"IF(J462=\"\",NETWORKDAYS(F462,H462,休日設定!$B$5:$B$342),NETWORKDAYS(F462,J462,休日設定!$B$5:$B$342))","v":0}]
[]
[]
[]
[]
[null,null,null,null,"実施",null,{"$f":"IF(F467=\"\",\"\",F467)","v":""},null,{"$f":"IF(H467=\"\",\"\",H467)","v":""},null,{"$f":"IF(J467=\"\",\"\",J467)","v":""},{"$f":"IF(J467=\"\",NETWORKDAYS(F467,H467,休日設定!$B$5:$B$342),NETWORKDAYS(F467,J467,休日設定!$B$5:$B$342))","v":0}]
[]
[]
[]
[]
[null,null,null,null,"計画",null,{"$f":"IF(F472=\"\",\"\",F472)","v":""},null,{"$f":"IF(H472=\"\",\"\",H472)","v":""},null,{"$f":"IF(J472=\"\",\"\",J472)","v":""},{"$f":"IF(J472=\"\",NETWORKDAYS(F472,H472,休日設定!$B$5:$B$342),NETWORKDAYS(F472,J472,休日設定!$B$5:$B$342))","v":0}]
[]
[]
[]
[]
[null,null,null,null,"実施",null,{"$f":"IF(F477=\"\",\"\",F477)","v":""},null,{"$f":"IF(H477=\"\",\"\",H477)","v":""},null,{"$f":"IF(J477=\"\",\"\",J477)","v":""},{"$f":"IF(J477=\"\",NETWORKDAYS(F477,H477,休日設定!$B$5:$B$342),NETWORKDAYS(F477,J477,休日設定!$B$5:$B$342))","v":0}]

{"sheet":"休日設定","index":1,"n_rows":342,"n_cols":4,"rows_kept":342,"cut":false,"hidden":true,"merged":[]}
[]
[null,"（土日以外の積算基準上の休日リスト、土日はExcel関数で考慮）"]
[null,"2017年～2029年（※毎年確認、祝日法改正等）"]
[null,"日付","曜日","名称"]
[null,"2017-01-01",{"$f":"B5","v":42736},"元日"]
[null,"2017-01-02",{"$f":"B6","v":42737},"振替休日"]
[null,"2017-01-09",42744,"成人の日"]
[null,"2017-02-11",42777,"建国記念の日"]
[null,"2017-03-20",42814,"春分の日"]
[null,"2017-04-29",42854,"昭和の日"]
[null,"2017-05-03",42858,"憲法記念日"]
[null,"2017-05-04",42859,"みどりの日"]
[null,"2017-05-05",42860,"こどもの日"]
[null,"2017-07-17",42933,"海の日"]
[null,"2017-08-11",42958,"山の日"]
[null,"2017-08-14",42961,"積算基準より"]
[null,"2017-08-15",42962,"積算基準より"]
[null,"2017-08-16",42963,"積算基準より"]
[null,"2017-09-18",42996,"敬老の日"]
[null,"2017-09-23",43001,"秋分の日"]
[null,"2017-10-09",43017,"体育の日"]
[null,"2017-11-03",43042,"文化の日"]
[null,"2017-11-23",43062,"勤労感謝の日"]
[null,"2017-12-23",43092,"天皇誕生日"]
[null,"2017-12-29",43098,"積算基準より"]
[null,"2017-12-30",43099,"積算基準より"]
[null,"2017-12-31",43100,"積算基準より"]
[null,"2018-01-01",43101,"元日"]
[null,"2018-01-02",43102,"積算基準より"]
[null,"2018-01-03",43103,"積算基準より"]
[null,"2018-01-08",43108,"成人の日"]
[null,"2018-02-11",43142,"建国記念の日"]
[null,"2018-02-12",43143,"振替休日"]
[null,"2018-03-21",43180,"春分の日"]
[null,"2018-04-29",43219,"昭和の日"]
[null,"2018-04-30",43220,"振替休日"]
[null,"2018-05-03",43223,"憲法記念日"]
[null,"2018-05-04",43224,"みどりの日"]
[null,"2018-05-05",43225,"こどもの日"]
[null,"2018-07-16",43297,"海の日"]
[null,"2018-08-11",43323,"山の日"]
[null,"2018-08-14",43326,"積算基準より"]
[null,"2018-08-15",43327,"積算基準より"]
[null,"2018-08-16",43328,"積算基準より"]
[null,"2018-09-17",43360,"敬老の日"]
[null,"2018-09-23",43366,"秋分の日"]
[null,"2018-09-24",43367,"振替休日"]
[null,"2018-10-08",43381,"体育の日"]
[null,"2018-11-03",43407,"文化の日"]
[null,"2018-11-23",43427,"勤労感謝の日"]
[null,"2018-12-23",43457,"天皇誕生日"]
[null,"2018-12-24",43458,"振替休日"]
[null,"2018-12-29",43463,"積算基準より"]
[null,"2018-12-30",43464,"積算基準より"]
[null,"2018-12-31",43465,"積算基準より"]
[null,"2019-01-01",43466,"元日"]
[null,"2019-01-02",43467,"積算基準より"]
[null,"2019-01-03",43468,"積算基準より"]
[null,"2019-01-14",43479,"成人の日"]
[null,"2019-02-11",43507,"建国記念の日"]
[null,"2019-03-21",43545,"春分の日"]
[null,"2019-04-29",43584,"昭和の日"]
[null,"2019-04-30",{"$f":"B63","v":43585},"国民の休日"]
[null,"2019-05-01",{"$f":"B64","v":43586},"天皇の即位の日"]
[null,"2019-05-02",43587,"国民の休日"]
[null,"2019-05-03",43588,"憲法記念日"]
[null,"2019-05-04",43589,"みどりの日"]
[null,"2019-05-05",43590,"こどもの日"]
[null,"2019-05-06",43591,"振替休日"]
[null,"2019-07-15",43661,"海の日"]
[null,"2019-08-11",43688,"山の日"]
[null,"2019-08-12",43689,"振替休日"]
[null,"2019-08-14",43691,"積算基準より"]
[null,"2019-08-15",43692,"積算基準より"]
[null,"2019-08-16",43693,"積算基準より"]
[null,"2019-09-16",43724,"敬老の日"]
[null,"2019-09-23",43731,"秋分の日"]
[null,"2019-10-14",43752,"体育の日"]
[null,"2019-10-22",{"$f":"B79","v":43760},"即位礼正殿の儀の行われる日"]
[null,"2019-11-03",43772,"文化の日"]
[null,"2019-11-04",43773,"振替休日"]
[null,"2019-11-23",43792,"勤労感謝の日"]
[null,"2019-12-29",43828,"積算基準より"]
[null,"2019-12-30",43829,"積算基準より"]
[null,"2019-12-31",43830,"積算基準より"]
[null,"2020-01-01",{"$f":"B86","v":43831},"元日"]
[null,"2020-01-02",43832,"積算基準より"]
[null,"2020-01-03",43833,"積算基準より"]
[null,"2020-01-13",43843,"成人の日"]
[null,"2020-02-11",43872,"建国記念の日"]
[null,"2020-02-23",43884,"天皇誕生日"]
[null,"2020-02-24",43885,"振替休日"]
[null,"2020-03-20",43910,"春分の日"]
[null,"2020-04-29",43950,"昭和の日"]
[null,"2020-05-03",43954,"憲法記念日"]
[null,"2020-05-04",43955,"みどりの日"]
[null,"2020-05-05",43956,"こどもの日"]
[null,"2020-05-06",43957,"振替休日"]
[null,"2020-07-23",44035,"海の日"]
[null,"2020-07-24",{"$f":"B100","v":44036},"スポーツの日"]
[null,"2020-08-10",44053,"山の日"]
[null,"2020-08-14",44057,"積算基準より"]
[null,"2020-08-15",44058,"積算基準より"]
[null,"2020-08-16",44059,"積算基準より"]
[null,"2020-09-21",44095,"敬老の日"]
[null,"2020-09-22",44096,"秋分の日"]
[null,"2020-11-03",44138,"文化の日"]
[null,"2020-11-23",44158,"感謝の日"]
[null,"2020-12-29",44194,"積算基準より"]
[null,"2020-12-30",44195,"積算基準より"]
[null,"2020-12-31",44196,"積算基準より"]
[null,"2021-01-01",44197,"元日"]
[null,"2021-01-02",44198,"積算基準より"]
[null,"2021-01-03",44199,"積算基準より"]
[null,"2021-01-11",44207,"成人の日"]
[null,"2021-02-11",44238,"建国記念の日"]
[null,"2021-02-23",44250,"天皇誕生日"]
[null,"2021-03-20",44275,"春分の日"]
[null,"2021-04-29",44315,"昭和の日"]
[null,"2021-05-03",44319,"憲法記念日"]
[null,"2021-05-04",44320,"みどりの日"]
[null,"2021-05-05",44321,"こどもの日"]
[null,"2021-07-19",44396,"海の日"]
[null,"2021-08-11",44419,"山の日"]
[null,"2021-08-14",{"$f":"B125","v":44422},"積算基準より"]
[null,"2021-08-15",44423,"積算基準より"]
[null,"2021-08-16",44424,"積算基準より"]
[null,"2021-09-20",44459,"敬老の日"]
[null,"2021-09-23",44462,"秋分の日"]
[null,"2021-10-11",44480,"スポーツの日"]
[null,"2021-11-03",44503,"文化の日"]
[null,"2021-11-23",44523,"感謝の日"]
[null,"2021-12-29",{"$f":"B133","v":44559},"積算基準より"]
[null,"2021-12-30",44560,"積算基準より"]
[null,"2021-12-31",44561,"積算基準より"]
[null,"2022-01-01",44562,"元日"]
[null,"2022-01-02",44563,"積算基準より"]
[null,"2022-01-03",44564,"積算基準より"]
[null,"2022-01-10",44571,"成人の日"]
[null,"2022-02-11",44603,"建国記念の日"]
[null,"2022-02-23",44615,"天皇誕生日"]
[null,"2022-03-21",{"$f":"B142","v":44641},"春分の日"]
[null,"2022-04-29",{"$f":"B143","v":44680},"昭和の日"]
[null,"2022-05-03",44684,"憲法記念日"]
[null,"2022-05-04",44685,"みどりの日"]
[null,"2022-05-05",44686,"こどもの日"]
[null,"2022-07-18",44760,"海の日"]
[null,"2022-08-11",44784,"山の日"]
[null,"2022-08-14",44787,"積算基準より"]
[null,"2022-08-15",44788,"積算基準より"]
[null,"2022-08-16",44789,"積算基準より"]
[null,"2022-09-19",44823,"敬老の日"]
[null,"2022-09-23",44827,"秋分の日"]
[null,"2022-10-10",44844,"スポーツの日"]
[null,"2022-11-03",44868,"文化の日"]
[null,"2022-11-23",44888,"感謝の日"]
[null,"2022-12-29",44924,"積算基準より"]
[null,"2022-12-30",44925,"積算基準より"]
[null,"2022-12-31",44926,"積算基準より"]
[null,"2023-01-01",44927,"元日"]
[null,"2023-01-02",44928,"積算基準より"]
[null,"2023-01-03",44929,"積算基準より"]
[null,"2023-01-02",44928,"振替休日"]
[null,"2023-01-09",44935,"成人の日"]
[null,"2023-02-11",44968,"建国記念の日"]
[null,"2023-02-23",44980,"天皇誕生日"]
[null,"2023-03-21",45006,"春分の日"]
[null,"2023-04-29",45045,"昭和の日"]
[null,"2023-05-03",45049,"憲法記念日"]
[null,"2023-05-04",45050,"みどりの日"]
[null,"2023-05-05",45051,"こどもの日"]
[null,"2023-07-17",45124,"海の日"]
[null,"2023-08-11",45149,"山の日"]
[null,"2023-08-14",{"$f":"B174","v":45152},"積算基準より"]
[null,"2023-08-15",45153,"積算基準より"]
[null,"2023-08-16",45154,"積算基準より"]
[null,"2023-09-18",{"$f":"B177","v":45187},"敬老の日"]
[null,"2023-09-23",{"$f":"B178","v":45192},"秋分の日"]
[null,"2023-10-09",45208,"スポーツの日"]
[null,"2023-11-03",45233,"文化の日"]
[null,"2023-11-23",45253,"勤労感謝の日"]
[null,"2023-12-29",{"$f":"B182","v":45289},"積算基準より"]
[null,"2023-12-30",45290,"積算基準より"]
[null,"2023-12-31",45291,"積算基準より"]
[null,"2024-01-01",45292,"元日"]
[null,"2024-01-02",45293,"積算基準より"]
[null,"2024-01-03",45294,"積算基準より"]
[null,"2024-01-08",45299,"成人の日"]
[null,"2024-02-11",45333,"建国記念の日"]
[null,"2024-02-12",45334,"振替休日"]
[null,"2024-02-23",45345,"天皇誕生日"]
[null,"2024-03-20",45371,"春分の日"]
[null,"2024-04-29",{"$f":"B193","v":45411},"昭和の日"]
[null,"2024-05-03",45415,"憲法記念日"]
[null,"2024-05-04",45416,"みどりの日"]
[null,"2024-05-05",45417,"こどもの日"]
[null,"2024-05-06",45418,"振替休日"]
[null,"2024-07-15",45488,"海の日"]
[null,"2024-08-11",45515,"山の日"]
[null,"2024-08-12",45516,"振替休日"]
[null,"2024-08-14",45518,"積算基準より"]
[null,"2024-08-15",45519,"積算基準より"]
[null,"2024-08-16",45520,"積算基準より"]
[null,"2024-09-16",45551,"敬老の日"]
[null,"2024-09-22",45557,"秋分の日"]
[null,"2024-09-23",45558,"振替休日"]
[null,"2024-10-14",45579,"スポーツの日"]
[null,"2024-11-03",45599,"文化の日"]
[null,"2024-11-04",{"$f":"B209","v":45600},"振替休日"]
[null,"2024-11-23",{"$f":"B210","v":45619},"勤労感謝の日"]
[null,"2024-12-29",{"$f":"B211","v":45655},"積算基準より"]
[null,"2024-12-30",45656,"積算基準より"]
[null,"2024-12-31",45657,"積算基準より"]
[null,"2025-01-01",45658,"元日"]
[null,"2025-01-02",45659,"積算基準より"]
[null,"2025-01-03",45660,"積算基準より"]
[null,"2025-01-13",{"$f":"B217","v":45670},"成人の日"]
[null,"2025-02-11",45699,"建国記念の日"]
[null,"2025-02-23",45711,"天皇誕生日"]
[null,"2025-02-24",45712,"振替休日"]
[null,"2025-03-20",45736,"春分の日"]
[null,"2025-04-29",45776,"昭和の日"]
[null,"2025-05-03",45780,"憲法記念日"]
[null,"2025-05-04",45781,"みどりの日"]
[null,"2025-05-05",45782,"こどもの日"]
[null,"2025-05-06",45783,"振替休日"]
[null,"2025-07-21",45859,"海の日"]
[null,"2025-08-11",45880,"山の日"]
[null,"2025-08-14",45883,"積算基準より"]
[null,"2025-08-15",45884,"積算基準より"]
[null,"2025-08-16",45885,"積算基準より"]
[null,"2025-09-15",45915,"敬老の日"]
[null,"2025-09-23",45923,"秋分の日"]
[null,"2025-10-13",45943,"スポーツの日"]
[null,"2025-11-03",45964,"文化の日"]
[null,"2025-11-23",45984,"勤労感謝の日"]
[null,"2025-11-24",45985,"振替休日"]
[null,"2025-12-29",46020,"積算基準より"]
[null,"2025-12-30",46021,"積算基準より"]
[null,"2025-12-31",46022,"積算基準より"]
[null,"2026-01-01",46023,"元日"]
[null,"2026-01-02",46024,"積算基準より"]
[null,"2026-01-03",46025,"積算基準より"]
[null,"2026-01-12",46034,"成人の日"]
[null,"2026-02-11",{"$f":"B245","v":46064},"建国記念の日"]
[null,"2026-02-23",{"$f":"B246","v":46076},"天皇誕生日"]
[null,"2026-03-20",{"$f":"B247","v":46101},"春分の日"]
[null,"2026-04-29",46141,"昭和の日"]
[null,"2026-05-03",46145,"憲法記念日"]
[null,"2026-05-04",46146,"みどりの日"]
[null,"2026-05-05",46147,"こどもの日"]
[null,"2026-05-06",46148,"振替休日"]
[null,"2026-07-20",46223,"海の日"]
[null,"2026-08-11",46245,"山の日"]
[null,"2026-08-14",46248,"積算基準より"]
[null,"2026-08-15",46249,"積算基準より"]
[null,"2026-08-16",46250,"積算基準より"]
[null,"2026-09-21",46286,"敬老の日"]
[null,"2026-09-22",46287,"国民の休日"]
[null,"2026-09-23",46288,"秋分の日"]
[null,"2026-10-12",46307,"スポーツの日"]
[null,"2026-11-03",46329,"文化の日"]
[null,"2026-11-23",46349,"勤労感謝の日"]
[null,"2026-12-29",46385,"積算基準より"]
[null,"2026-12-30",46386,"積算基準より"]
[null,"2026-12-31",46387,"積算基準より"]
[null,"2027-01-01",46388,"元日"]
[null,"2027-01-02",46389,"積算基準より"]
[null,"2027-01-03",46390,"積算基準より"]
[null,"2027-01-11",46398,"成人の日"]
[null,"2027-02-11",46429,"建国記念の日"]
[null,"2027-02-23",46441,"天皇誕生日"]
[null,"2027-03-21",46467,"春分の日"]
[null,"2027-03-22",46468,"振替休日"]
[null,"2027-04-29",46506,"昭和の日"]
[null,"2027-05-03",{"$f":"B276","v":46510},"憲法記念日"]
[null,"2027-05-04",{"$f":"B277","v":46511},"みどりの日"]
[null,"2027-05-05",{"$f":"B278","v":46512},"こどもの日"]
[null,"2027-07-19",46587,"海の日"]
[null,"2027-08-11",46610,"山の日"]
[null,"2027-08-14",46613,"積算基準より"]
[null,"2027-08-15",46614,"積算基準より"]
[null,"2027-08-16",46615,"積算基準より"]
[null,"2027-09-20",46650,"敬老の日"]
[null,"2027-09-23",46653,"秋分の日"]
[null,"2027-10-11",46671,"スポーツの日"]
[null,"2027-11-03",46694,"文化の日"]
[null,"2027-11-23",46714,"勤労感謝の日"]
[null,"2027-12-29",46750,"積算基準より"]
[null,"2027-12-30",46751,"積算基準より"]
[null,"2027-12-31",46752,"積算基準より"]
[null,"2028-01-01",46753,"元日"]
[null,"2028-01-02",46754,"積算基準より"]
[null,"2028-01-03",46755,"積算基準より"]
[null,"2028-01-10",46762,"成人の日"]
[null,"2028-02-11",46794,"建国記念の日"]
[null,"2028-02-23",46806,"天皇誕生日"]
[null,"2028-03-20",46832,"春分の日"]
[null,"2028-04-29",46872,"昭和の日"]
[null,"2028-05-03",46876,"憲法記念日"]
[null,"2028-05-04",46877,"みどりの日"]
[null,"2028-05-05",46878,"こどもの日"]
[null,"2028-07-17",46951,"海の日"]
[null,"2028-08-11",46976,"山の日"]
[null,"2028-08-14",{"$f":"B305","v":46979},"積算基準より"]
[null,"2028-08-15",46980,"積算基準より"]
[null,"2028-08-16",46981,"積算基準より"]
[null,"2028-09-18",47014,"敬老の日"]
[null,"2028-09-22",47018,"秋分の日"]
[null,"2028-10-09",{"$f":"B310","v":47035},"スポーツの日"]
[null,"2028-11-03",{"$f":"B311","v":47060},"文化の日"]
[null,"2028-11-23",{"$f":"B312","v":47080},"勤労感謝の日"]
[null,"2028-12-29",47116,"積算基準より"]
[null,"2028-12-30",47117,"積算基準より"]
[null,"2028-12-31",47118,"積算基準より"]
[null,"2029-01-01",47119,"元日"]
[null,"2029-01-02",47120,"積算基準より"]
[null,"2029-01-03",47121,"積算基準より"]
[null,"2029-01-08",47126,"成人の日"]
[null,"2029-02-11",47160,"建国記念の日"]
[null,"2029-02-12",47161,"振替休日"]
[null,"2029-02-23",47172,"天皇誕生日"]
[null,"2029-03-20",47197,"春分の日"]
[null,"2029-04-29",47237,"昭和の日"]
[null,"2029-04-30",47238,"振替休日"]
[null,"2029-05-03",47241,"憲法記念日"]
[null,"2029-05-04",47242,"みどりの日"]
[null,"2029-05-05",47243,"こどもの日"]
[null,"2029-07-16",47315,"海の日"]
[null,"2029-08-11",47341,"山の日"]
[null,"2029-08-14",47344,"積算基準より"]
[null,"2029-08-15",47345,"積算基準より"]
[null,"2029-08-16",47346,"積算基準より"]
[null,"2029-09-17",47378,"敬老の日"]
[null,"2029-09-23",47384,"秋分の日"]
[null,"2029-09-24",47385,"振替休日"]
[null,"2029-10-08",47399,"スポーツの日"]
[null,"2029-11-03",47425,"文化の日"]
[null,"2029-11-23",47445,"感謝の日"]
[null,"2029-12-29",{"$f":"B340","v":47481},"積算基準より"]
[null,"2029-12-30",47482,"積算基準より"]
[null,"2029-12-31",47483,"積算基準より"]

{"sheet":"業務遂行管理リスト","index":2,"n_rows":46,"n_cols":81,"rows_kept":46,"cut":false,"hidden":false,"merged":[[44,26,44,33],[44,34,44,36],[44,1,44,2],[44,4,44,5],[44,6,44,7],[44,8,44,12],[44,13,44,14],[44,15,44,25],[42,26,42,33],[42,34,42,36],[43,1,43,2],[43,4,43,5],[43,6,43,7],[43,8,43,12],[43,13,43,14],[43,15,43,25],[43,26,43,33],[43,34,43,36],[42,1,42,2],[42,4,42,5],[42,6,42,7],[42,8,42,12],[42,13,42,14],[42,15,42,25],[41,39,41,47],[41,48,41,49],[41,50,41,51],[40,1,40,2],[40,4,40,5],[40,6,40,7],[40,8,40,12],[40,13,40,14],[40,15,40,25],[38,34,38,36],[38,39,38,47],[38,48,38,49],[38,50,38,51],[38,15,38,25],[40,26,40,33],[40,34,40,36],[40,39,40,47],[40,48,40,49],[40,50,40,51],[37,39,37,47],[37,48,37,49],[37,50,37,51],[35,34,35,36],[35,39,35,47],[35,48,35,49],[35,50,35,51],[39,1,39,2],[39,4,39,5],[39,6,39,7],[39,8,39,12],[39,13,39,14],[38,1,38,2],[38,4,38,5],[38,6,38,7],[38,8,38,12],[38,13,38,14],[39,15,39,25],[39,26,39,33],[39,34,39,36],[39,39,39,47],[39,48,39,49],[39,50,39,51],[38,26,38,33],[36,1,36,2],[36,4,36,5],[36,6,36,7],[36,8,36,12],[36,13,36,14],[36,15,36,25],[34,39,34,47],[34,48,34,49],[34,50,34,51],[35,1,35,2],[35,4,35,5],[35,6,35,7],[35,8,35,12],[35,13,35,14],[35,15,35,25],[35,26,35,33],[36,26,36,33],[36,34,36,36],[36,39,36,47],[36,48,36,49],[36,50,36,51],[33,48,33,51],[34,1,34,2],[34,4,34,5],[34,6,34,7],[34,8,34,12],[34,13,34,14],[34,15,34,25],[34,26,34,33],[34,34,34,36],[33,1,33,2],[33,4,33,5],[33,6,33,7],[33,8,33,12],[33,13,33,14],[33,15,33,25],[33,26,33,33],[33,34,33,36],[33,39,33,47],[32,1,32,2],[32,4,32,5],[32,6,32,7],[32,8,32,12],[32,13,32,14],[32,15,32,25],[32,26,32,33],[32,34,32,36],[30,1,30,2],[30,4,30,5],[30,6,30,7],[30,8,30,12],[30,13,30,14],[30,15,30,25],[30,26,30,33],[30,34,30,36],[28,1,28,2],[28,4,28,5],[28,6,28,7],[28,8,28,12],[28,13,28,14],[28,15,28,25],[28,26,28,33],[28,34,28,36],[30,52,30,75],[30,44,30,51],[29,1,29,2],[29,4,29,5],[29,6,29,7],[29,8,29,12],[29,13,29,14],[29,15,29,25],[29,26,29,33],[29,34,29,36],[25,6,25,7],[25,8,25,12],[25,13,25,14],[25,15,25,25],[27,26,27,33],[27,34,27,36],[27,1,27,2],[27,4,27,5],[27,6,27,7],[27,8,27,12],[27,13,27,14],[27,15,27,25],[25,26,25,33],[25,34,25,36],[27,78,27,83],[27,38,30,40],[27,41,30,43],[27,44,27,51],[27,52,27,75],[28,44,28,51],[28,52,28,75],[29,44,29,51],[29,52,29,75],[28,76,28,77],[28,78,28,83],[29,78,29,83],[30,76,30,77],[30,78,30,83],[29,76,29,77],[27,76,27,77],[24,26,24,33],[24,34,24,36],[24,44,24,51],[24,52,24,75],[24,76,24,77],[24,78,24,83],[24,1,24,2],[24,4,24,5],[24,6,24,7],[24,8,24,12],[24,13,24,14],[24,15,24,25],[23,38,25,40],[23,41,25,43],[23,44,23,51],[23,52,23,75],[23,76,23,77],[23,78,23,83],[25,44,25,51],[25,52,25,75],[25,76,25,77],[25,78,25,83],[25,1,25,2],[25,4,25,5],[22,26,22,33],[22,34,22,36],[23,1,23,2],[23,4,23,5],[23,6,23,7],[23,8,23,12],[23,13,23,14],[23,15,23,25],[23,26,23,33],[23,34,23,36],[22,1,22,2],[22,4,22,5],[22,6,22,7],[22,8,22,12],[22,13,22,14],[22,15,22,25],[20,76,20,77],[20,78,20,83],[20,1,20,2],[20,4,20,5],[20,6,20,7],[20,8,20,12],[20,13,20,14],[20,15,20,25],[21,26,21,33],[21,34,21,36],[21,44,21,51],[21,52,21,75],[21,76,21,77],[21,78,21,83],[21,1,21,2],[21,4,21,5],[21,6,21,7],[21,8,21,12],[21,13,21,14],[21,15,21,25],[18,44,18,51],[18,52,18,75],[18,76,18,77],[18,78,18,83],[18,1,18,2],[18,4,18,5],[18,6,18,7],[18,8,18,12],[18,13,18,14],[18,15,18,25],[17,38,21,40],[17,41,21,43],[17,44,17,51],[17,52,17,75],[17,76,17,77],[17,78,17,83],[19,44,19,51],[19,52,19,75],[19,76,19,77],[19,78,19,83],[20,26,20,33],[20,34,20,36],[20,44,20,51],[20,52,20,75],[17,1,17,2],[17,4,17,5],[17,6,17,7],[17,8,17,12],[17,13,17,14],[17,15,17,25],[17,26,17,33],[17,34,17,36],[18,26,18,33],[18,34,18,36],[15,76,15,77],[15,78,15,83],[16,1,16,2],[16,4,16,5],[16,6,16,7],[16,8,16,12],[16,13,16,14],[16,15,16,25],[16,26,16,33],[16,34,16,36],[14,6,14,7],[14,8,14,12],[14,13,14,14],[14,15,14,25],[13,26,13,33],[13,34,13,36],[13,44,14,51],[15,52,15,75],[13,52,14,75],[13,76,13,77],[13,78,13,83],[14,26,14,33],[14,34,14,36],[14,76,14,77],[14,78,14,83],[13,1,13,2],[13,4,13,5],[13,6,13,7],[13,8,13,12],[13,13,13,14],[13,15,13,25],[11,38,15,40],[11,41,15,43],[11,44,12,51],[11,52,11,75],[11,76,11,77],[11,78,11,83],[12,52,12,75],[12,76,12,77],[12,78,12,83],[15,44,15,51],[14,1,14,2],[14,4,14,5],[10,26,10,33],[10,34,10,36],[11,1,11,2],[11,4,11,5],[11,6,11,7],[11,8,11,12],[11,13,11,14],[11,15,11,25],[11,26,11,33],[11,34,11,36],[10,1,10,2],[10,4,10,5],[10,6,10,7],[10,8,10,12],[10,13,10,14],[10,15,10,25],[9,26,9,33],[9,34,9,36],[9,44,9,51],[9,52,9,75],[9,76,9,77],[9,78,9,83],[9,1,9,2],[9,4,9,5],[9,6,9,7],[9,8,9,12],[9,13,9,14],[9,15,9,25],[8,1,8,2],[8,4,8,5],[8,6,8,7],[8,8,8,12],[8,13,8,14],[8,15,8,25],[7,26,7,33],[7,34,7,36],[7,44,7,51],[7,52,7,75],[7,76,7,77],[7,78,7,83],[7,1,7,2],[7,4,7,5],[7,6,7,7],[7,8,7,12],[7,13,7,14],[7,15,7,25],[6,44,6,51],[6,52,6,75],[6,76,6,77],[6,78,6,83],[6,1,6,2],[6,4,6,5],[6,6,6,7],[6,8,6,12],[6,13,6,14],[6,15,6,25],[5,26,5,33],[5,34,5,36],[5,44,5,51],[5,52,5,75],[5,76,5,77],[5,78,5,83],[5,1,5,2],[5,4,5,5],[5,6,5,7],[5,8,5,12],[5,13,5,14],[5,15,5,25],[4,38,9,40],[4,41,9,43],[4,44,4,51],[4,52,4,75],[4,76,4,77],[4,78,4,83],[8,44,8,51],[8,52,8,75],[8,76,8,77],[8,78,8,83],[6,26,6,33],[6,34,6,36],[2,76,2,77],[2,78,2,83],[3,4,3,5],[3,6,3,7],[3,26,3,33],[3,34,3,36],[2,1,3,2],[2,3,3,3],[2,4,2,7],[2,8,3,12],[2,13,3,25],[2,26,2,36],[2,38,2,40],[2,41,2,51],[2,52,2,75]]}
[null,"【業務遂行管理リスト】※業務遂行に必要な標準的な作業事項について記載（適宜、修正更新）",null,null,null,null,null,null,null,null,null,null,null,null,null,null,null,null,null,null,null,null,null,null,null,null,null,null,null,null,null,null,null,null,null,null,null,null,"【設計条件確定までの実施事項】※条件確定までの標準的な確認内容について記載（適宜修正可）"]
[]
[null,"日付",null,"作業事項（タスク）","作業者",null,null,null,"期限",null,null,null,null,"状況",null,null,null,null,null,null,null,null,null,null,null,null,"今後の検討事項･課題･目標",null,null,null,null,null,null,null,null,null,null,null,"時期",null,null,"条件確認対象事項",null,null,null,null,null,null,null,null,null,null,"細部項目",null,null,null,null,null,null,null,null,null,null,null,null,null,null,null,null,null,null,null,null,null,null,null,"状況",null,"備考"]
[null,null,null,null,"発注者",null,"受注者",null,null,null,null,null,null,null,null,null,null,null,null,null,null,null,null,null,null,null,"内　　容",null,null,null,null,null,null,null,"予定",null,null,null,"【業務計画書作成】業務計画を実施する上での条件明示"]
[null,"契約書類関係等",null,null,null,null,null,null,null,null,null,null,null,null,null,null,null,null,null,null,null,null,null,null,null,null,null,null,null,null,null,null,null,null,null,null,null,null,"着手時確認・確定事項\n（設計着手から７日程度）\n",null,null,"基本的な設計に用いる条件確定",null,null,"基本条件",null,null,null,null,null,null,null,"暫定計画、交通量、道路規格、線形条件確定"]
[null,null,null,"テクリス登録",null,null,null,null,null,null,null,null,null,null,null,null,null,null,null,null,null,null,null,null,null,null,null,null,null,null,null,null,null,null,null,null,null,null,null,null,null,null,null,null,"設計範囲",null,null,null,null,null,null,null,"業務内容、作業範囲"]
[null,null,null,"業務計画書提出",null,null,null,null,null,null,null,null,null,null,null,null,null,null,null,null,null,null,null,null,null,null,null,null,null,null,null,null,null,null,null,null,null,null,null,null,null,null,null,null,"地質調査等",null,null,null,null,null,null,null,"追加調査実施の有無、実施の場合の報告書貸与時期（工程計画に反映）"]
[null,null,null,"業務スケジュール管理表提出",null,null,null,null,null,null,null,null,null,null,null,null,null,null,null,null,null,null,null,null,null,null,null,null,null,null,null,null,null,null,null,null,null,null,null,null,null,null,null,null,"用地境界や測量の確定時期",null,null,null,null,null,null,null,"用地境界の未確定箇所の有無と確定時期、未完の測量の有無と完了時期（工程計画に反映）"]
[null,null,null,"条件明示チェックシート貸与",null,null,null,null,null,null,null,null,null,null,null,null,null,null,null,null,null,null,null,null,null,null,null,null,null,null,null,null,null,null,null,null,null,null,null,null,null,null,null,null,"地域条件",null,null,null,null,null,null,null,"路線統一の有無、類似業務の有無"]
[null,null,null,"照査計画書提出",null,null,null,null,null,null,null,null,null,null,null,null,null,null,null,null,null,null,null,null,null,null,null,null,null,null,null,null,null,null,null,null,null,null,null,null,null,null,null,null,"協議状況",null,null,null,null,null,null,null,"協議先、これまでの協議資料貸与、補償問題の有無とこれまでの協議状況"]
[null,null,null,"再委託承諾申請書提出",null,null,null,null,null,null,null,null,null,null,null,null,null,null,null,null,null,null,null,null,null,null,null,null,null,null,null,null,null,null,null,null,null,null,"【設計条件の整理、条件決定】貸与資料・条件明示資料"]
[null,null,null,"身分証明書の発行",null,null,null,null,null,null,null,null,null,null,null,null,null,null,null,null,null,null,null,null,null,null,null,null,null,null,null,null,null,null,null,null,null,null,"設計条件整理のための事項（設計着手から12日程度）",null,null,"既往成果の確認による設計方針の確定",null,null,"地質調査・水文条件",null,null,null,null,null,null,null,"土質・地質調査資料の資料貸与"]
[null,"合同現地踏査",null,null,null,null,null,null,null,null,null,null,null,null,null,null,null,null,null,null,null,null,null,null,null,null,null,null,null,null,null,null,null,null,null,null,null,null,null,null,null,null,null,null,null,null,null,null,null,null,null,null,"水文関連報告書があれば資料貸与"]
[null,null,null,"実施日程調整",null,null,null,null,null,null,null,null,null,null,null,null,null,null,null,null,null,null,null,null,null,null,null,null,null,null,null,null,null,null,null,null,null,null,null,null,null,null,null,null,"用地条件",null,null,null,null,null,null,null,"測量図貸与、未買収地有無と有の場合に取得状況を示す資料の貸与、未買収の買収時期と施工時期の関係明示"]
[null,null,null,"実施報告書提出"]
[null,"貸与資料等",null,null,null,null,null,null,null,null,null,null,null,null,null,null,null,null,null,null,null,null,null,null,null,null,null,null,null,null,null,null,null,null,null,null,null,null,null,null,null,null,null,null,"予備設計内容",null,null,null,null,null,null,null,"予備設計成果品　貸与"]
[null,null,null,"既往報告書貸与",null,null,null,null,null,null,null,null,null,null,null,null,null,null,null,null,null,null,null,null,null,null,null,null,null,null,null,null,null,null,null,null,null,null,"【合同現地踏査の準備】合同現地踏査に向けた確認事項：コンサル作成資料による確認・決定"]
[null,null,null,"測量成果貸与",null,null,null,null,null,null,null,null,null,null,null,null,null,null,null,null,null,null,null,null,null,null,null,null,null,null,null,null,null,null,null,null,null,null,"第2回打合せ\n合同現地踏査準備\n（設計着手から30日程度）",null,null,"条件整理結果の確認",null,null,"設計条件確認",null,null,null,null,null,null,null,"設計条件表による確認・決定"]
[null,null,null,"地質調査成果貸与",null,null,null,null,null,null,null,null,null,null,null,null,null,null,null,null,null,null,null,null,null,null,null,null,null,null,null,null,null,null,null,null,null,null,null,null,null,null,null,null,"業務課題",null,null,null,null,null,null,null,"設計上の課題の確認、対応の協議、追加測試の有無の確認と決定（判断出来次第報告・協議）"]
[null,"設計変更関係等",null,null,null,null,null,null,null,null,null,null,null,null,null,null,null,null,null,null,null,null,null,null,null,null,null,null,null,null,null,null,null,null,null,null,null,null,null,null,null,null,null,null,"地質地盤条件",null,null,null,null,null,null,null,"地質地盤条件整理結果の報告と確認"]
[null,null,null,"設計変更協議",null,null,null,null,null,null,null,null,null,null,null,null,null,null,null,null,null,null,null,null,null,null,null,null,null,null,null,null,null,null,null,null,null,null,null,null,null,null,null,null,"制約条件",null,null,null,null,null,null,null,"未買収用地、環境配慮施設などの報告と確認"]
[null,null,null,"設計変更上申書提出",null,null,null,null,null,null,null,null,null,null,null,null,null,null,null,null,null,null,null,null,null,null,null,null,null,null,null,null,null,null,null,null,null,null,null,null,null,null,null,null,"施工計画",null,null,null,null,null,null,null,"制約条件(施工ヤード、環境配慮施設、交差協議に制約など)"]
[null,null,null,"指示書提示",null,null,null,null,null,null,null,null,null,null,null,null,null,null,null,null,null,null,null,null,null,null,null,null,null,null,null,null,null,null,null,null,null,null,"【合同現地踏査】合同現地踏査による現地確認事項：コンサル作成現地チェックリストによる確認・決定"]
[null,null,null,"契約変更（第1回）",null,null,null,null,null,null,null,null,null,null,null,null,null,null,null,null,null,null,null,null,null,null,null,null,null,null,null,null,null,null,null,null,null,null,"合同現地踏査（設計着手から35日程度）",null,null,"現地での条件確認",null,null,"協議箇所確認",null,null,null,null,null,null,null,"協議対象物の新たな課題の有無確認"]
[null,null,null,"業務計画書（第1回変更）提出",null,null,null,null,null,null,null,null,null,null,null,null,null,null,null,null,null,null,null,null,null,null,null,null,null,null,null,null,null,null,null,null,null,null,null,null,null,null,null,null,"交差、周辺環境確認",null,null,null,null,null,null,null,"交差条件確認、環境配慮施設の確認、追加環境配慮の確認"]
[null,null,null,"テクリス変更登録",null,null,null,null,null,null,null,null,null,null,null,null,null,null,null,null,null,null,null,null,null,null,null,null,null,null,null,null,null,null,null,null,null,null,null,null,null,null,null,null,"設計範囲",null,null,null,null,null,null,null,"隣接工区との設計境界を現地で確認"]
[null,"照査の実施",null,null,null,null,null,null,null,null,null,null,null,null,null,null,null,null,null,null,null,null,null,null,null,null,null,null,null,null,null,null,null,null,null,null,null,null,"【条件最終確認】照査結果による条件最終確認事項：コンサル照査報告、コンサル作成条件確認・決定"]
[null,null,null,"第1回照査報告",null,null,null,null,null,null,null,null,null,null,null,null,null,null,null,null,null,null,null,null,null,null,null,null,null,null,null,null,null,null,null,null,null,null,"設計着手から70日程度",null,null,"最終条件確定",null,null,"照査結果報告",null,null,null,null,null,null,null,"照査確認し整理された条件確認・決定"]
[null,null,null,"第2回照査報告",null,null,null,null,null,null,null,null,null,null,null,null,null,null,null,null,null,null,null,null,null,null,null,null,null,null,null,null,null,null,null,null,null,null,null,null,null,null,null,null,"予備設計内容変更及び確定",null,null,null,null,null,null,null,"延長、支間割、形式など確認・決定"]
[null,null,null,"第3回照査報告",null,null,null,null,null,null,null,null,null,null,null,null,null,null,null,null,null,null,null,null,null,null,null,null,null,null,null,null,null,null,null,null,null,null,null,null,null,null,null,null,"施工計画基本事項",null,null,null,null,null,null,null,"ヤード条件、施工方法、架設工法などの確認・決定"]
[null,null,null,"第4回照査報告",null,null,null,null,null,null,null,null,null,null,null,null,null,null,null,null,null,null,null,null,null,null,null,null,null,null,null,null,null,null,null,null,null,null,null,null,null,null,null,null,"協議確定事項",null,null,null,null,null,null,null,"設計開始に必要な、協議より決定された設計条件の確認、決定　"]
[null,"主要な協議事項"]
[null,null,null,"第1回打合せ（〇○について）",null,null,null,null,null,null,null,null,null,null,null,null,null,null,null,null,null,null,null,null,null,null,null,null,null,null,null,null,null,null,null,null,null,null,null,"【履行期間チェックポイント】"]
[null,null,null,"第2回打合せ（〇○について）",null,null,null,null,null,null,null,null,null,null,null,null,null,null,null,null,null,null,null,null,null,null,null,null,null,null,null,null,null,null,null,null,null,null,null,"項目",null,null,null,null,null,null,null,null,"残り日数",null,null,null,"（休日を除く）"]
[null,null,null,"第3回打合せ（〇○について）",null,null,null,null,null,null,null,null,null,null,null,null,null,null,null,null,null,null,null,null,null,null,null,null,null,null,null,null,null,null,null,null,null,null,null,"➀条件確定時期（計画）",null,null,null,null,null,null,null,null,{"$f":"NETWORKDAYS('業務スケジュール管理表（ver.2.0.0）'!X1,'業務スケジュール管理表（ver.2.0.0）'!H104,休日設定!$B$5:$B$342)","v":-31314},null,"日"]
[null,null,null,"第4回打合せ（〇○について）",null,null,null,null,null,null,null,null,null,null,null,null,null,null,null,null,null,null,null,null,null,null,null,null,null,null,null,null,null,null,null,null,null,null,null,"➀条件確定時期（実施）",null,null,null,null,null,null,null,null,{"$f":"NETWORKDAYS('業務スケジュール管理表（ver.2.0.0）'!X1,'業務スケジュール管理表（ver.2.0.0）'!H109,休日設定!$B$5:$B$342)","v":-31314},null,"日"]
[null,null,null,"第5回打合せ（〇○について）",null,null,null,null,null,null,null,null,null,null,null,null,null,null,null,null,null,null,null,null,null,null,null,null,null,null,null,null,null,null,null,null,null,null,null,"②報告書取りまとめ時期（計画）",null,null,null,null,null,null,null,null,{"$f":"NETWORKDAYS('業務スケジュール管理表（ver.2.0.0）'!X1,'業務スケジュール管理表（ver.2.0.0）'!H274,休日設定!$B$5:$B$342)","v":-31314},null,"日"]
[null,"成果の納品等",null,null,null,null,null,null,null,null,null,null,null,null,null,null,null,null,null,null,null,null,null,null,null,null,null,null,null,null,null,null,null,null,null,null,null,null,null,"②報告書取りまとめ時期（実施）",null,null,null,null,null,null,null,null,{"$f":"NETWORKDAYS('業務スケジュール管理表（ver.2.0.0）'!X1,'業務スケジュール管理表（ver.2.0.0）'!H279,休日設定!$B$5:$B$342)","v":-31314},null,"日"]
[null,null,null,"業務報告書の納品",null,null,null,null,null,null,null,null,null,null,null,null,null,null,null,null,null,null,null,null,null,null,null,null,null,null,null,null,null,null,null,null,null,null,null,"③成果照査時期（計画）",null,null,null,null,null,null,null,null,{"$f":"NETWORKDAYS('業務スケジュール管理表（ver.2.0.0）'!X1,'業務スケジュール管理表（ver.2.0.0）'!H284,休日設定!$B$5:$B$342)","v":-31314},null,"日"]
[null,null,null,"業務スケジュール管理表の納品",null,null,null,null,null,null,null,null,null,null,null,null,null,null,null,null,null,null,null,null,null,null,null,null,null,null,null,null,null,null,null,null,null,null,null,"③成果照査時期（実施）",null,null,null,null,null,null,null,null,{"$f":"NETWORKDAYS('業務スケジュール管理表（ver.2.0.0）'!X1,'業務スケジュール管理表（ver.2.0.0）'!H289,休日設定!$B$5:$B$342)","v":-31314},null,"日"]
[null,null,null,null,null,null,null,null,null,null,null,null,null,null,null,null,null,null,null,null,null,null,null,null,null,null,null,null,null,null,null,null,null,null,null,null,null,null,null,"適宜設定",null,null,null,null,null,null,null,null,null,null,"日"]
[null,"その他",null,null,null,null,null,null,null,null,null,null,null,null,null,null,null,null,null,null,null,null,null,null,null,null,null,null,null,null,null,null,null,null,null,null,null,null,null,"適宜設定",null,null,null,null,null,null,null,null,null,null,"日"]
[]
[]
[]
[null,null,null,null,null,null,null,null,null,null,null,null,null,null,null,null,null,null,null,null,null,null,null,null,null,null,null,null,null,null,null,null,null,null,null,null,null,null,null,null,null,null,null,null,null,null,null,null,null,null,null,null,null,null,null,null,null,null,null,null,null,null,null,null,null,null,null,null,null,null,null,null,null,null,null,null,null,null,null,null,"2019.2.Ver"]

{"sheet":"(編集不可)教師データ","index":3,"n_rows":59,"n_cols":14,"rows_kept":59,"cut":false,"hidden":true,"merged":[[0,5,0,7],[1,1,2,1],[1,2,1,4],[1,5,1,7],[1,8,1,10],[1,11,1,13],[10,1,11,1],[10,2,10,4],[10,5,10,7],[10,8,10,10],[10,11,10,13],[19,1,20,1],[19,2,19,4],[19,5,19,7],[19,8,19,10],[19,11,19,13],[28,1,29,1],[28,2,28,4],[28,5,28,7],[28,8,28,10],[28,11,28,13],[37,1,38,1],[37,2,37,4],[37,5,37,7],[37,8,37,10],[37,11,37,13],[46,1,47,1],[46,2,46,4],[46,5,46,7],[46,8,46,10],[46,11,46,13]]}
[null,"【履行期間：ハイライト教師データ】",null,null,null,"使用しない"]
[null,"1,000万未満","➀条件確定まで",null,null,"②報告書作成期間",null,null,"③報告書作成とりまとめ",null,null,"履行期間（照査完了・納品）"]
[null,null,"平均","範囲帯（下限）","範囲帯（上限）","平均","範囲帯（下限）","範囲帯（上限）","平均","範囲帯（下限）","範囲帯（上限）","平均","範囲帯（下限）","範囲帯（上限）"]
["リスト⇒","道路橋設計（詳細設計）",83.727823825000002,68.504901849999996,98.950745799999993,{"$f":"AVERAGE(G4:H4)","v":60.859907425000003},41.196386650000001,80.523428199999998,{"$f":"AVERAGE(J4:K4)","v":11},3.2499257300000002,18.750074269999999,179.46624307499999,152.63691165,206.29557449999999]
["リスト⇒","道路設計（詳細設計）",79,59.0492542,98.950745799999993,79.573041425,68.622654650000001,90.523428199999998,9,1.9389973650000001,16.061002635000001,187.29210497499997,168.28863544999999,206.29557449999999]
["リスト⇒","トンネル設計（詳細設計）",82.199806699999996,65.4488676,98.950745799999993,58.093804675000001,45.664181149999997,70.523428199999998,9.8067025425000001,3.5524024500000002,16.061002635000001,171.58415044999998,146.8727264,206.29557449999999]
["リスト⇒","河川構造物設計（詳細設計）",89.207426749999996,79.4641077,98.950745799999993,49.155503374999995,42.787578549999999,55.523428199999998,9,1.9389973650000001,16.061002635000001,172.51025932499999,138.72494415,206.29557449999999]
["リスト⇒","砂防構造物設計（詳細設計）",88.246392474999993,77.542039149999994,98.950745799999993,63.518580700000001,46.513733199999997,80.523428199999998,9.6554641825000012,3.2499257300000002,16.061002635000001,185.34614964999997,164.39672479999999,206.29557449999999]
["リスト⇒","その他設計（詳細設計）",80.973272474999987,62.995799149999996,98.950745799999993,70.382064825,50.240701450000003,90.523428199999998,9,1.9389973650000001,16.061002635000001,190.80083837500001,175.30610225000001,206.29557449999999]
["リスト⇒","その他業務"]
[null,"1,000万～2,000万","➀条件確定まで",null,null,"②報告書作成期間",null,null,"③報告書作成とりまとめ",null,null,"履行期間（照査完了・納品）"]
[null,null,"平均","範囲帯（下限）","範囲帯（上限）","平均","範囲帯（下限）","範囲帯（上限）","平均","範囲帯（下限）","範囲帯（上限）","平均","範囲帯（下限）","範囲帯（上限）"]
[null,"道路橋設計（詳細設計）",94.357632225000003,68.504901849999996,120.2103626,{"$f":"AVERAGE(G13:H13)","v":104.690476825},81.196386649999994,128.18456700000002,{"$f":"AVERAGE(J13:K13)","v":11.063734974999999},6.3842286999999995,15.743241250000001,216.76049649999999,202.63691165,230.88408135]
[null,"道路設計（詳細設計）",92,63.789637400000004,120.2103626,113.40361082500002,98.622654650000001,128.18456700000002,9,2.2567587499999999,15.743241250000001,224.58635839999999,218.28863545000002,230.88408135]
[null,"トンネル設計（詳細設計）",88,65.4488676,110.5511324,94.075625924999997,71.815432999999999,116.33581885,11.14782185,5.5524024499999998,16.743241250000001,207,186.8727264,227.1272736]
[null,"河川構造物設計（詳細設計）",99.837235149999998,79.4641077,120.2103626,97.986072774999997,77.787578550000006,118.184567,7.5,2.2567587499999999,12.743241250000001,214.80451275000001,198.72494415,230.88408135]
[null,"砂防構造物設計（詳細設計）",98.876200874999995,77.542039149999994,120.2103626,90,71.815432999999999,108.184567,9.5,3.2499257300000002,15.750074270000001,212.64040307499999,194.39672480000002,230.88408135]
[null,"その他設計（詳細設計）",90.396919125000011,63.789637400000004,117.00420085,85.5,66.815432999999999,104.184567,9.5056751249999998,3.2681089999999999,15.743241250000001,205,179.11591865,230.88408135]
[]
[null,"2,000万～3,000万","➀条件確定まで",null,null,"②報告書作成期間",null,null,"③報告書作成とりまとめ",null,null,"履行期間（照査完了・納品）"]
[null,null,"平均","範囲帯（下限）","範囲帯（上限）","平均","範囲帯（下限）","範囲帯（上限）","平均","範囲帯（下限）","範囲帯（上限）","平均","範囲帯（下限）","範囲帯（上限）"]
[null,"道路橋設計（詳細設計）",96,68.504901849999996,123.49509815,{"$f":"AVERAGE(G22:H22)","v":101.43119315},84.058772949999991,118.80361335000001,13.422799600000001,6.3842286999999995,20.461370500000001,{"$f":"AVERAGE(M22:N22)","v":230},202.63691165,257.36308835]
[null,"道路設計（詳細設計）",97.706197075000006,67.354521599999998,128.05787255000001,121.28194085000001,98.622654650000001,143.94122705000001,10,0,20.461370500000001,242.21520270000002,218.28863545000002,266.14176995000003]
[null,"トンネル設計（詳細設計）",88.952826999999999,67.354521599999998,110.5511324,100.1972959,74.058772950000005,126.33581885,14.506886475000002,8.5524024500000007,20.461370500000001,214.492751825,201.85823005,227.1272736]
[null,"河川構造物設計（詳細設計）",104.05479305,79.4641077,128.6454784,99.135597200000007,74.058772950000005,124.21242144999999,9,0.20345625000000034,17.796543749999998,243.56664295000002,221.85823005,265.27505585]
[null,"砂防構造物設計（詳細設計）",103.093758775,77.542039149999994,128.6454784,101.272519875,69.058772950000005,133.48626680000001,6,3.2499257300000002,13.750074270000001,227.73075262500001,211.85823005,243.60327520000001]
[null,"その他設計（詳細設計）",92.179361225000008,67.354521599999998,117.00420085,106.90903575,84.058772949999991,129.75929855000001,10,1.2681090000000008,18.731890999999997,218.2760639,201.85823005,234.69389774999999]
[]
[null,"3,000万～4,000万","➀条件確定まで",null,null,"②報告書作成期間",null,null,"③報告書作成とりまとめ",null,null,"履行期間（照査完了・納品）"]
[null,null,"平均","範囲帯（下限）","範囲帯（上限）","平均","範囲帯（下限）","範囲帯（上限）","平均","範囲帯（下限）","範囲帯（上限）","平均","範囲帯（下限）","範囲帯（上限）"]
[null,"道路橋設計（詳細設計）",96,68.504901849999996,123.49509815,{"$f":"AVERAGE(G31:H31)","v":115.9920565},93.180499650000002,138.80361335000001,{"$f":"AVERAGE(J31:K31)","v":17},6.3842286999999995,27.615771299999999,{"$f":"AVERAGE(M31:N31)","v":241.3604995},225.35791065000001,257.36308835]
[null,"道路設計（詳細設計）",97.873080900000005,67.688289249999997,128.05787255000001,125.72107750000001,94.622654650000001,156.81950035,15.323335525000001,2,28.646671050000002,251,225.35791065000001,276.64208934999999]
[null,"トンネル設計（詳細設計）",89.119710824999999,67.688289249999997,110.5511324,109.75815925000001,93.180499650000002,126.33581885,17,8.5524024500000007,25.447597549999998,233.74259212499999,225.35791065000001,242.1272736]
[null,"河川構造物設計（詳細設計）",108.887909225,79.4641077,138.31171075,113.69646055,93.180499650000002,134.21242144999999,9.9999999999999982,2.2034562499999999,17.796543749999998,245.31648325,225.35791065000001,265.27505585]
[null,"砂防構造物設計（詳細設計）",104,77.542039149999994,130.45796085000001,113.33338322500001,93.180499650000002,133.48626680000001,8,3.2499257300000002,12.750074270000001,236.480592925,225.35791065000001,247.60327520000001]
[null,"その他設計（詳細設計）",92.346245049999993,67.688289249999997,117.00420085,111.46989910000001,93.180499650000002,129.75929855000001,10.499999999999998,2.2681089999999999,18.731890999999997,230.02590420000001,225.35791065000001,234.69389774999999]
[]
[null,"4,000万～5,000万","➀条件確定まで",null,null,"②報告書作成期間",null,null,"③報告書作成とりまとめ",null,null,"履行期間（照査完了・納品）"]
[null,null,"平均","範囲帯（下限）","範囲帯（上限）","平均","範囲帯（下限）","範囲帯（上限）","平均","範囲帯（下限）","範囲帯（上限）","平均","範囲帯（下限）","範囲帯（上限）"]
[null,"道路橋設計（詳細設計）",96,68.504901849999996,123.49509815,{"$f":"AVERAGE(G40:H40)","v":114.97638375},91.149154150000001,138.80361335000001,17,6.3842286999999995,27.615771299999999,238.94938865,220.53568895000001,257.36308835]
[null,"道路設計（詳細設計）",92,59.338975949999998,124.66102405000001,122.23675025,88.622654650000001,155.85084585000001,15.110070125,1.5734691999999999,28.646671050000002,243,220.53568895000001,265.46431104999999]
[null,"トンネル設計（詳細設計）",88,65.4488676,110.5511324,108.7424865,91.149154150000001,126.33581885,17,8.5524024500000007,25.447597549999998,223.83148127499999,220.53568895000001,237.1272736]
[null,"河川構造物設計（詳細設計）",102.062565875,79.4641077,124.66102405000001,112.68078779999999,91.149154150000001,134.21242144999999,9.685006474999998,1.5734691999999999,17.796543749999998,242.9053724,220.53568895000001,265.27505585]
[null,"砂防構造物設計（詳細設計）",101.1015316,77.542039149999994,124.66102405000001,112.31771047500001,91.149154150000001,133.48626680000001,6,3.2499257300000002,13.750074270000001,227.069482075,220.53568895000001,243.60327520000001]
[null,"その他設計（詳細設計）",90,62.995799149999996,117.00420085,110.45422635,91.149154150000001,129.75929855000001,10.152680099999998,1.5734691999999999,18.731890999999997,227.61479335000001,220.53568895000001,234.69389774999999]
[]
[null,"5,000万以上","➀条件確定まで",null,null,"②報告書作成期間",null,null,"③報告書作成とりまとめ",null,null,"履行期間（照査完了・納品）"]
[null,null,"平均","範囲帯（下限）","範囲帯（上限）","平均","範囲帯（下限）","範囲帯（上限）","平均","範囲帯（下限）","範囲帯（上限）","平均","範囲帯（下限）","範囲帯（上限）"]
[null,"道路橋設計（詳細設計）",104.39645362499999,85.297809099999995,123.49509815,{"$f":"AVERAGE(G49:H49)","v":114.21362245},89.623631549999999,138.80361335000001,16,8.0551510999999998,23.9448489,246.24928729999999,235.13548624999999,257.36308835]
[null,"道路設計（詳細設計）",106.677840825,85.297809099999995,128.05787255000001,121.99951154999999,93.622654650000001,150.37636845,16,8.0551510999999998,23.9448489,257.42342539999999,235.13548624999999,279.71136454999998]
[null,"トンネル設計（詳細設計）",97.924470749999998,85.297809099999995,110.5511324,107.97972519999999,89.623631549999999,126.33581885,16.248625675,8.5524024500000007,23.9448489,246.13137992499998,227.1272736,265.13548624999999]
[null,"河川構造物設計（詳細設計）",115.9168507,85.297809099999995,146.5358923,111.9180265,89.623631549999999,134.21242144999999,12.925847424999999,8.0551510999999998,17.796543749999998,250.20527104999999,235.13548624999999,265.27505585]
[null,"砂防構造物設計（詳細設計）",107.877884975,85.297809099999995,130.45796085000001,107.054949175,83.623631549999999,130.48626680000001,8.4026126849999994,6.0551510999999998,14.750074270000001,231.86938072500001,220.13548625000001,243.60327520000001]
[null,"その他設計（詳細設計）",101.15100497500001,85.297809099999995,117.00420085,109.69146505000001,89.623631549999999,129.75929855000001,13.393521049999999,8.0551510999999998,18.731890999999997,234.914692,225.13548625000001,244.69389774999999]
[]
[null,1,2,3,4,5,6,7,8,9,10,11,12,13]
[null,null,"平均","範囲帯（下限）","範囲帯（上限）","平均","範囲帯（下限）","範囲帯（上限）","平均","範囲帯（下限）","範囲帯（上限）","平均","範囲帯（下限）","範囲帯（上限）"]
[null,null,{"$f":"AVERAGE(D58:E58)","v":{"$error":"#N/A"}},{"$f":"IF('業務スケジュール管理表（ver.2.0.0）'!$X$5=\"手動\",\"\",IF('業務スケジュール管理表（ver.2.0.0）'!$G$4<10000000,VLOOKUP('業務スケジュール管理表（ver.2.0.0）'!$G$5,$B$4:$N$9,D$56,FALSE),IF(AND('業務スケジュール管理表（ver.2.0.0）'!$G$4>=10000000,'業務スケジュール管理表（ver.2.0.0）'!$G$4<20000000),VLOOKUP('業務スケジュール管理表（ver.2.0.0）'!$G$5,$B$13:$N$18,D$56,FALSE),IF(AND('業務スケジュール管理表（ver.2.0.0）'!$G$4>=20000000,'業務スケジュール管理表（ver.2.0.0）'!$G$4<30000000),VLOOKUP('業務スケジュール管理表（ver.2.0.0）'!$G$5,$B$22:$N$27,D$56,FALSE),IF(AND('業務スケジュール管理表（ver.2.0.0）'!$G$4>=30000000,'業務スケジュール管理表（ver.2.0.0）'!$G$4<40000000),VLOOKUP('業務スケジュール管理表（ver.2.0.0）'!$G$5,$B$31:$N$36,D$56,FALSE),IF(AND('業務スケジュール管理表（ver.2.0.0）'!$G$4>=40000000,'業務スケジュール管理表（ver.2.0.0）'!$G$4<50000000),VLOOKUP('業務スケジュール管理表（ver.2.0.0）'!$G$5,$B$40:$N$45,D$56,FALSE),IF('業務スケジュール管理表（ver.2.0.0）'!$G$4>50000000,VLOOKUP('業務スケジュール管理表（ver.2.0.0）'!$G$5,$B$49:$N$54,D$56,FALSE),\"\")))))))","v":{"$error":"#N/A"}},{"$f":"IF('業務スケジュール管理表（ver.2.0.0）'!$X$5=\"手動\",\"\",IF('業務スケジュール管理表（ver.2.0.0）'!$G$4<10000000,VLOOKUP('業務スケジュール管理表（ver.2.0.0）'!$G$5,$B$4:$N$9,E$56,FALSE),IF(AND('業務スケジュール管理表（ver.2.0.0）'!$G$4>=10000000,'業務スケジュール管理表（ver.2.0.0）'!$G$4<20000000),VLOOKUP('業務スケジュール管理表（ver.2.0.0）'!$G$5,$B$13:$N$18,E$56,FALSE),IF(AND('業務スケジュール管理表（ver.2.0.0）'!$G$4>=20000000,'業務スケジュール管理表（ver.2.0.0）'!$G$4<30000000),VLOOKUP('業務スケジュール管理表（ver.2.0.0）'!$G$5,$B$22:$N$27,E$56,FALSE),IF(AND('業務スケジュール管理表（ver.2.0.0）'!$G$4>=30000000,'業務スケジュール管理表（ver.2.0.0）'!$G$4<40000000),VLOOKUP('業務スケジュール管理表（ver.2.0.0）'!$G$5,$B$31:$N$36,E$56,FALSE),IF(AND('業務スケジュール管理表（ver.2.0.0）'!$G$4>=40000000,'業務スケジュール管理表（ver.2.0.0）'!$G$4<50000000),VLOOKUP('業務スケジュール管理表（ver.2.0.0）'!$G$5,$B$40:$N$45,E$56,FALSE),IF('業務スケジュール管理表（ver.2.0.0）'!$G$4>50000000,VLOOKUP('業務スケジュール管理表（ver.2.0.0）'!$G$5,$B$49:$N$54,E$56,FALSE),\"\")))))))","v":{"$error":"#N/A"}},{"$f":"AVERAGE(G58:H58)","v":{"$error":"#N/A"}},{"$f":"C$58+G59","v":{"$error":"#N/A"}},{"$f":"C$58+H59","v":{"$error":"#N/A"}},{"$f":"AVERAGE(J58:K58)","v":{"$error":"#N/A"}},{"$f":"F$58+J59","v":{"$error":"#N/A"}},{"$f":"F$58+K59","v":{"$error":"#N/A"}},{"$f":"AVERAGE(M58:N58)","v":{"$error":"#N/A"}},{"$f":"IF('業務スケジュール管理表（ver.2.0.0）'!$X$5=\"手動\",\"\",IF('業務スケジュール管理表（ver.2.0.0）'!$G$4<10000000,VLOOKUP('業務スケジュール管理表（ver.2.0.0）'!$G$5,$B$4:$N$9,M$56,FALSE),IF(AND('業務スケジュール管理表（ver.2.0.0）'!$G$4>=10000000,'業務スケジュール管理表（ver.2.0.0）'!$G$4<20000000),VLOOKUP('業務スケジュール管理表（ver.2.0.0）'!$G$5,$B$13:$N$18,M$56,FALSE),IF(AND('業務スケジュール管理表（ver.2.0.0）'!$G$4>=20000000,'業務スケジュール管理表（ver.2.0.0）'!$G$4<30000000),VLOOKUP('業務スケジュール管理表（ver.2.0.0）'!$G$5,$B$22:$N$27,M$56,FALSE),IF(AND('業務スケジュール管理表（ver.2.0.0）'!$G$4>=30000000,'業務スケジュール管理表（ver.2.0.0）'!$G$4<40000000),VLOOKUP('業務スケジュール管理表（ver.2.0.0）'!$G$5,$B$31:$N$36,M$56,FALSE),IF(AND('業務スケジュール管理表（ver.2.0.0）'!$G$4>=40000000,'業務スケジュール管理表（ver.2.0.0）'!$G$4<50000000),VLOOKUP('業務スケジュール管理表（ver.2.0.0）'!$G$5,$B$40:$N$45,M$56,FALSE),IF('業務スケジュール管理表（ver.2.0.0）'!$G$4>50000000,VLOOKUP('業務スケジュール管理表（ver.2.0.0）'!$G$5,$B$49:$N$54,M$56,FALSE),\"\")))))))","v":{"$error":"#N/A"}},{"$f":"IF('業務スケジュール管理表（ver.2.0.0）'!$X$5=\"手動\",\"\",IF('業務スケジュール管理表（ver.2.0.0）'!$G$4<10000000,VLOOKUP('業務スケジュール管理表（ver.2.0.0）'!$G$5,$B$4:$N$9,N$56,FALSE),IF(AND('業務スケジュール管理表（ver.2.0.0）'!$G$4>=10000000,'業務スケジュール管理表（ver.2.0.0）'!$G$4<20000000),VLOOKUP('業務スケジュール管理表（ver.2.0.0）'!$G$5,$B$13:$N$18,N$56,FALSE),IF(AND('業務スケジュール管理表（ver.2.0.0）'!$G$4>=20000000,'業務スケジュール管理表（ver.2.0.0）'!$G$4<30000000),VLOOKUP('業務スケジュール管理表（ver.2.0.0）'!$G$5,$B$22:$N$27,N$56,FALSE),IF(AND('業務スケジュール管理表（ver.2.0.0）'!$G$4>=30000000,'業務スケジュール管理表（ver.2.0.0）'!$G$4<40000000),VLOOKUP('業務スケジュール管理表（ver.2.0.0）'!$G$5,$B$31:$N$36,N$56,FALSE),IF(AND('業務スケジュール管理表（ver.2.0.0）'!$G$4>=40000000,'業務スケジュール管理表（ver.2.0.0）'!$G$4<50000000),VLOOKUP('業務スケジュール管理表（ver.2.0.0）'!$G$5,$B$40:$N$45,N$56,FALSE),IF('業務スケジュール管理表（ver.2.0.0）'!$G$4>50000000,VLOOKUP('業務スケジュール管理表（ver.2.0.0）'!$G$5,$B$49:$N$54,N$56,FALSE),\"\")))))))","v":{"$error":"#N/A"}}]
[null,null,null,null,null,null,{"$f":"IF('業務スケジュール管理表（ver.2.0.0）'!$X$5=\"手動\",\"\",IF('業務スケジュール管理表（ver.2.0.0）'!$G$4<10000000,VLOOKUP('業務スケジュール管理表（ver.2.0.0）'!$G$5,$B$4:$N$9,G$56,FALSE),IF(AND('業務スケジュール管理表（ver.2.0.0）'!$G$4>=10000000,'業務スケジュール管理表（ver.2.0.0）'!$G$4<20000000),VLOOKUP('業務スケジュール管理表（ver.2.0.0）'!$G$5,$B$13:$N$18,G$56,FALSE),IF(AND('業務スケジュール管理表（ver.2.0.0）'!$G$4>=20000000,'業務スケジュール管理表（ver.2.0.0）'!$G$4<30000000),VLOOKUP('業務スケジュール管理表（ver.2.0.0）'!$G$5,$B$22:$N$27,G$56,FALSE),IF(AND('業務スケジュール管理表（ver.2.0.0）'!$G$4>=30000000,'業務スケジュール管理表（ver.2.0.0）'!$G$4<40000000),VLOOKUP('業務スケジュール管理表（ver.2.0.0）'!$G$5,$B$31:$N$36,G$56,FALSE),IF(AND('業務スケジュール管理表（ver.2.0.0）'!$G$4>=40000000,'業務スケジュール管理表（ver.2.0.0）'!$G$4<50000000),VLOOKUP('業務スケジュール管理表（ver.2.0.0）'!$G$5,$B$40:$N$45,G$56,FALSE),IF('業務スケジュール管理表（ver.2.0.0）'!$G$4>50000000,VLOOKUP('業務スケジュール管理表（ver.2.0.0）'!$G$5,$B$49:$N$54,G$56,FALSE),\"\")))))))","v":{"$error":"#N/A"}},{"$f":"IF('業務スケジュール管理表（ver.2.0.0）'!$X$5=\"手動\",\"\",IF('業務スケジュール管理表（ver.2.0.0）'!$G$4<10000000,VLOOKUP('業務スケジュール管理表（ver.2.0.0）'!$G$5,$B$4:$N$9,H$56,FALSE),IF(AND('業務スケジュール管理表（ver.2.0.0）'!$G$4>=10000000,'業務スケジュール管理表（ver.2.0.0）'!$G$4<20000000),VLOOKUP('業務スケジュール管理表（ver.2.0.0）'!$G$5,$B$13:$N$18,H$56,FALSE),IF(AND('業務スケジュール管理表（ver.2.0.0）'!$G$4>=20000000,'業務スケジュール管理表（ver.2.0.0）'!$G$4<30000000),VLOOKUP('業務スケジュール管理表（ver.2.0.0）'!$G$5,$B$22:$N$27,H$56,FALSE),IF(AND('業務スケジュール管理表（ver.2.0.0）'!$G$4>=30000000,'業務スケジュール管理表（ver.2.0.0）'!$G$4<40000000),VLOOKUP('業務スケジュール管理表（ver.2.0.0）'!$G$5,$B$31:$N$36,H$56,FALSE),IF(AND('業務スケジュール管理表（ver.2.0.0）'!$G$4>=40000000,'業務スケジュール管理表（ver.2.0.0）'!$G$4<50000000),VLOOKUP('業務スケジュール管理表（ver.2.0.0）'!$G$5,$B$40:$N$45,H$56,FALSE),IF('業務スケジュール管理表（ver.2.0.0）'!$G$4>50000000,VLOOKUP('業務スケジュール管理表（ver.2.0.0）'!$G$5,$B$49:$N$54,H$56,FALSE),\"\")))))))","v":{"$error":"#N/A"}},null,{"$f":"IF('業務スケジュール管理表（ver.2.0.0）'!$X$5=\"手動\",\"\",IF('業務スケジュール管理表（ver.2.0.0）'!$G$4<10000000,VLOOKUP('業務スケジュール管理表（ver.2.0.0）'!$G$5,$B$4:$N$9,J$56,FALSE),IF(AND('業務スケジュール管理表（ver.2.0.0）'!$G$4>=10000000,'業務スケジュール管理表（ver.2.0.0）'!$G$4<20000000),VLOOKUP('業務スケジュール管理表（ver.2.0.0）'!$G$5,$B$13:$N$18,J$56,FALSE),IF(AND('業務スケジュール管理表（ver.2.0.0）'!$G$4>=20000000,'業務スケジュール管理表（ver.2.0.0）'!$G$4<30000000),VLOOKUP('業務スケジュール管理表（ver.2.0.0）'!$G$5,$B$22:$N$27,J$56,FALSE),IF(AND('業務スケジュール管理表（ver.2.0.0）'!$G$4>=30000000,'業務スケジュール管理表（ver.2.0.0）'!$G$4<40000000),VLOOKUP('業務スケジュール管理表（ver.2.0.0）'!$G$5,$B$31:$N$36,J$56,FALSE),IF(AND('業務スケジュール管理表（ver.2.0.0）'!$G$4>=40000000,'業務スケジュール管理表（ver.2.0.0）'!$G$4<50000000),VLOOKUP('業務スケジュール管理表（ver.2.0.0）'!$G$5,$B$40:$N$45,J$56,FALSE),IF('業務スケジュール管理表（ver.2.0.0）'!$G$4>50000000,VLOOKUP('業務スケジュール管理表（ver.2.0.0）'!$G$5,$B$49:$N$54,J$56,FALSE),\"\")))))))","v":{"$error":"#N/A"}},{"$f":"IF('業務スケジュール管理表（ver.2.0.0）'!$X$5=\"手動\",\"\",IF('業務スケジュール管理表（ver.2.0.0）'!$G$4<10000000,VLOOKUP('業務スケジュール管理表（ver.2.0.0）'!$G$5,$B$4:$N$9,K$56,FALSE),IF(AND('業務スケジュール管理表（ver.2.0.0）'!$G$4>=10000000,'業務スケジュール管理表（ver.2.0.0）'!$G$4<20000000),VLOOKUP('業務スケジュール管理表（ver.2.0.0）'!$G$5,$B$13:$N$18,K$56,FALSE),IF(AND('業務スケジュール管理表（ver.2.0.0）'!$G$4>=20000000,'業務スケジュール管理表（ver.2.0.0）'!$G$4<30000000),VLOOKUP('業務スケジュール管理表（ver.2.0.0）'!$G$5,$B$22:$N$27,K$56,FALSE),IF(AND('業務スケジュール管理表（ver.2.0.0）'!$G$4>=30000000,'業務スケジュール管理表（ver.2.0.0）'!$G$4<40000000),VLOOKUP('業務スケジュール管理表（ver.2.0.0）'!$G$5,$B$31:$N$36,K$56,FALSE),IF(AND('業務スケジュール管理表（ver.2.0.0）'!$G$4>=40000000,'業務スケジュール管理表（ver.2.0.0）'!$G$4<50000000),VLOOKUP('業務スケジュール管理表（ver.2.0.0）'!$G$5,$B$40:$N$45,K$56,FALSE),IF('業務スケジュール管理表（ver.2.0.0）'!$G$4>50000000,VLOOKUP('業務スケジュール管理表（ver.2.0.0）'!$G$5,$B$49:$N$54,K$56,FALSE),\"\")))))))","v":{"$error":"#N/A"}}]

{"sheet":"List","index":4,"n_rows":38,"n_cols":16,"rows_kept":38,"cut":false,"hidden":true,"merged":[[0,3,0,4],[0,1,0,2]]}
["区分","大項目",null,"小項目",null,null,{"$f":"VLOOKUP('業務スケジュール管理表（ver.2.0.0）'!G5,G4:H10,2,FALSE)","v":{"$error":"#N/A"}},null,null,"道路橋設計","道路設計","トンネル設計","河川構造物設計","砂防構造物設計","その他設計","その他業務"]
[null,"項目名","レベル","項目名","レベル",null,null,null,null,"ｺﾝｸﾘｰﾄ上部工","道路詳細設計（Ａ）予備設計あり","本体工","樋門","砂防堰堤"]
["道路橋設計（詳細設計）","ｺﾝｸﾘｰﾄ上部工",3,null,null,null,"工種","工種（入力規則用）",null,"鋼橋上部工","道路詳細設計（Ｂ）予備設計なし","坑門工","河川排水機場","流木対策工"]
[null,"鋼橋上部工",3,null,null,null,"道路橋設計（詳細設計）","道路橋設計",null,"橋台工",null,"防水工","護岸","渓流保全工"]
[null,"橋台工",3,null,null,null,"道路設計（詳細設計）","道路設計",null,"橋脚工",null,"排水工"]
[null,"橋脚工",3,null,null,null,"トンネル設計（詳細設計）","トンネル設計",null,"橋台基礎工",null,"舗装工"]
[null,"橋台基礎工",3,null,null,null,"河川構造物設計（詳細設計）","河川構造物設計",null,"橋脚基礎工",null,"非常用施設"]
[null,"橋脚基礎工",3,null,null,null,"砂防構造物設計（詳細設計）","砂防構造物設計",null,"架設計画",null,"施工計画・仮設備計画"]
[null,"架設計画",3,null,null,null,"その他設計（詳細設計）","その他設計",null,null,null,"換気検討"]
[null,null,null,null,null,null,"その他業務","その他業務"]
["道路設計（詳細設計）","道路詳細設計（Ａ）予備設計あり",4,"設計計画及び施工計画","-"]
[null,null,null,"現地踏査","-"]
[null,null,null,"平面縦断設計","-"]
[null,null,null,"横断設計","-"]
[null,null,null,"道路付帯構造物・小構造物設計","-"]
[null,null,null,"仮設構造物・用排水設計","-"]
[null,"道路詳細設計（Ｂ）予備設計なし",4,"設計計画及び施工計画","-"]
[null,null,null,"現地踏査","-"]
[null,null,null,"平面縦断設計","-"]
[null,null,null,"横断設計","-"]
[null,null,null,"道路付帯構造物・小構造物設計","-"]
[null,null,null,"仮設構造物・用排水設計","-"]
["トンネル設計（詳細設計）","本体工","-"]
[null,"坑門工","-"]
[null,"防水工","-"]
[null,"排水工","-"]
[null,"舗装工","-"]
[null,"非常用施設","-"]
[null,"施工計画・仮設備計画","-"]
[null,"換気検討","-"]
["河川構造物設計（詳細設計）","樋門",3]
[null,"河川排水機場",3]
[null,"護岸",3]
["砂防構造物設計（詳細設計）","砂防堰堤",4]
[null,"流木対策工",4]
[null,"渓流保全工",4]
["その他設計（詳細設計）"]
["その他業務"]